derradiustopright,level1itemborderradiusbottomright,level1itemborderradiusbottomleft,level1itemborderradiustopleft,level1itemborderradius,level1itemborderradiusunit,level1itemalignement,level1itemalignement,level1itemalignement,level1itemalignement,level1itemfontbold,level1itemfontitalic,level1itemfontunderline,level1itemfontuppercase,level1itemcolor,level1itemfontsize,level1itemfontunit,level1itemfontfamily,level1itemwordspacing,level1itemletterspacing,level1itemlineheight,level1itemtextindent,level1itembackgroundimageurl,level1itembackgroundimageleft,level1itembackgroundimagetop,level1itembackgroundimagerepeat,level1itembackgroundopacity,level1itembackgroundcolorstart,level1itembackgroundpositionstop1,level1itembackgroundcolorstop1,level1itembackgroundpositionstop2,level1itembackgroundcolorstop2,level1itembackgroundpositionend,level1itembackgroundcolorend,level1itembackgrounddirection,level1itemshadowcolor,level1itemshadowblur,level1itemshadowspread,level1itemshadowoffseth,level1itemshadowoffsetv,level1itemcustom,level1itemhovermargintop,level1itemhovermarginright,level1itemhovermarginbottom,level1itemhovermarginleft,level1itemhovermargins,level1itemhoverpaddingtop,level1itemhoverpaddingright,level1itemhoverpaddingbottom,level1itemhoverpaddingleft,level1itemhoverpaddings,level1itemhoverheight,level1itemhoverbordertopcolor,level1itemhoverbordertopsize,level1itemhoverbordertopstyle,level1itemhoverborderrightcolor,level1itemhoverborderrightsize,level1itemhoverborderrightstyle,level1itemhoverborderbottomcolor,level1itemhoverborderbottomsize,level1itemhoverborderbottomstyle,level1itemhoverborderleftcolor,level1itemhoverborderleftsize,level1itemhoverborderleftstyle,level1itemhoverborderscolor,level1itemhoverborderssize,level1itemhoverbordersunit,level1itemhoverbordersstyle,level1itemhoverborderradiustopright,level1itemhoverborderradiusbottomright,level1itemhoverborderradiusbottomleft,level1itemhoverborderradiustopleft,level1itemhoverborderradius,level1itemhoverborderradiusunit,level1itemhoveralignement,level1itemhoveralignement,level1itemhoveralignement,level1itemhoveralignement,level1itemhoverfontbold,level1itemhoverfontitalic,level1itemhoverfontunderline,level1itemhoverfontuppercase,level1itemhovercolor,level1itemhoverfontsize,level1itemhoverfontunit,level1itemhoverfontfamily,level1itemhoverwordspacing,level1itemhoverletterspacing,level1itemhoverlineheight,level1itemhovertextindent,level1itemhoverbackgroundimageurl,level1itemhoverbackgroundimageleft,level1itemhoverbackgroundimagetop,level1itemhoverbackgroundimagerepeat,level1itemhoverbackgroundopacity,level1itemhoverbackgroundcolorstart,level1itemhoverbackgroundpositionstop1,level1itemhoverbackgroundcolorstop1,level1itemhoverbackgroundpositionstop2,level1itemhoverbackgroundcolorstop2,level1itemhoverbackgroundpositionend,level1itemhoverbackgroundcolorend,level1itemhoverbackgrounddirection,level1itemhovershadowcolor,level1itemhovershadowblur,level1itemhovershadowspread,level1itemhovershadowoffseth,level1itemhovershadowoffsetv,level1itemhovercustom,level1itemactivemargintop,level1itemactivemarginright,level1itemactivemarginbottom,level1itemactivemarginleft,level1itemactivemargins,level1itemactivepaddingtop,level1itemactivepaddingright,level1itemactivepaddingbottom,level1itemactivepaddingleft,level1itemactivepaddings,level1itemactiveheight,level1itemactivebordertopcolor,level1itemactivebordertopsize,level1itemactivebordertopstyle,level1itemactiveborderrightcolor,level1itemactiveborderrightsize,level1itemactiveborderrightstyle,level1itemactiveborderbottomcolor,level1itemactiveborderbottomsize,level1itemactiveborderbottomstyle,level1itemactiveborderleftcolor,level1itemactiveborderleftsize,level1itemactiveborderleftstyle,level1itemactiveborderscolor,level1itemactiveborderssize,level1itemactivebordersunit,level1itemactivebordersstyle,level1itemactiveborderradiustopright,level1itemactiveborderradiusbottomright,level1itemactiveborderradiusbottomleft,level1itemactiveborderradiustopleft,level1itemactiveborderradius,level1itemactiveborderradiusunit,level1itemactivealignement,level1itemactivealignement,level1itemactivealignement,level1itemactivealignement,level1itemactivefontbold,level1itemactivefontitalic,level1itemactivefontunderline,level1itemactivefontuppercase,level1itemactivecolor,level1itemactivefontsize,level1itemactivefontunit,level1itemactivefontfamily,level1itemactivewordspacing,level1itemactiveletterspacing,level1itemactivelineheight,level1itemactivetextindent,level1itemactivebackgroundimageurl,level1itemactivebackgroundimageleft,level1itemactivebackgroundimagetop,level1itemactivebackgroundimagerepeat,level1itemactivebackgroundopacity,level1itemactivebackgroundcolorstart,level1itemactivebackgroundpositionstop1,level1itemactivebackgroundcolorstop1,level1itemactivebackgroundpositionstop2,level1itemactivebackgroundcolorstop2,level1itemactivebackgroundpositionend,level1itemactivebackgroundcolorend,level1itemactivebackgrounddirection,level1itemactiveshadowcolor,level1itemactiveshadowblur,level1itemactiveshadowspread,level1itemactiveshadowoffseth,level1itemactiveshadowoffsetv,level1itemactivecustom,level2bgmargintop,level2bgmarginright,level2bgmarginbottom,level2bgmarginleft,level2bgmargins,level2bgpaddingtop,level2bgpaddingright,level2bgpaddingbottom,level2bgpaddingleft,level2bgpaddings,level2bgwidth,level2bgbordertopcolor,level2bgbordertopsize,level2bgbordertopstyle,level2bgborderrightcolor,level2bgborderrightsize,level2bgborderrightstyle,level2bgborderbottomcolor,level2bgborderbottomsize,level2bgborderbottomstyle,level2bgborderleftcolor,level2bgborderleftsize,level2bgborderleftstyle,level2bgborderscolor,level2bgborderssize,level2bgbordersunit,level2bgbordersstyle,level2bgborderradiustopright,level2bgborderradiusbottomright,level2bgborderradiusbottomleft,level2bgborderradiustopleft,level2bgborderradius,level2bgborderradiusunit,level2bgbackgroundimageurl,level2bgbackgroundimageleft,level2bgbackgroundimagetop,level2bgbackgroundimagerepeat,level2bgbackgroundopacity,level2bgbackgroundcolorstart,level2bgbackgroundpositionstop1,level2bgbackgroundcolorstop1,level2bgbackgroundpositionstop2,level2bgbackgroundcolorstop2,level2bgbackgroundpositionend,level2bgbackgroundcolorend,level2bgbackgrounddirection,level2bgshadowcolor,level2bgshadowblur,level2bgshadowspread,level2bgshadowoffseth,level2bgshadowoffsetv,level2bgcustom,username,password,remember\" blocbordertopsize=\"1\" blocbordertopcolor=\"#888888\" ckid=\"custom\" id=\"ID1325946500715\" class=\"custombloc ckbloc \"><div style=\"visibility: hidden; opacity: 0;\" class=\"ckfields\"><div class=\"controlDel isControl\"></div><div class=\"controlUp isControl\"></div><div class=\"controlDown isControl\"></div><div class=\"controlCss isControl\">CSS</div><label class=\"labelblock\">ID</label><input name=\"ckid\" size=\"8\" class=\"ckfield\" type=\"text\"><div style=\"clear: both;\"></div></div><div class=\"ckstyle\">\r\n\r\n<div id=\"system-message-container\">\r\n</div>\r\n		<style>\r\n#ID1325946500715 {\r\n	border-top: #888888 1px solid;\r\n	margin-top: 10px;\r\n	text-align: left;\r\n}\r\n\r\n#ID1325946500715 div.moduletable, #ID1325946500715 div.module,\r\n#ID1325946500715 div.moduletable_menu, #ID1325946500715 div.module_menu {\r\n	text-align: left;\r\n}\r\n\r\n#ID1325946500715 div.moduletable h3, #ID1325946500715 div.module h3,\r\n#ID1325946500715 div.moduletable_menu h3, #ID1325946500715 div.module_menu h3 {\r\n	text-align: left;\r\n}\r\n</style>\r\n	</div><div class=\"customcont\" style=\"height: 75px; background-color: rgb(239, 239, 239); border: 1px solid rgb(102, 102, 102); margin-left: 290px;\" contenteditable=\"true\">&lt;p style=\"text-align:center;\"&gt;This template has been created with Template Creator by Cédric KEIFLIN&lt;/p&gt;</div></div></div>\r\n\r\n</div>\r\n','','','','');

--
-- Table structure for table `m9qyl_templateck_fonts`
--

CREATE TABLE `m9qyl_templateck_fonts` (
  `id` int(11) NOT NULL auto_increment,
  `name` text NOT NULL,
  `styles` text NOT NULL,
  `fontfamilies` text NOT NULL,
  `published` int(11) NOT NULL default '1',
  PRIMARY KEY  (`id`)
) ENGINE=MyISAM DEFAULT CHARSET=utf8;

--
-- Dumping data for table `m9qyl_templateck_fonts`
--


--
-- Table structure for table `m9qyl_templateck_mobile`
--

CREATE TABLE `m9qyl_templateck_mobile` (
  `id` int(11) NOT NULL auto_increment,
  `resolution1` longtext NOT NULL,
  `resolution2` longtext NOT NULL,
  `resolution3` longtext NOT NULL,
  `resolution4` longtext NOT NULL,
  `templateid` int(11) NOT NULL,
  PRIMARY KEY  (`id`)
) ENGINE=MyISAM AUTO_INCREMENT=3 DEFAULT CHARSET=utf8;

--
-- Dumping data for table `m9qyl_templateck_mobile`
--

INSERT INTO `m9qyl_templateck_mobile` VALUES (1,'[{\"class\":\"mainbanner ckbloc \",\"ckid\":\"mainbanner\",\"ckmobile\":\"mobile_notaligned\"},{\"class\":\"horiznav ckbloc \",\"ckid\":\"nav\",\"ckmobile\":\"mobile_notaligned\"},{\"class\":\"singlemodule ckbloc \",\"ckid\":\"slideshow\",\"ckmobile\":\"\"},{\"class\":\"flexiblemodules ckbloc \",\"ckid\":\"modulestop\",\"ckmobile\":\"mobile_notaligned\"},{\"class\":\"maincontent ckbloc \",\"ckid\":\"main\",\"ckmobile\":\"mobile_notaligned\"},{\"class\":\"flexiblemodules ckbloc \",\"ckid\":\"modulesbottom\",\"ckmobile\":\"mobile_notaligned\"},{\"class\":\"singlemodule ckbloc \",\"ckid\":\"footer\",\"ckmobile\":\"\"}]','[{\"class\":\"mainbanner ckbloc \",\"ckid\":\"mainbanner\",\"ckmobile\":\"\"},{\"class\":\"horiznav ckbloc focus\",\"ckid\":\"nav\",\"ckmobile\":\"mobile_alignhalf\"},{\"class\":\"singlemodule ckbloc \",\"ckid\":\"slideshow\",\"ckmobile\":\"\"},{\"class\":\"flexiblemodules ckbloc \",\"ckid\":\"modulestop\",\"ckmobile\":\"mobile_alignhalf\"},{\"class\":\"maincontent ckbloc \",\"ckid\":\"main\",\"ckmobile\":\"mobile_rightbottom\"},{\"class\":\"flexiblemodules ckbloc \",\"ckid\":\"modulesbottom\",\"ckmobile\":\"mobile_alignhalf\"},{\"class\":\"singlemodule ckbloc \",\"ckid\":\"footer\",\"ckmobile\":\"\"}]','[{\"class\":\"mainbanner ckbloc \",\"ckid\":\"mainbanner\",\"ckmobile\":\"\"},{\"class\":\"horiznav ckbloc \",\"ckid\":\"nav\",\"ckmobile\":\"mobile_alignhalf\"},{\"class\":\"singlemodule ckbloc \",\"ckid\":\"slideshow\",\"ckmobile\":\"\"},{\"class\":\"flexiblemodules ckbloc \",\"ckid\":\"modulestop\",\"ckmobile\":\"mobile_default\"},{\"class\":\"maincontent ckbloc \",\"ckid\":\"main\",\"ckmobile\":\"mobile_default\"},{\"class\":\"flexiblemodules ckbloc \",\"ckid\":\"modulesbottom\",\"ckmobile\":\"mobile_default\"},{\"class\":\"singlemodule ckbloc \",\"ckid\":\"footer\",\"ckmobile\":\"\"}]','[{\"class\":\"mainbanner ckbloc \",\"ckid\":\"mainbanner\",\"ckmobile\":\"\"},{\"class\":\"horiznav ckbloc \",\"ckid\":\"nav\",\"ckmobile\":\"\"},{\"class\":\"singlemodule ckbloc \",\"ckid\":\"slideshow\",\"ckmobile\":\"\"},{\"class\":\"flexiblemodules ckbloc \",\"ckid\":\"modulestop\",\"ckmobile\":\"\"},{\"class\":\"maincontent ckbloc \",\"ckid\":\"main\",\"ckmobile\":\"\"},{\"class\":\"flexiblemodules ckbloc \",\"ckid\":\"modulesbottom\",\"ckmobile\":\"\"},{\"class\":\"singlemodule ckbloc \",\"ckid\":\"footer\",\"ckmobile\":\"\"}]',2),(2,'[{\"class\":\"mainbanner ckbloc \",\"ckid\":\"mainbanner\",\"ckmobile\":\"\"},{\"class\":\"horiznav ckbloc\",\"ckid\":\"nav\",\"ckmobile\":\"\"},{\"class\":\"singlemodule ckbloc \",\"ckid\":\"module\",\"ckmobile\":\"\"},{\"class\":\"flexiblemodules ckbloc\",\"ckid\":\"modules\",\"ckmobile\":\"\"},{\"class\":\"maincontent ckbloc\",\"ckid\":\"main\",\"ckmobile\":\"\"}]','[{\"class\":\"mainbanner ckbloc \",\"ckid\":\"mainbanner\",\"ckmobile\":\"mobile_default\"},{\"class\":\"horiznav ckbloc \",\"ckid\":\"nav\",\"ckmobile\":\"\"},{\"class\":\"singlemodule ckbloc \",\"ckid\":\"module\",\"ckmobile\":\"\"},{\"class\":\"flexiblemodules ckbloc\",\"ckid\":\"modules\",\"ckmobile\":\"\"},{\"class\":\"maincontent ckbloc focus\",\"ckid\":\"main\",\"ckmobile\":\"mobile_notaligned\"}]','[{\"class\":\"mainbanner ckbloc \",\"ckid\":\"mainbanner\",\"ckmobile\":\"\"},{\"class\":\"horiznav ckbloc\",\"ckid\":\"nav\",\"ckmobile\":\"\"},{\"class\":\"singlemodule ckbloc \",\"ckid\":\"module\",\"ckmobile\":\"\"},{\"class\":\"flexiblemodules ckbloc\",\"ckid\":\"modules\",\"ckmobile\":\"\"},{\"class\":\"maincontent ckbloc\",\"ckid\":\"main\",\"ckmobile\":\"\"}]','[{\"class\":\"mainbanner ckbloc \",\"ckid\":\"mainbanner\",\"ckmobile\":\"\"},{\"class\":\"horiznav ckbloc\",\"ckid\":\"nav\",\"ckmobile\":\"\"},{\"class\":\"singlemodule ckbloc \",\"ckid\":\"module\",\"ckmobile\":\"\"},{\"class\":\"flexiblemodules ckbloc\",\"ckid\":\"modules\",\"ckmobile\":\"\"},{\"class\":\"maincontent ckbloc\",\"ckid\":\"main\",\"ckmobile\":\"\"}]',3);

--
-- Table structure for table `m9qyl_update_categories`
--

CREATE TABLE `m9qyl_update_categories` (
  `categoryid` int(11) NOT NULL auto_increment,
  `name` varchar(20) default '',
  `description` text NOT NULL,
  `parent` int(11) default '0',
  `updatesite` int(11) default '0',
  PRIMARY KEY  (`categoryid`)
) ENGINE=MyISAM DEFAULT CHARSET=utf8 COMMENT='Update Categories';

--
-- Dumping data for table `m9qyl_update_categories`
--


--
-- Table structure for table `m9qyl_update_sites`
--

CREATE TABLE `m9qyl_update_sites` (
  `update_site_id` int(11) NOT NULL auto_increment,
  `name` varchar(100) default '',
  `type` varchar(20) default '',
  `location` text NOT NULL,
  `enabled` int(11) default '0',
  `last_check_timestamp` bigint(20) default '0',
  PRIMARY KEY  (`update_site_id`)
) ENGINE=MyISAM AUTO_INCREMENT=7 DEFAULT CHARSET=utf8 COMMENT='Update Sites';

--
-- Dumping data for table `m9qyl_update_sites`
--

INSERT INTO `m9qyl_update_sites` VALUES (1,'Joomla Core','collection','http://update.joomla.org/core/list.xml',1,1362993921),(2,'Joomla Extension Directory','collection','http://update.joomla.org/jed/list.xml',1,1362993921),(3,'Accredited Joomla! Translations','collection','http://update.joomla.org/language/translationlist.xml',1,1362993923),(4,'Tweet Display Back Updates','extension','http://www.flbab.com/updates/TDB.xml',0,1362825287),(5,'Foxcontact update site','extension','http://www.fox.ra.it/phocadownload/foxcontact.xml',1,1362993923);

--
-- Table structure for table `m9qyl_update_sites_extensions`
--

CREATE TABLE `m9qyl_update_sites_extensions` (
  `update_site_id` int(11) NOT NULL default '0',
  `extension_id` int(11) NOT NULL default '0',
  PRIMARY KEY  (`update_site_id`,`extension_id`)
) ENGINE=MyISAM DEFAULT CHARSET=utf8 COMMENT='Links extensions to update sites';

--
-- Dumping data for table `m9qyl_update_sites_extensions`
--

INSERT INTO `m9qyl_update_sites_extensions` VALUES (1,700),(2,700),(3,600),(4,10006),(5,10012);

--
-- Table structure for table `m9qyl_updates`
--

CREATE TABLE `m9qyl_updates` (
  `update_id` int(11) NOT NULL auto_increment,
  `update_site_id` int(11) default '0',
  `extension_id` int(11) default '0',
  `categoryid` int(11) default '0',
  `name` varchar(100) default '',
  `description` text NOT NULL,
  `element` varchar(100) default '',
  `type` varchar(20) default '',
  `folder` varchar(20) default '',
  `client_id` tinyint(3) default '0',
  `version` varchar(10) default '',
  `data` text NOT NULL,
  `detailsurl` text NOT NULL,
  `infourl` text NOT NULL,
  PRIMARY KEY  (`update_id`)
) ENGINE=MyISAM AUTO_INCREMENT=63 DEFAULT CHARSET=utf8 COMMENT='Available Updates';

--
-- Dumping data for table `m9qyl_updates`
--

INSERT INTO `m9qyl_updates` VALUES (1,1,700,0,'Joomla','','joomla','file','',0,'2.5.9','','http://update.joomla.org/core/extension.xml',''),(2,3,0,0,'Armenian','','pkg_hy-AM','package','',0,'2.5.8.1','','http://update.joomla.org/language/details/hy-AM_details.xml',''),(3,3,0,0,'Bahasa Indonesia','','pkg_id-ID','package','',0,'2.5.8.1','','http://update.joomla.org/language/details/id-ID_details.xml',''),(4,3,0,0,'Danish','','pkg_da-DK','package','',0,'2.5.9.2','','http://update.joomla.org/language/details/da-DK_details.xml',''),(5,3,0,0,'Khmer','','pkg_km-KH','package','',0,'2.5.7.1','','http://update.joomla.org/language/details/km-KH_details.xml',''),(6,3,0,0,'Swedish','','pkg_sv-SE','package','',0,'2.5.9.1','','http://update.joomla.org/language/details/sv-SE_details.xml',''),(7,3,0,0,'Hungarian','','pkg_hu-HU','package','',0,'2.5.8.1','','http://update.joomla.org/language/details/hu-HU_details.xml',''),(8,3,0,0,'Bulgarian','','pkg_bg-BG','package','',0,'2.5.7.1','','http://update.joomla.org/language/details/bg-BG_details.xml',''),(9,3,0,0,'French','','pkg_fr-FR','package','',0,'2.5.9.1','','http://update.joomla.org/language/details/fr-FR_details.xml',''),(10,3,0,0,'Italian','','pkg_it-IT','package','',0,'2.5.9.1','','http://update.joomla.org/language/details/it-IT_details.xml',''),(11,3,0,0,'Spanish','','pkg_es-ES','package','',0,'2.5.9.1','','http://update.joomla.org/language/details/es-ES_details.xml',''),(12,3,0,0,'Dutch','','pkg_nl-NL','package','',0,'2.5.9.1','','http://update.joomla.org/language/details/nl-NL_details.xml',''),(13,3,0,0,'Turkish','','pkg_tr-TR','package','',0,'2.5.7.2','','http://update.joomla.org/language/details/tr-TR_details.xml',''),(14,3,0,0,'Ukrainian','','pkg_uk-UA','package','',0,'2.5.7.2','','http://update.joomla.org/language/details/uk-UA_details.xml',''),(15,3,0,0,'Slovak','','pkg_sk-SK','package','',0,'2.5.8.1','','http://update.joomla.org/language/details/sk-SK_details.xml',''),(16,3,0,0,'Belarusian','','pkg_be-BY','package','',0,'2.5.8.1','','http://update.joomla.org/language/details/be-BY_details.xml',''),(17,3,0,0,'Latvian','','pkg_lv-LV','package','',0,'2.5.8.1','','http://update.joomla.org/language/details/lv-LV_details.xml',''),(18,3,0,0,'Estonian','','pkg_et-EE','package','',0,'2.5.7.1','','http://update.joomla.org/language/details/et-EE_details.xml',''),(19,3,0,0,'Romanian','','pkg_ro-RO','package','',0,'2.5.5.3','','http://update.joomla.org/language/details/ro-RO_details.xml',''),(20,3,0,0,'Flemish','','pkg_nl-BE','package','',0,'2.5.9.1','','http://update.joomla.org/language/details/nl-BE_details.xml',''),(21,3,0,0,'Macedonian','','pkg_mk-MK','package','',0,'2.5.7.1','','http://update.joomla.org/language/details/mk-MK_details.xml',''),(22,3,0,0,'Japanese','','pkg_ja-JP','package','',0,'2.5.9.1','','http://update.joomla.org/language/details/ja-JP_details.xml',''),(23,3,0,0,'Serbian Latin','','pkg_sr-YU','package','',0,'2.5.7.1','','http://update.joomla.org/language/details/sr-YU_details.xml',''),(24,3,0,0,'Arabic Unitag','','pkg_ar-AA','package','',0,'2.5.9.1','','http://update.joomla.org/language/details/ar-AA_details.xml',''),(25,3,0,0,'German','','pkg_de-DE','package','',0,'2.5.9.1','','http://update.joomla.org/language/details/de-DE_details.xml',''),(26,3,0,0,'Norwegian Bokmal','','pkg_nb-NO','package','',0,'2.5.9.2','','http://update.joomla.org/language/details/nb-NO_details.xml',''),(27,3,0,0,'English AU','','pkg_en-AU','package','',0,'2.5.9.1','','http://update.joomla.org/language/details/en-AU_details.xml',''),(28,3,0,0,'English US','','pkg_en-US','package','',0,'2.5.9.1','','http://update.joomla.org/language/details/en-US_details.xml',''),(29,3,0,0,'Serbian Cyrillic','','pkg_sr-RS','package','',0,'2.5.7.1','','http://update.joomla.org/language/details/sr-RS_details.xml',''),(30,3,0,0,'Lithuanian','','pkg_lt-LT','package','',0,'2.5.7.1','','http://update.joomla.org/language/details/lt-LT_details.xml',''),(31,3,0,0,'Albanian','','pkg_sq-AL','package','',0,'2.5.1.5','','http://update.joomla.org/language/details/sq-AL_details.xml',''),(32,3,0,0,'Persian','','pkg_fa-IR','package','',0,'2.5.9.1','','http://update.joomla.org/language/details/fa-IR_details.xml',''),(33,3,0,0,'Galician','','pkg_gl-ES','package','',0,'2.5.7.4','','http://update.joomla.org/language/details/gl-ES_details.xml',''),(34,3,0,0,'Polish','','pkg_pl-PL','package','',0,'2.5.9.1','','http://update.joomla.org/language/details/pl-PL_details.xml',''),(35,3,0,0,'Syriac','','pkg_sy-IQ','package','',0,'2.5.8.1','','http://update.joomla.org/language/details/sy-IQ_details.xml',''),(36,3,0,0,'Portuguese','','pkg_pt-PT','package','',0,'2.5.8.1','','http://update.joomla.org/language/details/pt-PT_details.xml',''),(37,3,0,0,'Russian','','pkg_ru-RU','package','',0,'2.5.8.4','','http://update.joomla.org/language/details/ru-RU_details.xml',''),(38,3,0,0,'Hebrew','','pkg_he-IL','package','',0,'2.5.7.1','','http://update.joomla.org/language/details/he-IL_details.xml',''),(39,3,0,0,'Catalan','','pkg_ca-ES','package','',0,'2.5.8.1','','http://update.joomla.org/language/details/ca-ES_details.xml',''),(40,3,0,0,'Laotian','','pkg_lo-LA','package','',0,'2.5.6.1','','http://update.joomla.org/language/details/lo-LA_details.xml',''),(41,3,0,0,'Afrikaans','','pkg_af-ZA','package','',0,'2.5.9.1','','http://update.joomla.org/language/details/af-ZA_details.xml',''),(42,3,0,0,'Chinese Simplified','','pkg_zh-CN','package','',0,'2.5.7.1','','http://update.joomla.org/language/details/zh-CN_details.xml',''),(43,3,0,0,'Greek','','pkg_el-GR','package','',0,'2.5.6.1','','http://update.joomla.org/language/details/el-GR_details.xml',''),(44,3,0,0,'Esperanto','','pkg_eo-XX','package','',0,'2.5.6.1','','http://update.joomla.org/language/details/eo-XX_details.xml',''),(45,3,0,0,'Finnish','','pkg_fi-FI','package','',0,'2.5.9.1','','http://update.joomla.org/language/details/fi-FI_details.xml',''),(46,3,0,0,'Portuguese Brazil','','pkg_pt-BR','package','',0,'2.5.9.1','','http://update.joomla.org/language/details/pt-BR_details.xml',''),(47,3,0,0,'Chinese Traditional','','pkg_zh-TW','package','',0,'2.5.7.2','','http://update.joomla.org/language/details/zh-TW_details.xml',''),(48,3,0,0,'Vietnamese','','pkg_vi-VN','package','',0,'2.5.8.1','','http://update.joomla.org/language/details/vi-VN_details.xml',''),(49,3,0,0,'Kurdish Sorani','','pkg_ckb-IQ','package','',0,'2.5.9.1','','http://update.joomla.org/language/details/ckb-IQ_details.xml',''),(50,3,0,0,'Bosnian','','pkg_bs-BA','package','',0,'2.5.8.1','','http://update.joomla.org/language/details/bs-BA_details.xml',''),(51,3,0,0,'Croatian','','pkg_hr-HR','package','',0,'2.5.9.1','','http://update.joomla.org/language/details/hr-HR_details.xml',''),(52,3,0,0,'Azeri','','pkg_az-AZ','package','',0,'2.5.7.1','','http://update.joomla.org/language/details/az-AZ_details.xml',''),(53,3,0,0,'Norwegian Nynorsk','','pkg_nn-NO','package','',0,'2.5.8.1','','http://update.joomla.org/language/details/nn-NO_details.xml',''),(54,3,0,0,'Tamil India','','pkg_ta-IN','package','',0,'2.5.9.1','','http://update.joomla.org/language/details/ta-IN_details.xml',''),(55,3,0,0,'Scottish Gaelic','','pkg_gd-GB','package','',0,'2.5.7.1','','http://update.joomla.org/language/details/gd-GB_details.xml',''),(56,3,0,0,'Thai','','pkg_th-TH','package','',0,'2.5.8.1','','http://update.joomla.org/language/details/th-TH_details.xml',''),(57,3,0,0,'Basque','','pkg_eu-ES','package','',0,'1.7.0.1','','http://update.joomla.org/language/details/eu-ES_details.xml',''),(58,3,0,0,'Uyghur','','pkg_ug-CN','package','',0,'2.5.7.2','','http://update.joomla.org/language/details/ug-CN_details.xml',''),(59,3,0,0,'Korean','','pkg_ko-KR','package','',0,'2.5.7.2','','http://update.joomla.org/language/details/ko-KR_details.xml',''),(60,3,0,0,'Hindi','','pkg_hi-IN','package','',0,'2.5.6.1','','http://update.joomla.org/language/details/hi-IN_details.xml',''),(61,3,0,0,'Welsh','','pkg_cy-GB','package','',0,'2.5.6.1','','http://update.joomla.org/language/details/cy-GB_details.xml',''),(62,3,0,0,'Swahili','','pkg_sw-KE','package','',0,'2.5.9.1','','http://update.joomla.org/language/details/sw-KE_details.xml','');

--
-- Table structure for table `m9qyl_user_notes`
--

CREATE TABLE `m9qyl_user_notes` (
  `id` int(10) unsigned NOT NULL auto_increment,
  `user_id` int(10) unsigned NOT NULL default '0',
  `catid` int(10) unsigned NOT NULL default '0',
  `subject` varchar(100) NOT NULL default '',
  `body` text NOT NULL,
  `state` tinyint(3) NOT NULL default '0',
  `checked_out` int(10) unsigned NOT NULL default '0',
  `checked_out_time` datetime NOT NULL default '0000-00-00 00:00:00',
  `created_user_id` int(10) unsigned NOT NULL default '0',
  `created_time` datetime NOT NULL default '0000-00-00 00:00:00',
  `modified_user_id` int(10) unsigned NOT NULL,
  `modified_time` datetime NOT NULL default '0000-00-00 00:00:00',
  `review_time` datetime NOT NULL default '0000-00-00 00:00:00',
  `publish_up` datetime NOT NULL default '0000-00-00 00:00:00',
  `publish_down` datetime NOT NULL default '0000-00-00 00:00:00',
  PRIMARY KEY  (`id`),
  KEY `idx_user_id` (`user_id`),
  KEY `idx_category_id` (`catid`)
) ENGINE=MyISAM DEFAULT CHARSET=utf8;

--
-- Dumping data for table `m9qyl_user_notes`
--


--
-- Table structure for table `m9qyl_user_profiles`
--

CREATE TABLE `m9qyl_user_profiles` (
  `user_id` int(11) NOT NULL,
  `profile_key` varchar(100) NOT NULL,
  `profile_value` varchar(255) NOT NULL,
  `ordering` int(11) NOT NULL default '0',
  UNIQUE KEY `idx_user_id_profile_key` (`user_id`,`profile_key`)
) ENGINE=MyISAM DEFAULT CHARSET=utf8 COMMENT='Simple user profile storage table';

--
-- Dumping data for table `m9qyl_user_profiles`
--


--
-- Table structure for table `m9qyl_user_usergroup_map`
--

CREATE TABLE `m9qyl_user_usergroup_map` (
  `user_id` int(10) unsigned NOT NULL default '0' COMMENT 'Foreign Key to #__users.id',
  `group_id` int(10) unsigned NOT NULL default '0' COMMENT 'Foreign Key to #__usergroups.id',
  PRIMARY KEY  (`user_id`,`group_id`)
) ENGINE=MyISAM DEFAULT CHARSET=utf8;

--
-- Dumping data for table `m9qyl_user_usergroup_map`
--

INSERT INTO `m9qyl_user_usergroup_map` VALUES (888,8);

--
-- Table structure for table `m9qyl_usergroups`
--

CREATE TABLE `m9qyl_usergroups` (
  `id` int(10) unsigned NOT NULL auto_increment COMMENT 'Primary Key',
  `parent_id` int(10) unsigned NOT NULL default '0' COMMENT 'Adjacency List Reference Id',
  `lft` int(11) NOT NULL default '0' COMMENT 'Nested set lft.',
  `rgt` int(11) NOT NULL default '0' COMMENT 'Nested set rgt.',
  `title` varchar(100) NOT NULL default '',
  PRIMARY KEY  (`id`),
  UNIQUE KEY `idx_usergroup_parent_title_lookup` (`parent_id`,`title`),
  KEY `idx_usergroup_title_lookup` (`title`),
  KEY `idx_usergroup_adjacency_lookup` (`parent_id`),
  KEY `idx_usergroup_nested_set_lookup` USING BTREE (`lft`,`rgt`)
) ENGINE=MyISAM AUTO_INCREMENT=13 DEFAULT CHARSET=utf8;

--
-- Dumping data for table `m9qyl_usergroups`
--

INSERT INTO `m9qyl_usergroups` VALUES (1,0,1,20,'Public'),(2,1,6,17,'Registered'),(3,2,7,14,'Author'),(4,3,8,11,'Editor'),(5,4,9,10,'Publisher'),(6,1,2,5,'Manager'),(7,6,3,4,'Administrator'),(8,1,18,19,'Super Users'),(12,2,15,16,'Customer Group (Example)'),(10,3,12,13,'Shop Suppliers (Example)');

--
-- Table structure for table `m9qyl_users`
--

CREATE TABLE `m9qyl_users` (
  `id` int(11) NOT NULL auto_increment,
  `name` varchar(255) NOT NULL default '',
  `username` varchar(150) NOT NULL default '',
  `email` varchar(100) NOT NULL default '',
  `password` varchar(100) NOT NULL default '',
  `usertype` varchar(25) NOT NULL default '',
  `block` tinyint(4) NOT NULL default '0',
  `sendEmail` tinyint(4) default '0',
  `registerDate` datetime NOT NULL default '0000-00-00 00:00:00',
  `lastvisitDate` datetime NOT NULL default '0000-00-00 00:00:00',
  `activation` varchar(100) NOT NULL default '',
  `params` text NOT NULL,
  `lastResetTime` datetime NOT NULL default '0000-00-00 00:00:00' COMMENT 'Date of last password reset',
  `resetCount` int(11) NOT NULL default '0' COMMENT 'Count of password resets since lastResetTime',
  PRIMARY KEY  (`id`),
  KEY `usertype` (`usertype`),
  KEY `idx_name` (`name`),
  KEY `idx_block` (`block`),
  KEY `username` (`username`),
  KEY `email` (`email`)
) ENGINE=MyISAM AUTO_INCREMENT=889 DEFAULT CHARSET=utf8;

--
-- Dumping data for table `m9qyl_users`
--

INSERT INTO `m9qyl_users` VALUES (888,'Super User','admin','dt@gmauto.ge','afc692a30de2cfb9df6a1b87dfd55cb7:DnrA9blwbfhGRSGK5jmkac6VQ9xHOD80','deprecated',0,1,'2013-03-08 09:59:06','2013-03-12 09:04:28','0','','0000-00-00 00:00:00',0);

--
-- Table structure for table `m9qyl_viewlevels`
--

CREATE TABLE `m9qyl_viewlevels` (
  `id` int(10) unsigned NOT NULL auto_increment COMMENT 'Primary Key',
  `title` varchar(100) NOT NULL default '',
  `ordering` int(11) NOT NULL default '0',
  `rules` varchar(5120) NOT NULL COMMENT 'JSON encoded access control.',
  PRIMARY KEY  (`id`),
  UNIQUE KEY `idx_assetgroup_title_lookup` (`title`)
) ENGINE=MyISAM AUTO_INCREMENT=5 DEFAULT CHARSET=utf8;

--
-- Dumping data for table `m9qyl_viewlevels`
--

INSERT INTO `m9qyl_viewlevels` VALUES (1,'Public',0,'[1]'),(2,'Registered',1,'[6,2,8]'),(3,'Special',2,'[6,3,8]'),(4,'Customer Access Level (Example)',3,'[6,3,12]');

--
-- Table structure for table `m9qyl_virtuemart_adminmenuentries`
--

CREATE TABLE `m9qyl_virtuemart_adminmenuentries` (
  `id` tinyint(1) unsigned NOT NULL auto_increment,
  `module_id` tinyint(10) unsigned NOT NULL default '0' COMMENT 'The ID of the VM Module, this Item is assigned to',
  `parent_id` tinyint(11) unsigned NOT NULL default '0',
  `name` char(64) NOT NULL default '0',
  `link` char(64) NOT NULL default '0',
  `depends` char(64) NOT NULL default '' COMMENT 'Names of the Parameters, this Item depends on',
  `icon_class` char(96) default NULL,
  `ordering` int(2) NOT NULL default '0',
  `published` tinyint(1) NOT NULL default '1',
  `tooltip` char(128) default NULL,
  `view` char(32) default NULL,
  `task` char(32) default NULL,
  PRIMARY KEY  (`id`),
  KEY `module_id` (`module_id`)
) ENGINE=MyISAM AUTO_INCREMENT=29 DEFAULT CHARSET=utf8 COMMENT='Administration Menu Items';

--
-- Dumping data for table `m9qyl_virtuemart_adminmenuentries`
--

INSERT INTO `m9qyl_virtuemart_adminmenuentries` VALUES (1,1,0,'COM_VIRTUEMART_CATEGORY_S','','','vmicon vmicon-16-folder_camera',1,1,'','category',''),(2,1,0,'COM_VIRTUEMART_PRODUCT_S','','','vmicon vmicon-16-camera',2,1,'','product',''),(3,1,0,'COM_VIRTUEMART_PRODUCT_CUSTOM_FIELD_S','','','vmicon vmicon-16-document_move',5,1,'','custom',''),(4,1,0,'COM_VIRTUEMART_PRODUCT_INVENTORY','','','vmicon vmicon-16-price_watch',7,1,'','inventory',''),(5,1,0,'COM_VIRTUEMART_CALC_S','','','vmicon vmicon-16-calculator',8,1,'','calc',''),(6,1,0,'COM_VIRTUEMART_REVIEW_RATE_S','','','vmicon vmicon-16-comments',9,1,'','ratings',''),(7,2,0,'COM_VIRTUEMART_ORDER_S','','','vmicon vmicon-16-page_white_stack',1,1,'','orders',''),(8,2,0,'COM_VIRTUEMART_COUPON_S','','','vmicon vmicon-16-shopping',10,1,'','coupon',''),(9,2,0,'COM_VIRTUEMART_REPORT','','','vmicon vmicon-16-to_do_list_cheked_1',3,1,'','report',''),(10,2,0,'COM_VIRTUEMART_USER_S','','','vmicon vmicon-16-user',4,1,'','user',''),(11,2,0,'COM_VIRTUEMART_SHOPPERGROUP_S','','','vmicon vmicon-16-user-group',5,1,'','shoppergroup',''),(12,3,0,'COM_VIRTUEMART_MANUFACTURER_S','','','vmicon vmicon-16-wrench_orange',1,1,'','manufacturer',''),(13,3,0,'COM_VIRTUEMART_MANUFACTURER_CATEGORY_S','','','vmicon vmicon-16-folder_wrench',2,1,'','manufacturercategories',''),(14,4,0,'COM_VIRTUEMART_STORE','','','vmicon vmicon-16-reseller_account_template',1,1,'','user','editshop'),(15,4,0,'COM_VIRTUEMART_MEDIA_S','','','vmicon vmicon-16-pictures',2,1,'','media',''),(16,4,0,'COM_VIRTUEMART_SHIPMENTMETHOD_S','','','vmicon vmicon-16-lorry',3,1,'','shipmentmethod',''),(17,4,0,'COM_VIRTUEMART_PAYMENTMETHOD_S','','','vmicon vmicon-16-creditcards',4,1,'','paymentmethod',''),(18,5,0,'COM_VIRTUEMART_CONFIGURATION','','','vmicon vmicon-16-config',1,1,'','config',''),(19,5,0,'COM_VIRTUEMART_USERFIELD_S','','','vmicon vmicon-16-participation_rate',2,1,'','userfields',''),(20,5,0,'COM_VIRTUEMART_ORDERSTATUS_S','','','vmicon vmicon-16-orderstatus',3,1,'','orderstatus',''),(21,5,0,'COM_VIRTUEMART_CURRENCY_S','','','vmicon vmicon-16-coins',5,1,'','currency',''),(22,5,0,'COM_VIRTUEMART_COUNTRY_S','','','vmicon vmicon-16-globe',6,1,'','country',''),(23,11,0,'COM_VIRTUEMART_MIGRATION_UPDATE','','','vmicon vmicon-16-installer_box',1,1,'','updatesmigration',''),(24,11,0,'COM_VIRTUEMART_ABOUT','','','vmicon vmicon-16-info',2,1,'','about',''),(25,11,0,'COM_VIRTUEMART_HELP_TOPICS','http://virtuemart.net/','','vmicon vmicon-16-help',4,1,'','',''),(26,11,0,'COM_VIRTUEMART_COMMUNITY_FORUM','http://forum.virtuemart.net/','','vmicon vmicon-16-reseller_programm',6,1,'','',''),(27,11,0,'COM_VIRTUEMART_STATISTIC_SUMMARY','','','vmicon vmicon-16-info',1,1,'','virtuemart',''),(28,77,0,'COM_VIRTUEMART_USER_GROUP_S','','','vmicon vmicon-16-user',2,1,'','usergroups','');

--
-- Table structure for table `m9qyl_virtuemart_calc_categories`
--

CREATE TABLE `m9qyl_virtuemart_calc_categories` (
  `id` mediumint(1) unsigned NOT NULL auto_increment,
  `virtuemart_calc_id` smallint(1) unsigned NOT NULL default '0',
  `virtuemart_category_id` smallint(1) unsigned NOT NULL default '0',
  PRIMARY KEY  (`id`),
  UNIQUE KEY `i_virtuemart_calc_id` (`virtuemart_calc_id`,`virtuemart_category_id`)
) ENGINE=MyISAM DEFAULT CHARSET=utf8;

--
-- Dumping data for table `m9qyl_virtuemart_calc_categories`
--


--
-- Table structure for table `m9qyl_virtuemart_calc_countries`
--

CREATE TABLE `m9qyl_virtuemart_calc_countries` (
  `id` mediumint(1) unsigned NOT NULL auto_increment,
  `virtuemart_calc_id` smallint(1) unsigned NOT NULL default '0',
  `virtuemart_country_id` smallint(1) unsigned NOT NULL default '0',
  PRIMARY KEY  (`id`),
  UNIQUE KEY `i_virtuemart_calc_id` (`virtuemart_calc_id`,`virtuemart_country_id`)
) ENGINE=MyISAM DEFAULT CHARSET=utf8;

--
-- Dumping data for table `m9qyl_virtuemart_calc_countries`
--


--
-- Table structure for table `m9qyl_virtuemart_calc_shoppergroups`
--

CREATE TABLE `m9qyl_virtuemart_calc_shoppergroups` (
  `id` mediumint(1) unsigned NOT NULL auto_increment,
  `virtuemart_calc_id` smallint(1) unsigned NOT NULL default '0',
  `virtuemart_shoppergroup_id` smallint(1) unsigned NOT NULL default '0',
  PRIMARY KEY  (`id`),
  UNIQUE KEY `i_virtuemart_calc_id` (`virtuemart_calc_id`,`virtuemart_shoppergroup_id`)
) ENGINE=MyISAM DEFAULT CHARSET=utf8;

--
-- Dumping data for table `m9qyl_virtuemart_calc_shoppergroups`
--


--
-- Table structure for table `m9qyl_virtuemart_calc_states`
--

CREATE TABLE `m9qyl_virtuemart_calc_states` (
  `id` mediumint(1) unsigned NOT NULL auto_increment,
  `virtuemart_calc_id` smallint(1) unsigned NOT NULL default '0',
  `virtuemart_state_id` smallint(1) unsigned NOT NULL default '0',
  PRIMARY KEY  (`id`),
  UNIQUE KEY `i_virtuemart_calc_id` (`virtuemart_calc_id`,`virtuemart_state_id`)
) ENGINE=MyISAM DEFAULT CHARSET=utf8;

--
-- Dumping data for table `m9qyl_virtuemart_calc_states`
--


--
-- Table structure for table `m9qyl_virtuemart_calcs`
--

CREATE TABLE `m9qyl_virtuemart_calcs` (
  `virtuemart_calc_id` smallint(1) unsigned NOT NULL auto_increment,
  `virtuemart_vendor_id` smallint(1) unsigned NOT NULL default '1' COMMENT 'Belongs to vendor',
  `calc_jplugin_id` int(11) NOT NULL default '0',
  `calc_name` char(64) NOT NULL default '' COMMENT 'Name of the rule',
  `calc_descr` char(128) NOT NULL default '' COMMENT 'Description',
  `calc_kind` char(16) NOT NULL default '' COMMENT 'Discount/Tax/Margin/Commission',
  `calc_value_mathop` char(8) NOT NULL default '' COMMENT 'the mathematical operation like (+,-,+%,-%)',
  `calc_value` decimal(10,4) NOT NULL default '0.0000' COMMENT 'The Amount',
  `calc_currency` smallint(1) unsigned NOT NULL default '0' COMMENT 'Currency of the Rule',
  `calc_shopper_published` tinyint(1) NOT NULL default '0' COMMENT 'Visible for Shoppers',
  `calc_vendor_published` tinyint(1) NOT NULL default '0' COMMENT 'Visible for Vendors',
  `publish_up` datetime NOT NULL default '0000-00-00 00:00:00' COMMENT 'Startdate if nothing is set = permanent',
  `publish_down` datetime NOT NULL default '0000-00-00 00:00:00' COMMENT 'Enddate if nothing is set = permanent',
  `for_override` tinyint(1) NOT NULL default '0',
  `calc_params` varchar(18000) default NULL,
  `ordering` int(2) NOT NULL default '0',
  `shared` tinyint(1) NOT NULL default '0',
  `published` tinyint(1) NOT NULL default '1',
  `created_on` datetime NOT NULL default '0000-00-00 00:00:00',
  `created_by` int(11) NOT NULL default '0',
  `modified_on` datetime NOT NULL default '0000-00-00 00:00:00',
  `modified_by` int(11) NOT NULL default '0',
  `locked_on` datetime NOT NULL default '0000-00-00 00:00:00',
  `locked_by` int(11) NOT NULL default '0',
  PRIMARY KEY  (`virtuemart_calc_id`),
  KEY `i_virtuemart_vendor_id` (`virtuemart_vendor_id`)
) ENGINE=MyISAM DEFAULT CHARSET=utf8;

--
-- Dumping data for table `m9qyl_virtuemart_calcs`
--


--
-- Table structure for table `m9qyl_virtuemart_categories`
--

CREATE TABLE `m9qyl_virtuemart_categories` (
  `virtuemart_category_id` smallint(1) unsigned NOT NULL auto_increment,
  `virtuemart_vendor_id` smallint(1) unsigned NOT NULL default '0',
  `category_template` char(128) default NULL,
  `category_layout` char(64) default NULL,
  `category_product_layout` char(64) default NULL,
  `products_per_row` tinyint(2) default NULL,
  `limit_list_start` smallint(1) unsigned default NULL,
  `limit_list_step` smallint(1) unsigned default NULL,
  `limit_list_max` smallint(1) unsigned default NULL,
  `limit_list_initial` smallint(1) unsigned default NULL,
  `hits` int(1) unsigned NOT NULL default '0',
  `metarobot` char(40) NOT NULL default '',
  `metaauthor` char(64) NOT NULL default '',
  `ordering` int(2) NOT NULL default '0',
  `shared` tinyint(1) NOT NULL default '0',
  `published` tinyint(1) NOT NULL default '1',
  `created_on` datetime NOT NULL default '0000-00-00 00:00:00',
  `created_by` int(11) NOT NULL default '0',
  `modified_on` datetime NOT NULL default '0000-00-00 00:00:00',
  `modified_by` int(11) NOT NULL default '0',
  `locked_on` datetime NOT NULL default '0000-00-00 00:00:00',
  `locked_by` int(11) NOT NULL default '0',
  PRIMARY KEY  (`virtuemart_category_id`),
  KEY `idx_category_virtuemart_vendor_id` (`virtuemart_vendor_id`)
) ENGINE=MyISAM DEFAULT CHARSET=utf8 COMMENT='Product Categories are stored here';

--
-- Dumping data for table `m9qyl_virtuemart_categories`
--


--
-- Table structure for table `m9qyl_virtuemart_categories_en_gb`
--

CREATE TABLE `m9qyl_virtuemart_categories_en_gb` (
  `virtuemart_category_id` int(1) unsigned NOT NULL,
  `category_name` char(180) NOT NULL default '',
  `category_description` varchar(20000) NOT NULL default '',
  `metadesc` varchar(400) NOT NULL default '',
  `metakey` varchar(400) NOT NULL default '',
  `customtitle` char(255) NOT NULL default '',
  `slug` char(192) NOT NULL default '',
  PRIMARY KEY  (`virtuemart_category_id`),
  UNIQUE KEY `slug` (`slug`)
) ENGINE=MyISAM DEFAULT CHARSET=utf8;

--
-- Dumping data for table `m9qyl_virtuemart_categories_en_gb`
--


--
-- Table structure for table `m9qyl_virtuemart_category_categories`
--

CREATE TABLE `m9qyl_virtuemart_category_categories` (
  `id` int(11) unsigned NOT NULL auto_increment,
  `category_parent_id` int(1) unsigned NOT NULL default '0',
  `category_child_id` int(1) unsigned NOT NULL default '0',
  `ordering` int(2) NOT NULL default '0',
  PRIMARY KEY  (`id`),
  UNIQUE KEY `i_category_parent_id` (`category_parent_id`,`category_child_id`),
  KEY `category_child_id` (`category_child_id`)
) ENGINE=MyISAM DEFAULT CHARSET=utf8 COMMENT='Category child-parent relation list';

--
-- Dumping data for table `m9qyl_virtuemart_category_categories`
--


--
-- Table structure for table `m9qyl_virtuemart_category_medias`
--

CREATE TABLE `m9qyl_virtuemart_category_medias` (
  `id` int(11) unsigned NOT NULL auto_increment,
  `virtuemart_category_id` smallint(1) unsigned NOT NULL default '0',
  `virtuemart_media_id` int(1) unsigned NOT NULL default '0',
  `ordering` int(2) NOT NULL default '0',
  PRIMARY KEY  (`id`),
  UNIQUE KEY `i_virtuemart_category_id` (`virtuemart_category_id`,`virtuemart_media_id`)
) ENGINE=MyISAM DEFAULT CHARSET=utf8;

--
-- Dumping data for table `m9qyl_virtuemart_category_medias`
--


--
-- Table structure for table `m9qyl_virtuemart_configs`
--

CREATE TABLE `m9qyl_virtuemart_configs` (
  `virtuemart_config_id` tinyint(1) unsigned NOT NULL auto_increment,
  `config` text,
  `created_on` datetime NOT NULL default '0000-00-00 00:00:00',
  `created_by` int(11) NOT NULL default '0',
  `modified_on` datetime NOT NULL default '0000-00-00 00:00:00',
  `modified_by` int(11) NOT NULL default '0',
  `locked_on` datetime NOT NULL default '0000-00-00 00:00:00',
  `locked_by` int(11) NOT NULL default '0',
  PRIMARY KEY  (`virtuemart_config_id`)
) ENGINE=MyISAM AUTO_INCREMENT=2 DEFAULT CHARSET=utf8 COMMENT='Holds configuration settings';

--
-- Dumping data for table `m9qyl_virtuemart_configs`
--

INSERT INTO `m9qyl_virtuemart_configs` VALUES (1,'shop_is_offline=s:1:\"0\";|offline_message=czo3MzoiT3VyIFNob3AgaXMgY3VycmVudGx5IGRvd24gZm9yIG1haW50ZW5hbmNlLiBQbGVhc2UgY2hlY2sgYmFjayBhZ2FpbiBzb29uLiI7|use_as_catalog=s:1:\"0\";|currency_converter_module=s:14:\"convertECB.php\";|order_mail_html=s:1:\"1\";|useSSL=s:1:\"0\";|dangeroustools=s:1:\"0\";|debug_enable=s:4:\"none\";|google_jquery=s:1:\"1\";|multix=s:4:\"none\";|pdf_button_enable=s:1:\"1\";|show_emailfriend=s:1:\"1\";|show_printicon=s:1:\"0\";|show_out_of_stock_products=s:1:\"1\";|coupons_enable=s:1:\"0\";|show_uncat_child_products=s:1:\"0\";|coupons_default_expire=s:3:\"1,D\";|weight_unit_default=s:2:\"KG\";|lwh_unit_default=s:1:\"M\";|list_limit=s:2:\"20\";|showReviewFor=s:3:\"all\";|reviewMode=s:10:\"registered\";|showRatingFor=s:3:\"all\";|ratingMode=s:10:\"registered\";|reviews_autopublish=s:1:\"1\";|reviews_minimum_comment_length=s:3:\"100\";|reviews_maximum_comment_length=s:4:\"2000\";|vmtemplate=s:10:\"blackwhite\";|categorytemplate=s:10:\"blackwhite\";|showCategory=s:1:\"1\";|categorylayout=s:1:\"0\";|categories_per_row=s:1:\"3\";|productlayout=s:1:\"0\";|products_per_row=s:1:\"3\";|vmlayout=s:1:\"0\";|show_featured=s:1:\"1\";|featured_products_per_row=s:1:\"3\";|show_topTen=s:1:\"1\";|topten_products_per_row=s:1:\"3\";|show_recent=s:1:\"1\";|show_latest=s:1:\"1\";|assets_general_path=s:33:\"components/com_virtuemart/assets/\";|media_category_path=s:35:\"images/stories/virtuemart/category/\";|media_product_path=s:34:\"images/stories/virtuemart/product/\";|media_manufacturer_path=s:39:\"images/stories/virtuemart/manufacturer/\";|media_vendor_path=s:33:\"images/stories/virtuemart/vendor/\";|forSale_path_thumb=s:42:\"images/stories/virtuemart/forSale/resized/\";|img_resize_enable=s:1:\"1\";|img_width=s:2:\"90\";|img_height=s:2:\"90\";|no_image_set=s:11:\"noimage.gif\";|no_image_found=s:11:\"warning.png\";|browse_orderby_field=s:12:\"product_name\";|browse_orderby_fields=a:3:{i:0;s:12:\"product_name\";i:1;s:13:\"category_name\";i:2;s:7:\"mf_name\";}|browse_search_fields=a:5:{i:0;s:12:\"product_name\";i:1;s:14:\"product_s_desc\";i:2;s:13:\"category_name\";i:3;s:20:\"category_description\";i:4;s:7:\"mf_name\";}|show_prices=s:1:\"1\";|price_show_packaging_pricelabel=s:1:\"0\";|show_tax=s:1:\"1\";|basePrice=s:1:\"1\";|basePriceText=s:1:\"1\";|basePriceRounding=s:2:\"-1\";|variantModification=s:1:\"1\";|variantModificationText=s:1:\"1\";|variantModificationRounding=s:2:\"-1\";|basePriceVariant=s:1:\"1\";|basePriceVariantText=s:1:\"1\";|basePriceVariantRounding=s:2:\"-1\";|basePriceWithTax=s:1:\"1\";|basePriceWithTaxText=s:1:\"1\";|basePriceWithTaxRounding=s:2:\"-1\";|discountedPriceWithoutTax=s:1:\"1\";|discountedPriceWithoutTaxText=s:1:\"1\";|discountedPriceWithoutTaxRounding=s:2:\"-1\";|salesPriceWithDiscount=s:1:\"1\";|salesPriceWithDiscountText=s:1:\"1\";|salesPriceWithDiscountRounding=s:2:\"-1\";|salesPrice=s:1:\"1\";|salesPriceText=s:1:\"1\";|salesPriceRounding=s:2:\"-1\";|priceWithoutTax=s:1:\"1\";|priceWithoutTaxText=s:1:\"1\";|priceWithoutTaxRounding=s:2:\"-1\";|discountAmount=s:1:\"1\";|discountAmountText=s:1:\"1\";|discountAmountRounding=s:2:\"-1\";|taxAmount=s:1:\"1\";|taxAmountText=s:1:\"1\";|taxAmountRounding=s:2:\"-1\";|addtocart_popup=s:1:\"1\";|check_stock=s:1:\"0\";|automatic_payment=s:1:\"1\";|automatic_shipment=s:1:\"1\";|agree_to_tos_onorder=s:1:\"0\";|oncheckout_show_legal_info=s:1:\"1\";|oncheckout_show_register=s:1:\"1\";|oncheckout_show_steps=s:1:\"0\";|oncheckout_show_register_text=s:47:\"COM_VIRTUEMART_ONCHECKOUT_DEFAULT_TEXT_REGISTER\";|seo_disabled=s:1:\"0\";|seo_translate=s:1:\"0\";|seo_use_id=s:1:\"0\";|sctime=d:1362907831.8173620700836181640625;|vmlang=s:5:\"en_gb\";|virtuemart_config_id=i:1;|enable_content_plugin=s:1:\"0\";|enableEnglish=s:1:\"1\";|pdf_icon=s:1:\"0\";|ask_question=s:1:\"0\";|asks_minimum_comment_length=s:2:\"50\";|asks_maximum_comment_length=s:4:\"2000\";|product_navigation=s:1:\"0\";|recommend_unauth=s:1:\"0\";|display_stock=s:1:\"0\";|latest_products_days=s:1:\"7\";|latest_products_orderBy=s:10:\"created_on\";|lstockmail=s:1:\"0\";|stockhandle=s:4:\"none\";|rised_availability=s:0:\"\";|image=s:0:\"\";|show_manufacturers=s:1:\"1\";|manufacturer_per_row=s:1:\"3\";|pagination_sequence=s:0:\"\";|forSale_path=s:0:\"\";|show_store_desc=s:1:\"0\";|show_categories=s:1:\"1\";|homepage_categories_per_row=s:1:\"3\";|homepage_products_per_row=s:1:\"3\";|featured_products_rows=s:1:\"1\";|topTen_products_rows=s:1:\"1\";|recent_products_rows=s:1:\"1\";|latest_products_rows=s:1:\"1\";|css=s:1:\"1\";|jquery=s:1:\"1\";|jprice=s:1:\"1\";|jsite=s:1:\"1\";|askprice=s:1:\"0\";|rappenrundung=s:1:\"0\";|roundindig=s:1:\"0\";|cVarswT=s:1:\"1\";|unitPrice=s:1:\"0\";|unitPriceText=s:1:\"1\";|unitPriceRounding=s:1:\"2\";|vmlang_js=s:1:\"1\";|oncheckout_only_registered=s:1:\"0\";|oncheckout_show_images=s:1:\"0\";|browse_cat_orderby_field=s:13:\"category_name\";|seo_sufix=s:7:\"-detail\";|task=s:4:\"save\";|option=s:14:\"com_virtuemart\";|view=s:6:\"config\";|bd9ff9ff73ee234f9fddfcb3c98404e9=s:1:\"1\";','0000-00-00 00:00:00',0,'2013-03-10 09:30:31',888,'0000-00-00 00:00:00',0);

--
-- Table structure for table `m9qyl_virtuemart_countries`
--

CREATE TABLE `m9qyl_virtuemart_countries` (
  `virtuemart_country_id` smallint(1) unsigned NOT NULL auto_increment,
  `virtuemart_worldzone_id` tinyint(11) NOT NULL default '1',
  `country_name` char(64) default NULL,
  `country_3_code` char(3) default NULL,
  `country_2_code` char(2) default NULL,
  `ordering` int(2) NOT NULL default '0',
  `published` tinyint(1) NOT NULL default '1',
  `created_on` datetime NOT NULL default '0000-00-00 00:00:00',
  `created_by` int(11) NOT NULL default '0',
  `modified_on` datetime NOT NULL default '0000-00-00 00:00:00',
  `modified_by` int(11) NOT NULL default '0',
  `locked_on` datetime NOT NULL default '0000-00-00 00:00:00',
  `locked_by` int(11) NOT NULL default '0',
  PRIMARY KEY  (`virtuemart_country_id`),
  KEY `idx_country_3_code` (`country_3_code`),
  KEY `idx_country_2_code` (`country_2_code`)
) ENGINE=MyISAM AUTO_INCREMENT=249 DEFAULT CHARSET=utf8 COMMENT='Country records';

--
-- Dumping data for table `m9qyl_virtuemart_countries`
--

INSERT INTO `m9qyl_virtuemart_countries` VALUES (1,1,'Afghanistan','AFG','AF',0,1,'0000-00-00 00:00:00',0,'0000-00-00 00:00:00',0,'0000-00-00 00:00:00',0),(2,1,'Albania','ALB','AL',0,1,'0000-00-00 00:00:00',0,'0000-00-00 00:00:00',0,'0000-00-00 00:00:00',0),(3,1,'Algeria','DZA','DZ',0,1,'0000-00-00 00:00:00',0,'0000-00-00 00:00:00',0,'0000-00-00 00:00:00',0),(4,1,'American Samoa','ASM','AS',0,1,'0000-00-00 00:00:00',0,'0000-00-00 00:00:00',0,'0000-00-00 00:00:00',0),(5,1,'Andorra','AND','AD',0,1,'0000-00-00 00:00:00',0,'0000-00-00 00:00:00',0,'0000-00-00 00:00:00',0),(6,1,'Angola','AGO','AO',0,1,'0000-00-00 00:00:00',0,'0000-00-00 00:00:00',0,'0000-00-00 00:00:00',0),(7,1,'Anguilla','AIA','AI',0,1,'0000-00-00 00:00:00',0,'0000-00-00 00:00:00',0,'0000-00-00 00:00:00',0),(8,1,'Antarctica','ATA','AQ',0,1,'0000-00-00 00:00:00',0,'0000-00-00 00:00:00',0,'0000-00-00 00:00:00',0),(9,1,'Antigua and Barbuda','ATG','AG',0,1,'0000-00-00 00:00:00',0,'0000-00-00 00:00:00',0,'0000-00-00 00:00:00',0),(10,1,'Argentina','ARG','AR',0,1,'0000-00-00 00:00:00',0,'0000-00-00 00:00:00',0,'0000-00-00 00:00:00',0),(11,1,'Armenia','ARM','AM',0,1,'0000-00-00 00:00:00',0,'0000-00-00 00:00:00',0,'0000-00-00 00:00:00',0),(12,1,'Aruba','ABW','AW',0,1,'0000-00-00 00:00:00',0,'0000-00-00 00:00:00',0,'0000-00-00 00:00:00',0),(13,1,'Australia','AUS','AU',0,1,'0000-00-00 00:00:00',0,'0000-00-00 00:00:00',0,'0000-00-00 00:00:00',0),(14,1,'Austria','AUT','AT',0,1,'0000-00-00 00:00:00',0,'0000-00-00 00:00:00',0,'0000-00-00 00:00:00',0),(15,1,'Azerbaijan','AZE','AZ',0,1,'0000-00-00 00:00:00',0,'0000-00-00 00:00:00',0,'0000-00-00 00:00:00',0),(16,1,'Bahamas','BHS','BS',0,1,'0000-00-00 00:00:00',0,'0000-00-00 00:00:00',0,'0000-00-00 00:00:00',0),(17,1,'Bahrain','BHR','BH',0,1,'0000-00-00 00:00:00',0,'0000-00-00 00:00:00',0,'0000-00-00 00:00:00',0),(18,1,'Bangladesh','BGD','BD',0,1,'0000-00-00 00:00:00',0,'0000-00-00 00:00:00',0,'0000-00-00 00:00:00',0),(19,1,'Barbados','BRB','BB',0,1,'0000-00-00 00:00:00',0,'0000-00-00 00:00:00',0,'0000-00-00 00:00:00',0),(20,1,'Belarus','BLR','BY',0,1,'0000-00-00 00:00:00',0,'0000-00-00 00:00:00',0,'0000-00-00 00:00:00',0),(21,1,'Belgium','BEL','BE',0,1,'0000-00-00 00:00:00',0,'0000-00-00 00:00:00',0,'0000-00-00 00:00:00',0),(22,1,'Belize','BLZ','BZ',0,1,'0000-00-00 00:00:00',0,'0000-00-00 00:00:00',0,'0000-00-00 00:00:00',0),(23,1,'Benin','BEN','BJ',0,1,'0000-00-00 00:00:00',0,'0000-00-00 00:00:00',0,'0000-00-00 00:00:00',0),(24,1,'Bermuda','BMU','BM',0,1,'0000-00-00 00:00:00',0,'0000-00-00 00:00:00',0,'0000-00-00 00:00:00',0),(25,1,'Bhutan','BTN','BT',0,1,'0000-00-00 00:00:00',0,'0000-00-00 00:00:00',0,'0000-00-00 00:00:00',0),(26,1,'Bolivia','BOL','BO',0,1,'0000-00-00 00:00:00',0,'0000-00-00 00:00:00',0,'0000-00-00 00:00:00',0),(27,1,'Bosnia and Herzegowina','BIH','BA',0,1,'0000-00-00 00:00:00',0,'0000-00-00 00:00:00',0,'0000-00-00 00:00:00',0),(28,1,'Botswana','BWA','BW',0,1,'0000-00-00 00:00:00',0,'0000-00-00 00:00:00',0,'0000-00-00 00:00:00',0),(29,1,'Bouvet Island','BVT','BV',0,1,'0000-00-00 00:00:00',0,'0000-00-00 00:00:00',0,'0000-00-00 00:00:00',0),(30,1,'Brazil','BRA','BR',0,1,'0000-00-00 00:00:00',0,'0000-00-00 00:00:00',0,'0000-00-00 00:00:00',0),(31,1,'British Indian Ocean Territory','IOT','IO',0,1,'0000-00-00 00:00:00',0,'0000-00-00 00:00:00',0,'0000-00-00 00:00:00',0),(32,1,'Brunei Darussalam','BRN','BN',0,1,'0000-00-00 00:00:00',0,'0000-00-00 00:00:00',0,'0000-00-00 00:00:00',0),(33,1,'Bulgaria','BGR','BG',0,1,'0000-00-00 00:00:00',0,'0000-00-00 00:00:00',0,'0000-00-00 00:00:00',0),(34,1,'Burkina Faso','BFA','BF',0,1,'0000-00-00 00:00:00',0,'0000-00-00 00:00:00',0,'0000-00-00 00:00:00',0),(35,1,'Burundi','BDI','BI',0,1,'0000-00-00 00:00:00',0,'0000-00-00 00:00:00',0,'0000-00-00 00:00:00',0),(36,1,'Cambodia','KHM','KH',0,1,'0000-00-00 00:00:00',0,'0000-00-00 00:00:00',0,'0000-00-00 00:00:00',0),(37,1,'Cameroon','CMR','CM',0,1,'0000-00-00 00:00:00',0,'0000-00-00 00:00:00',0,'0000-00-00 00:00:00',0),(38,1,'Canada','CAN','CA',0,1,'0000-00-00 00:00:00',0,'0000-00-00 00:00:00',0,'0000-00-00 00:00:00',0),(39,1,'Cape Verde','CPV','CV',0,1,'0000-00-00 00:00:00',0,'0000-00-00 00:00:00',0,'0000-00-00 00:00:00',0),(40,1,'Cayman Islands','CYM','KY',0,1,'0000-00-00 00:00:00',0,'0000-00-00 00:00:00',0,'0000-00-00 00:00:00',0),(41,1,'Central African Republic','CAF','CF',0,1,'0000-00-00 00:00:00',0,'0000-00-00 00:00:00',0,'0000-00-00 00:00:00',0),(42,1,'Chad','TCD','TD',0,1,'0000-00-00 00:00:00',0,'0000-00-00 00:00:00',0,'0000-00-00 00:00:00',0),(43,1,'Chile','CHL','CL',0,1,'0000-00-00 00:00:00',0,'0000-00-00 00:00:00',0,'0000-00-00 00:00:00',0),(44,1,'China','CHN','CN',0,1,'0000-00-00 00:00:00',0,'0000-00-00 00:00:00',0,'0000-00-00 00:00:00',0),(45,1,'Christmas Island','CXR','CX',0,1,'0000-00-00 00:00:00',0,'0000-00-00 00:00:00',0,'0000-00-00 00:00:00',0),(46,1,'Cocos (Keeling) Islands','CCK','CC',0,1,'0000-00-00 00:00:00',0,'0000-00-00 00:00:00',0,'0000-00-00 00:00:00',0),(47,1,'Colombia','COL','CO',0,1,'0000-00-00 00:00:00',0,'0000-00-00 00:00:00',0,'0000-00-00 00:00:00',0),(48,1,'Comoros','COM','KM',0,1,'0000-00-00 00:00:00',0,'0000-00-00 00:00:00',0,'0000-00-00 00:00:00',0),(49,1,'Congo','COG','CG',0,1,'0000-00-00 00:00:00',0,'0000-00-00 00:00:00',0,'0000-00-00 00:00:00',0),(50,1,'Cook Islands','COK','CK',0,1,'0000-00-00 00:00:00',0,'0000-00-00 00:00:00',0,'0000-00-00 00:00:00',0),(51,1,'Costa Rica','CRI','CR',0,1,'0000-00-00 00:00:00',0,'0000-00-00 00:00:00',0,'0000-00-00 00:00:00',0),(52,1,'Cote D\'Ivoire','CIV','CI',0,1,'0000-00-00 00:00:00',0,'0000-00-00 00:00:00',0,'0000-00-00 00:00:00',0),(53,1,'Croatia','HRV','HR',0,1,'0000-00-00 00:00:00',0,'0000-00-00 00:00:00',0,'0000-00-00 00:00:00',0),(54,1,'Cuba','CUB','CU',0,1,'0000-00-00 00:00:00',0,'0000-00-00 00:00:00',0,'0000-00-00 00:00:00',0),(55,1,'Cyprus','CYP','CY',0,1,'0000-00-00 00:00:00',0,'0000-00-00 00:00:00',0,'0000-00-00 00:00:00',0),(56,1,'Czech Republic','CZE','CZ',0,1,'0000-00-00 00:00:00',0,'0000-00-00 00:00:00',0,'0000-00-00 00:00:00',0),(57,1,'Denmark','DNK','DK',0,1,'0000-00-00 00:00:00',0,'0000-00-00 00:00:00',0,'0000-00-00 00:00:00',0),(58,1,'Djibouti','DJI','DJ',0,1,'0000-00-00 00:00:00',0,'0000-00-00 00:00:00',0,'0000-00-00 00:00:00',0),(59,1,'Dominica','DMA','DM',0,1,'0000-00-00 00:00:00',0,'0000-00-00 00:00:00',0,'0000-00-00 00:00:00',0),(60,1,'Dominican Republic','DOM','DO',0,1,'0000-00-00 00:00:00',0,'0000-00-00 00:00:00',0,'0000-00-00 00:00:00',0),(61,1,'East Timor','TMP','TP',0,1,'0000-00-00 00:00:00',0,'0000-00-00 00:00:00',0,'0000-00-00 00:00:00',0),(62,1,'Ecuador','ECU','EC',0,1,'0000-00-00 00:00:00',0,'0000-00-00 00:00:00',0,'0000-00-00 00:00:00',0),(63,1,'Egypt','EGY','EG',0,1,'0000-00-00 00:00:00',0,'0000-00-00 00:00:00',0,'0000-00-00 00:00:00',0),(64,1,'El Salvador','SLV','SV',0,1,'0000-00-00 00:00:00',0,'0000-00-00 00:00:00',0,'0000-00-00 00:00:00',0),(65,1,'Equatorial Guinea','GNQ','GQ',0,1,'0000-00-00 00:00:00',0,'0000-00-00 00:00:00',0,'0000-00-00 00:00:00',0),(66,1,'Eritrea','ERI','ER',0,1,'0000-00-00 00:00:00',0,'0000-00-00 00:00:00',0,'0000-00-00 00:00:00',0),(67,1,'Estonia','EST','EE',0,1,'0000-00-00 00:00:00',0,'0000-00-00 00:00:00',0,'0000-00-00 00:00:00',0),(68,1,'Ethiopia','ETH','ET',0,1,'0000-00-00 00:00:00',0,'0000-00-00 00:00:00',0,'0000-00-00 00:00:00',0),(69,1,'Falkland Islands (Malvinas)','FLK','FK',0,1,'0000-00-00 00:00:00',0,'0000-00-00 00:00:00',0,'0000-00-00 00:00:00',0),(70,1,'Faroe Islands','FRO','FO',0,1,'0000-00-00 00:00:00',0,'0000-00-00 00:00:00',0,'0000-00-00 00:00:00',0),(71,1,'Fiji','FJI','FJ',0,1,'0000-00-00 00:00:00',0,'0000-00-00 00:00:00',0,'0000-00-00 00:00:00',0),(72,1,'Finland','FIN','FI',0,1,'0000-00-00 00:00:00',0,'0000-00-00 00:00:00',0,'0000-00-00 00:00:00',0),(73,1,'France','FRA','FR',0,1,'0000-00-00 00:00:00',0,'0000-00-00 00:00:00',0,'0000-00-00 00:00:00',0),(75,1,'French Guiana','GUF','GF',0,1,'0000-00-00 00:00:00',0,'0000-00-00 00:00:00',0,'0000-00-00 00:00:00',0),(76,1,'French Polynesia','PYF','PF',0,1,'0000-00-00 00:00:00',0,'0000-00-00 00:00:00',0,'0000-00-00 00:00:00',0),(77,1,'French Southern Territories','ATF','TF',0,1,'0000-00-00 00:00:00',0,'0000-00-00 00:00:00',0,'0000-00-00 00:00:00',0),(78,1,'Gabon','GAB','GA',0,1,'0000-00-00 00:00:00',0,'0000-00-00 00:00:00',0,'0000-00-00 00:00:00',0),(79,1,'Gambia','GMB','GM',0,1,'0000-00-00 00:00:00',0,'0000-00-00 00:00:00',0,'0000-00-00 00:00:00',0),(80,1,'Georgia','GEO','GE',0,1,'0000-00-00 00:00:00',0,'0000-00-00 00:00:00',0,'0000-00-00 00:00:00',0),(81,1,'Germany','DEU','DE',0,1,'0000-00-00 00:00:00',0,'0000-00-00 00:00:00',0,'0000-00-00 00:00:00',0),(82,1,'Ghana','GHA','GH',0,1,'0000-00-00 00:00:00',0,'0000-00-00 00:00:00',0,'0000-00-00 00:00:00',0),(83,1,'Gibraltar','GIB','GI',0,1,'0000-00-00 00:00:00',0,'0000-00-00 00:00:00',0,'0000-00-00 00:00:00',0),(84,1,'Greece','GRC','GR',0,1,'0000-00-00 00:00:00',0,'0000-00-00 00:00:00',0,'0000-00-00 00:00:00',0),(85,1,'Greenland','GRL','GL',0,1,'0000-00-00 00:00:00',0,'0000-00-00 00:00:00',0,'0000-00-00 00:00:00',0),(86,1,'Grenada','GRD','GD',0,1,'0000-00-00 00:00:00',0,'0000-00-00 00:00:00',0,'0000-00-00 00:00:00',0),(87,1,'Guadeloupe','GLP','GP',0,1,'0000-00-00 00:00:00',0,'0000-00-00 00:00:00',0,'0000-00-00 00:00:00',0),(88,1,'Guam','GUM','GU',0,1,'0000-00-00 00:00:00',0,'0000-00-00 00:00:00',0,'0000-00-00 00:00:00',0),(89,1,'Guatemala','GTM','GT',0,1,'0000-00-00 00:00:00',0,'0000-00-00 00:00:00',0,'0000-00-00 00:00:00',0),(90,1,'Guinea','GIN','GN',0,1,'0000-00-00 00:00:00',0,'0000-00-00 00:00:00',0,'0000-00-00 00:00:00',0),(91,1,'Guinea-bissau','GNB','GW',0,1,'0000-00-00 00:00:00',0,'0000-00-00 00:00:00',0,'0000-00-00 00:00:00',0),(92,1,'Guyana','GUY','GY',0,1,'0000-00-00 00:00:00',0,'0000-00-00 00:00:00',0,'0000-00-00 00:00:00',0),(93,1,'Haiti','HTI','HT',0,1,'0000-00-00 00:00:00',0,'0000-00-00 00:00:00',0,'0000-00-00 00:00:00',0),(94,1,'Heard and Mc Donald Islands','HMD','HM',0,1,'0000-00-00 00:00:00',0,'0000-00-00 00:00:00',0,'0000-00-00 00:00:00',0),(95,1,'Honduras','HND','HN',0,1,'0000-00-00 00:00:00',0,'0000-00-00 00:00:00',0,'0000-00-00 00:00:00',0),(96,1,'Hong Kong','HKG','HK',0,1,'0000-00-00 00:00:00',0,'0000-00-00 00:00:00',0,'0000-00-00 00:00:00',0),(97,1,'Hungary','HUN','HU',0,1,'0000-00-00 00:00:00',0,'0000-00-00 00:00:00',0,'0000-00-00 00:00:00',0),(98,1,'Iceland','ISL','IS',0,1,'0000-00-00 00:00:00',0,'0000-00-00 00:00:00',0,'0000-00-00 00:00:00',0),(99,1,'India','IND','IN',0,1,'0000-00-00 00:00:00',0,'0000-00-00 00:00:00',0,'0000-00-00 00:00:00',0),(100,1,'Indonesia','IDN','ID',0,1,'0000-00-00 00:00:00',0,'0000-00-00 00:00:00',0,'0000-00-00 00:00:00',0),(101,1,'Iran (Islamic Republic of)','IRN','IR',0,1,'0000-00-00 00:00:00',0,'0000-00-00 00:00:00',0,'0000-00-00 00:00:00',0),(102,1,'Iraq','IRQ','IQ',0,1,'0000-00-00 00:00:00',0,'0000-00-00 00:00:00',0,'0000-00-00 00:00:00',0),(103,1,'Ireland','IRL','IE',0,1,'0000-00-00 00:00:00',0,'0000-00-00 00:00:00',0,'0000-00-00 00:00:00',0),(104,1,'Israel','ISR','IL',0,1,'0000-00-00 00:00:00',0,'0000-00-00 00:00:00',0,'0000-00-00 00:00:00',0),(105,1,'Italy','ITA','IT',0,1,'0000-00-00 00:00:00',0,'0000-00-00 00:00:00',0,'0000-00-00 00:00:00',0),(106,1,'Jamaica','JAM','JM',0,1,'0000-00-00 00:00:00',0,'0000-00-00 00:00:00',0,'0000-00-00 00:00:00',0),(107,1,'Japan','JPN','JP',0,1,'0000-00-00 00:00:00',0,'0000-00-00 00:00:00',0,'0000-00-00 00:00:00',0),(108,1,'Jordan','JOR','JO',0,1,'0000-00-00 00:00:00',0,'0000-00-00 00:00:00',0,'0000-00-00 00:00:00',0),(109,1,'Kazakhstan','KAZ','KZ',0,1,'0000-00-00 00:00:00',0,'0000-00-00 00:00:00',0,'0000-00-00 00:00:00',0),(110,1,'Kenya','KEN','KE',0,1,'0000-00-00 00:00:00',0,'0000-00-00 00:00:00',0,'0000-00-00 00:00:00',0),(111,1,'Kiribati','KIR','KI',0,1,'0000-00-00 00:00:00',0,'0000-00-00 00:00:00',0,'0000-00-00 00:00:00',0),(112,1,'Korea, Democratic People\'s Republic of','PRK','KP',0,1,'0000-00-00 00:00:00',0,'0000-00-00 00:00:00',0,'0000-00-00 00:00:00',0),(113,1,'Korea, Republic of','KOR','KR',0,1,'0000-00-00 00:00:00',0,'0000-00-00 00:00:00',0,'0000-00-00 00:00:00',0),(114,1,'Kuwait','KWT','KW',0,1,'0000-00-00 00:00:00',0,'0000-00-00 00:00:00',0,'0000-00-00 00:00:00',0),(115,1,'Kyrgyzstan','KGZ','KG',0,1,'0000-00-00 00:00:00',0,'0000-00-00 00:00:00',0,'0000-00-00 00:00:00',0),(116,1,'Lao People\'s Democratic Republic','LAO','LA',0,1,'0000-00-00 00:00:00',0,'0000-00-00 00:00:00',0,'0000-00-00 00:00:00',0),(117,1,'Latvia','LVA','LV',0,1,'0000-00-00 00:00:00',0,'0000-00-00 00:00:00',0,'0000-00-00 00:00:00',0),(118,1,'Lebanon','LBN','LB',0,1,'0000-00-00 00:00:00',0,'0000-00-00 00:00:00',0,'0000-00-00 00:00:00',0),(119,1,'Lesotho','LSO','LS',0,1,'0000-00-00 00:00:00',0,'0000-00-00 00:00:00',0,'0000-00-00 00:00:00',0),(120,1,'Liberia','LBR','LR',0,1,'0000-00-00 00:00:00',0,'0000-00-00 00:00:00',0,'0000-00-00 00:00:00',0),(121,1,'Libyan Arab Jamahiriya','LBY','LY',0,1,'0000-00-00 00:00:00',0,'0000-00-00 00:00:00',0,'0000-00-00 00:00:00',0),(122,1,'Liechtenstein','LIE','LI',0,1,'0000-00-00 00:00:00',0,'0000-00-00 00:00:00',0,'0000-00-00 00:00:00',0),(123,1,'Lithuania','LTU','LT',0,1,'0000-00-00 00:00:00',0,'0000-00-00 00:00:00',0,'0000-00-00 00:00:00',0),(124,1,'Luxembourg','LUX','LU',0,1,'0000-00-00 00:00:00',0,'0000-00-00 00:00:00',0,'0000-00-00 00:00:00',0),(125,1,'Macau','MAC','MO',0,1,'0000-00-00 00:00:00',0,'0000-00-00 00:00:00',0,'0000-00-00 00:00:00',0),(126,1,'Macedonia, The Former Yugoslav Republic of','MKD','MK',0,1,'0000-00-00 00:00:00',0,'0000-00-00 00:00:00',0,'0000-00-00 00:00:00',0),(127,1,'Madagascar','MDG','MG',0,1,'0000-00-00 00:00:00',0,'0000-00-00 00:00:00',0,'0000-00-00 00:00:00',0),(128,1,'Malawi','MWI','MW',0,1,'0000-00-00 00:00:00',0,'0000-00-00 00:00:00',0,'0000-00-00 00:00:00',0),(129,1,'Malaysia','MYS','MY',0,1,'0000-00-00 00:00:00',0,'0000-00-00 00:00:00',0,'0000-00-00 00:00:00',0),(130,1,'Maldives','MDV','MV',0,1,'0000-00-00 00:00:00',0,'0000-00-00 00:00:00',0,'0000-00-00 00:00:00',0),(131,1,'Mali','MLI','ML',0,1,'0000-00-00 00:00:00',0,'0000-00-00 00:00:00',0,'0000-00-00 00:00:00',0),(132,1,'Malta','MLT','MT',0,1,'0000-00-00 00:00:00',0,'0000-00-00 00:00:00',0,'0000-00-00 00:00:00',0),(133,1,'Marshall Islands','MHL','MH',0,1,'0000-00-00 00:00:00',0,'0000-00-00 00:00:00',0,'0000-00-00 00:00:00',0),(134,1,'Martinique','MTQ','MQ',0,1,'0000-00-00 00:00:00',0,'0000-00-00 00:00:00',0,'0000-00-00 00:00:00',0),(135,1,'Mauritania','MRT','MR',0,1,'0000-00-00 00:00:00',0,'0000-00-00 00:00:00',0,'0000-00-00 00:00:00',0),(136,1,'Mauritius','MUS','MU',0,1,'0000-00-00 00:00:00',0,'0000-00-00 00:00:00',0,'0000-00-00 00:00:00',0),(137,1,'Mayotte','MYT','YT',0,1,'0000-00-00 00:00:00',0,'0000-00-00 00:00:00',0,'0000-00-00 00:00:00',0),(138,1,'Mexico','MEX','MX',0,1,'0000-00-00 00:00:00',0,'0000-00-00 00:00:00',0,'0000-00-00 00:00:00',0),(139,1,'Micronesia, Federated States of','FSM','FM',0,1,'0000-00-00 00:00:00',0,'0000-00-00 00:00:00',0,'0000-00-00 00:00:00',0),(140,1,'Moldova, Republic of','MDA','MD',0,1,'0000-00-00 00:00:00',0,'0000-00-00 00:00:00',0,'0000-00-00 00:00:00',0),(141,1,'Monaco','MCO','MC',0,1,'0000-00-00 00:00:00',0,'0000-00-00 00:00:00',0,'0000-00-00 00:00:00',0),(142,1,'Mongolia','MNG','MN',0,1,'0000-00-00 00:00:00',0,'0000-00-00 00:00:00',0,'0000-00-00 00:00:00',0),(143,1,'Montserrat','MSR','MS',0,1,'0000-00-00 00:00:00',0,'0000-00-00 00:00:00',0,'0000-00-00 00:00:00',0),(144,1,'Morocco','MAR','MA',0,1,'0000-00-00 00:00:00',0,'0000-00-00 00:00:00',0,'0000-00-00 00:00:00',0),(145,1,'Mozambique','MOZ','MZ',0,1,'0000-00-00 00:00:00',0,'0000-00-00 00:00:00',0,'0000-00-00 00:00:00',0),(146,1,'Myanmar','MMR','MM',0,1,'0000-00-00 00:00:00',0,'0000-00-00 00:00:00',0,'0000-00-00 00:00:00',0),(147,1,'Namibia','NAM','NA',0,1,'0000-00-00 00:00:00',0,'0000-00-00 00:00:00',0,'0000-00-00 00:00:00',0),(148,1,'Nauru','NRU','NR',0,1,'0000-00-00 00:00:00',0,'0000-00-00 00:00:00',0,'0000-00-00 00:00:00',0),(149,1,'Nepal','NPL','NP',0,1,'0000-00-00 00:00:00',0,'0000-00-00 00:00:00',0,'0000-00-00 00:00:00',0),(150,1,'Netherlands','NLD','NL',0,1,'0000-00-00 00:00:00',0,'0000-00-00 00:00:00',0,'0000-00-00 00:00:00',0),(151,1,'Netherlands Antilles','ANT','AN',0,1,'0000-00-00 00:00:00',0,'0000-00-00 00:00:00',0,'0000-00-00 00:00:00',0),(152,1,'New Caledonia','NCL','NC',0,1,'0000-00-00 00:00:00',0,'0000-00-00 00:00:00',0,'0000-00-00 00:00:00',0),(153,1,'New Zealand','NZL','NZ',0,1,'0000-00-00 00:00:00',0,'0000-00-00 00:00:00',0,'0000-00-00 00:00:00',0),(154,1,'Nicaragua','NIC','NI',0,1,'0000-00-00 00:00:00',0,'0000-00-00 00:00:00',0,'0000-00-00 00:00:00',0),(155,1,'Niger','NER','NE',0,1,'0000-00-00 00:00:00',0,'0000-00-00 00:00:00',0,'0000-00-00 00:00:00',0),(156,1,'Nigeria','NGA','NG',0,1,'0000-00-00 00:00:00',0,'0000-00-00 00:00:00',0,'0000-00-00 00:00:00',0),(157,1,'Niue','NIU','NU',0,1,'0000-00-00 00:00:00',0,'0000-00-00 00:00:00',0,'0000-00-00 00:00:00',0),(158,1,'Norfolk Island','NFK','NF',0,1,'0000-00-00 00:00:00',0,'0000-00-00 00:00:00',0,'0000-00-00 00:00:00',0),(159,1,'Northern Mariana Islands','MNP','MP',0,1,'0000-00-00 00:00:00',0,'0000-00-00 00:00:00',0,'0000-00-00 00:00:00',0),(160,1,'Norway','NOR','NO',0,1,'0000-00-00 00:00:00',0,'0000-00-00 00:00:00',0,'0000-00-00 00:00:00',0),(161,1,'Oman','OMN','OM',0,1,'0000-00-00 00:00:00',0,'0000-00-00 00:00:00',0,'0000-00-00 00:00:00',0),(162,1,'Pakistan','PAK','PK',0,1,'0000-00-00 00:00:00',0,'0000-00-00 00:00:00',0,'0000-00-00 00:00:00',0),(163,1,'Palau','PLW','PW',0,1,'0000-00-00 00:00:00',0,'0000-00-00 00:00:00',0,'0000-00-00 00:00:00',0),(164,1,'Panama','PAN','PA',0,1,'0000-00-00 00:00:00',0,'0000-00-00 00:00:00',0,'0000-00-00 00:00:00',0),(165,1,'Papua New Guinea','PNG','PG',0,1,'0000-00-00 00:00:00',0,'0000-00-00 00:00:00',0,'0000-00-00 00:00:00',0),(166,1,'Paraguay','PRY','PY',0,1,'0000-00-00 00:00:00',0,'0000-00-00 00:00:00',0,'0000-00-00 00:00:00',0),(167,1,'Peru','PER','PE',0,1,'0000-00-00 00:00:00',0,'0000-00-00 00:00:00',0,'0000-00-00 00:00:00',0),(168,1,'Philippines','PHL','PH',0,1,'0000-00-00 00:00:00',0,'0000-00-00 00:00:00',0,'0000-00-00 00:00:00',0),(169,1,'Pitcairn','PCN','PN',0,1,'0000-00-00 00:00:00',0,'0000-00-00 00:00:00',0,'0000-00-00 00:00:00',0),(170,1,'Poland','POL','PL',0,1,'0000-00-00 00:00:00',0,'0000-00-00 00:00:00',0,'0000-00-00 00:00:00',0),(171,1,'Portugal','PRT','PT',0,1,'0000-00-00 00:00:00',0,'0000-00-00 00:00:00',0,'0000-00-00 00:00:00',0),(172,1,'Puerto Rico','PRI','PR',0,1,'0000-00-00 00:00:00',0,'0000-00-00 00:00:00',0,'0000-00-00 00:00:00',0),(173,1,'Qatar','QAT','QA',0,1,'0000-00-00 00:00:00',0,'0000-00-00 00:00:00',0,'0000-00-00 00:00:00',0),(174,1,'Reunion','REU','RE',0,1,'0000-00-00 00:00:00',0,'0000-00-00 00:00:00',0,'0000-00-00 00:00:00',0),(175,1,'Romania','ROM','RO',0,1,'0000-00-00 00:00:00',0,'0000-00-00 00:00:00',0,'0000-00-00 00:00:00',0),(176,1,'Russian Federation','RUS','RU',0,1,'0000-00-00 00:00:00',0,'0000-00-00 00:00:00',0,'0000-00-00 00:00:00',0),(177,1,'Rwanda','RWA','RW',0,1,'0000-00-00 00:00:00',0,'0000-00-00 00:00:00',0,'0000-00-00 00:00:00',0),(178,1,'Saint Kitts and Nevis','KNA','KN',0,1,'0000-00-00 00:00:00',0,'0000-00-00 00:00:00',0,'0000-00-00 00:00:00',0),(179,1,'Saint Lucia','LCA','LC',0,1,'0000-00-00 00:00:00',0,'0000-00-00 00:00:00',0,'0000-00-00 00:00:00',0),(180,1,'Saint Vincent and the Grenadines','VCT','VC',0,1,'0000-00-00 00:00:00',0,'0000-00-00 00:00:00',0,'0000-00-00 00:00:00',0),(181,1,'Samoa','WSM','WS',0,1,'0000-00-00 00:00:00',0,'0000-00-00 00:00:00',0,'0000-00-00 00:00:00',0),(182,1,'San Marino','SMR','SM',0,1,'0000-00-00 00:00:00',0,'0000-00-00 00:00:00',0,'0000-00-00 00:00:00',0),(183,1,'Sao Tome and Principe','STP','ST',0,1,'0000-00-00 00:00:00',0,'0000-00-00 00:00:00',0,'0000-00-00 00:00:00',0),(184,1,'Saudi Arabia','SAU','SA',0,1,'0000-00-00 00:00:00',0,'0000-00-00 00:00:00',0,'0000-00-00 00:00:00',0),(185,1,'Senegal','SEN','SN',0,1,'0000-00-00 00:00:00',0,'0000-00-00 00:00:00',0,'0000-00-00 00:00:00',0),(186,1,'Seychelles','SYC','SC',0,1,'0000-00-00 00:00:00',0,'0000-00-00 00:00:00',0,'0000-00-00 00:00:00',0),(187,1,'Sierra Leone','SLE','SL',0,1,'0000-00-00 00:00:00',0,'0000-00-00 00:00:00',0,'0000-00-00 00:00:00',0),(188,1,'Singapore','SGP','SG',0,1,'0000-00-00 00:00:00',0,'0000-00-00 00:00:00',0,'0000-00-00 00:00:00',0),(189,1,'Slovakia','SVK','SK',0,1,'0000-00-00 00:00:00',0,'0000-00-00 00:00:00',0,'0000-00-00 00:00:00',0),(190,1,'Slovenia','SVN','SI',0,1,'0000-00-00 00:00:00',0,'0000-00-00 00:00:00',0,'0000-00-00 00:00:00',0),(191,1,'Solomon Islands','SLB','SB',0,1,'0000-00-00 00:00:00',0,'0000-00-00 00:00:00',0,'0000-00-00 00:00:00',0),(192,1,'Somalia','SOM','SO',0,1,'0000-00-00 00:00:00',0,'0000-00-00 00:00:00',0,'0000-00-00 00:00:00',0),(193,1,'South Africa','ZAF','ZA',0,1,'0000-00-00 00:00:00',0,'0000-00-00 00:00:00',0,'0000-00-00 00:00:00',0),(194,1,'South Georgia and the South Sandwich Islands','SGS','GS',0,1,'0000-00-00 00:00:00',0,'0000-00-00 00:00:00',0,'0000-00-00 00:00:00',0),(195,1,'Spain','ESP','ES',0,1,'0000-00-00 00:00:00',0,'0000-00-00 00:00:00',0,'0000-00-00 00:00:00',0),(196,1,'Sri Lanka','LKA','LK',0,1,'0000-00-00 00:00:00',0,'0000-00-00 00:00:00',0,'0000-00-00 00:00:00',0),(197,1,'St. Helena','SHN','SH',0,1,'0000-00-00 00:00:00',0,'0000-00-00 00:00:00',0,'0000-00-00 00:00:00',0),(198,1,'St. Pierre and Miquelon','SPM','PM',0,1,'0000-00-00 00:00:00',0,'0000-00-00 00:00:00',0,'0000-00-00 00:00:00',0),(199,1,'Sudan','SDN','SD',0,1,'0000-00-00 00:00:00',0,'0000-00-00 00:00:00',0,'0000-00-00 00:00:00',0),(200,1,'Suriname','SUR','SR',0,1,'0000-00-00 00:00:00',0,'0000-00-00 00:00:00',0,'0000-00-00 00:00:00',0),(201,1,'Svalbard and Jan Mayen Islands','SJM','SJ',0,1,'0000-00-00 00:00:00',0,'0000-00-00 00:00:00',0,'0000-00-00 00:00:00',0),(202,1,'Swaziland','SWZ','SZ',0,1,'0000-00-00 00:00:00',0,'0000-00-00 00:00:00',0,'0000-00-00 00:00:00',0),(203,1,'Sweden','SWE','SE',0,1,'0000-00-00 00:00:00',0,'0000-00-00 00:00:00',0,'0000-00-00 00:00:00',0),(204,1,'Switzerland','CHE','CH',0,1,'0000-00-00 00:00:00',0,'0000-00-00 00:00:00',0,'0000-00-00 00:00:00',0),(205,1,'Syrian Arab Republic','SYR','SY',0,1,'0000-00-00 00:00:00',0,'0000-00-00 00:00:00',0,'0000-00-00 00:00:00',0),(206,1,'Taiwan','TWN','TW',0,1,'0000-00-00 00:00:00',0,'0000-00-00 00:00:00',0,'0000-00-00 00:00:00',0),(207,1,'Tajikistan','TJK','TJ',0,1,'0000-00-00 00:00:00',0,'0000-00-00 00:00:00',0,'0000-00-00 00:00:00',0),(208,1,'Tanzania, United Republic of','TZA','TZ',0,1,'0000-00-00 00:00:00',0,'0000-00-00 00:00:00',0,'0000-00-00 00:00:00',0),(209,1,'Thailand','THA','TH',0,1,'0000-00-00 00:00:00',0,'0000-00-00 00:00:00',0,'0000-00-00 00:00:00',0),(210,1,'Togo','TGO','TG',0,1,'0000-00-00 00:00:00',0,'0000-00-00 00:00:00',0,'0000-00-00 00:00:00',0),(211,1,'Tokelau','TKL','TK',0,1,'0000-00-00 00:00:00',0,'0000-00-00 00:00:00',0,'0000-00-00 00:00:00',0),(212,1,'Tonga','TON','TO',0,1,'0000-00-00 00:00:00',0,'0000-00-00 00:00:00',0,'0000-00-00 00:00:00',0),(213,1,'Trinidad and Tobago','TTO','TT',0,1,'0000-00-00 00:00:00',0,'0000-00-00 00:00:00',0,'0000-00-00 00:00:00',0),(214,1,'Tunisia','TUN','TN',0,1,'0000-00-00 00:00:00',0,'0000-00-00 00:00:00',0,'0000-00-00 00:00:00',0),(215,1,'Turkey','TUR','TR',0,1,'0000-00-00 00:00:00',0,'0000-00-00 00:00:00',0,'0000-00-00 00:00:00',0),(216,1,'Turkmenistan','TKM','TM',0,1,'0000-00-00 00:00:00',0,'0000-00-00 00:00:00',0,'0000-00-00 00:00:00',0),(217,1,'Turks and Caicos Islands','TCA','TC',0,1,'0000-00-00 00:00:00',0,'0000-00-00 00:00:00',0,'0000-00-00 00:00:00',0),(218,1,'Tuvalu','TUV','TV',0,1,'0000-00-00 00:00:00',0,'0000-00-00 00:00:00',0,'0000-00-00 00:00:00',0),(219,1,'Uganda','UGA','UG',0,1,'0000-00-00 00:00:00',0,'0000-00-00 00:00:00',0,'0000-00-00 00:00:00',0),(220,1,'Ukraine','UKR','UA',0,1,'0000-00-00 00:00:00',0,'0000-00-00 00:00:00',0,'0000-00-00 00:00:00',0),(221,1,'United Arab Emirates','ARE','AE',0,1,'0000-00-00 00:00:00',0,'0000-00-00 00:00:00',0,'0000-00-00 00:00:00',0),(222,1,'United Kingdom','GBR','GB',0,1,'0000-00-00 00:00:00',0,'0000-00-00 00:00:00',0,'0000-00-00 00:00:00',0),(223,1,'United States','USA','US',0,1,'0000-00-00 00:00:00',0,'0000-00-00 00:00:00',0,'0000-00-00 00:00:00',0),(224,1,'United States Minor Outlying Islands','UMI','UM',0,1,'0000-00-00 00:00:00',0,'0000-00-00 00:00:00',0,'0000-00-00 00:00:00',0),(225,1,'Uruguay','URY','UY',0,1,'0000-00-00 00:00:00',0,'0000-00-00 00:00:00',0,'0000-00-00 00:00:00',0),(226,1,'Uzbekistan','UZB','UZ',0,1,'0000-00-00 00:00:00',0,'0000-00-00 00:00:00',0,'0000-00-00 00:00:00',0),(227,1,'Vanuatu','VUT','VU',0,1,'0000-00-00 00:00:00',0,'0000-00-00 00:00:00',0,'0000-00-00 00:00:00',0),(228,1,'Vatican City State (Holy See)','VAT','VA',0,1,'0000-00-00 00:00:00',0,'0000-00-00 00:00:00',0,'0000-00-00 00:00:00',0),(229,1,'Venezuela','VEN','VE',0,1,'0000-00-00 00:00:00',0,'0000-00-00 00:00:00',0,'0000-00-00 00:00:00',0),(230,1,'Viet Nam','VNM','VN',0,1,'0000-00-00 00:00:00',0,'0000-00-00 00:00:00',0,'0000-00-00 00:00:00',0),(231,1,'Virgin Islands (British)','VGB','VG',0,1,'0000-00-00 00:00:00',0,'0000-00-00 00:00:00',0,'0000-00-00 00:00:00',0),(232,1,'Virgin Islands (U.S.)','VIR','VI',0,1,'0000-00-00 00:00:00',0,'0000-00-00 00:00:00',0,'0000-00-00 00:00:00',0),(233,1,'Wallis and Futuna Islands','WLF','WF',0,1,'0000-00-00 00:00:00',0,'0000-00-00 00:00:00',0,'0000-00-00 00:00:00',0),(234,1,'Western Sahara','ESH','EH',0,1,'0000-00-00 00:00:00',0,'0000-00-00 00:00:00',0,'0000-00-00 00:00:00',0),(235,1,'Yemen','YEM','YE',0,1,'0000-00-00 00:00:00',0,'0000-00-00 00:00:00',0,'0000-00-00 00:00:00',0),(237,1,'The Democratic Republic of Congo','DRC','DC',0,1,'0000-00-00 00:00:00',0,'0000-00-00 00:00:00',0,'0000-00-00 00:00:00',0),(238,1,'Zambia','ZMB','ZM',0,1,'0000-00-00 00:00:00',0,'0000-00-00 00:00:00',0,'0000-00-00 00:00:00',0),(239,1,'Zimbabwe','ZWE','ZW',0,1,'0000-00-00 00:00:00',0,'0000-00-00 00:00:00',0,'0000-00-00 00:00:00',0),(240,1,'East Timor','XET','XE',0,1,'0000-00-00 00:00:00',0,'0000-00-00 00:00:00',0,'0000-00-00 00:00:00',0),(241,1,'Jersey','JEY','JE',0,1,'0000-00-00 00:00:00',0,'0000-00-00 00:00:00',0,'0000-00-00 00:00:00',0),(242,1,'St. Barthelemy','XSB','XB',0,1,'0000-00-00 00:00:00',0,'0000-00-00 00:00:00',0,'0000-00-00 00:00:00',0),(243,1,'St. Eustatius','XSE','XU',0,1,'0000-00-00 00:00:00',0,'0000-00-00 00:00:00',0,'0000-00-00 00:00:00',0),(244,1,'Canary Islands','XCA','XC',0,1,'0000-00-00 00:00:00',0,'0000-00-00 00:00:00',0,'0000-00-00 00:00:00',0),(245,1,'Serbia','SRB','RS',0,1,'0000-00-00 00:00:00',0,'0000-00-00 00:00:00',0,'0000-00-00 00:00:00',0),(246,1,'Sint Maarten (French Antilles)','MAF','MF',0,1,'0000-00-00 00:00:00',0,'0000-00-00 00:00:00',0,'0000-00-00 00:00:00',0),(247,1,'Sint Maarten (Netherlands Antilles)','SXM','SX',0,1,'0000-00-00 00:00:00',0,'0000-00-00 00:00:00',0,'0000-00-00 00:00:00',0),(248,1,'Palestinian Territory, occupied','PSE','PS',0,1,'0000-00-00 00:00:00',0,'0000-00-00 00:00:00',0,'0000-00-00 00:00:00',0);

--
-- Table structure for table `m9qyl_virtuemart_coupons`
--

CREATE TABLE `m9qyl_virtuemart_coupons` (
  `virtuemart_coupon_id` int(11) unsigned NOT NULL auto_increment,
  `coupon_code` char(32) NOT NULL default '',
  `percent_or_total` enum('percent','total') NOT NULL default 'percent',
  `coupon_type` enum('gift','permanent') NOT NULL default 'gift',
  `coupon_value` decimal(15,5) NOT NULL default '0.00000',
  `coupon_start_date` datetime default NULL,
  `coupon_expiry_date` datetime default NULL,
  `coupon_value_valid` decimal(15,5) NOT NULL default '0.00000',
  `published` tinyint(1) NOT NULL default '1',
  `created_on` datetime NOT NULL default '0000-00-00 00:00:00',
  `created_by` int(11) NOT NULL default '0',
  `modified_on` datetime NOT NULL default '0000-00-00 00:00:00',
  `modified_by` int(11) NOT NULL default '0',
  `locked_on` datetime NOT NULL default '0000-00-00 00:00:00',
  `locked_by` int(11) NOT NULL default '0',
  PRIMARY KEY  (`virtuemart_coupon_id`),
  KEY `idx_coupon_code` (`coupon_code`)
) ENGINE=MyISAM DEFAULT CHARSET=utf8 COMMENT='Used to store coupon codes';

--
-- Dumping data for table `m9qyl_virtuemart_coupons`
--


--
-- Table structure for table `m9qyl_virtuemart_currencies`
--

CREATE TABLE `m9qyl_virtuemart_currencies` (
  `virtuemart_currency_id` smallint(1) unsigned NOT NULL auto_increment,
  `virtuemart_vendor_id` smallint(1) unsigned NOT NULL default '1',
  `currency_name` char(64) default NULL,
  `currency_code_2` char(2) default NULL,
  `currency_code_3` char(3) default NULL,
  `currency_numeric_code` int(4) default NULL,
  `currency_exchange_rate` decimal(10,5) default NULL,
  `currency_symbol` char(4) default NULL,
  `currency_decimal_place` char(4) default NULL,
  `currency_decimal_symbol` char(4) default NULL,
  `currency_thousands` char(4) default NULL,
  `currency_positive_style` char(64) default NULL,
  `currency_negative_style` char(64) default NULL,
  `ordering` int(2) NOT NULL default '0',
  `shared` tinyint(1) NOT NULL default '1',
  `published` tinyint(1) NOT NULL default '1',
  `created_on` datetime NOT NULL default '0000-00-00 00:00:00',
  `created_by` int(11) NOT NULL default '0',
  `modified_on` datetime NOT NULL default '0000-00-00 00:00:00',
  `modified_by` int(11) NOT NULL default '0',
  `locked_on` datetime NOT NULL default '0000-00-00 00:00:00',
  `locked_by` int(11) NOT NULL default '0',
  PRIMARY KEY  (`virtuemart_currency_id`),
  KEY `virtuemart_vendor_id` (`virtuemart_vendor_id`),
  KEY `idx_currency_code_3` (`currency_code_3`),
  KEY `idx_currency_numeric_code` (`currency_numeric_code`)
) ENGINE=MyISAM AUTO_INCREMENT=202 DEFAULT CHARSET=utf8 COMMENT='Used to store currencies';

--
-- Dumping data for table `m9qyl_virtuemart_currencies`
--

INSERT INTO `m9qyl_virtuemart_currencies` VALUES (2,1,'United Arab Emirates dirham','','AED',784,'0.00000','د.إ','2',',','','{number} {symbol}','{sign}{number} {symbol}',0,1,1,'0000-00-00 00:00:00',0,'0000-00-00 00:00:00',0,'0000-00-00 00:00:00',0),(4,1,'Albanian lek','','ALL',8,'0.00000','Lek','2',',','','{number} {symbol}','{sign}{number} {symbol}',0,1,1,'0000-00-00 00:00:00',0,'0000-00-00 00:00:00',0,'0000-00-00 00:00:00',0),(5,1,'Netherlands Antillean gulden','','ANG',532,'0.00000','ƒ','2',',','','{number} {symbol}','{sign}{number} {symbol}',0,1,1,'0000-00-00 00:00:00',0,'0000-00-00 00:00:00',0,'0000-00-00 00:00:00',0),(7,1,'Argentine peso','','ARS',32,'0.00000','$','2',',','','{number} {symbol}','{sign}{number} {symbol}',0,1,1,'0000-00-00 00:00:00',0,'0000-00-00 00:00:00',0,'0000-00-00 00:00:00',0),(9,1,'Australian dollar','','AUD',36,'0.00000','$','2',',','','{number} {symbol}','{sign}{number} {symbol}',0,1,1,'0000-00-00 00:00:00',0,'0000-00-00 00:00:00',0,'0000-00-00 00:00:00',0),(10,1,'Aruban florin','','AWG',533,'0.00000','ƒ','2',',','','{number} {symbol}','{sign}{number} {symbol}',0,1,1,'0000-00-00 00:00:00',0,'0000-00-00 00:00:00',0,'0000-00-00 00:00:00',0),(11,1,'Barbadian dollar','','BBD',52,'0.00000','$','2',',','','{number} {symbol}','{sign}{number} {symbol}',0,1,1,'0000-00-00 00:00:00',0,'0000-00-00 00:00:00',0,'0000-00-00 00:00:00',0),(12,1,'Bangladeshi taka','','BDT',50,'0.00000','৳','2',',','','{number} {symbol}','{sign}{number} {symbol}',0,1,1,'0000-00-00 00:00:00',0,'0000-00-00 00:00:00',0,'0000-00-00 00:00:00',0),(15,1,'Bahraini dinar','','BHD',48,'0.00000','ب.د','2',',','','{number} {symbol}','{sign}{number} {symbol}',0,1,1,'0000-00-00 00:00:00',0,'0000-00-00 00:00:00',0,'0000-00-00 00:00:00',0),(16,1,'Burundian franc','','BIF',108,'0.00000','Fr','0','','','{number} {symbol}','{sign}{number} {symbol}',0,1,1,'0000-00-00 00:00:00',0,'0000-00-00 00:00:00',0,'0000-00-00 00:00:00',0),(17,1,'Bermudian dollar','','BMD',60,'0.00000','$','2',',','','{number} {symbol}','{sign}{number} {symbol}',0,1,1,'0000-00-00 00:00:00',0,'0000-00-00 00:00:00',0,'0000-00-00 00:00:00',0),(18,1,'Brunei dollar','','BND',96,'0.00000','$','2',',','','{number} {symbol}','{sign}{number} {symbol}',0,1,1,'0000-00-00 00:00:00',0,'0000-00-00 00:00:00',0,'0000-00-00 00:00:00',0),(19,1,'Bolivian boliviano','','BOB',68,'0.00000','$b','2',',','','{number} {symbol}','{sign}{number} {symbol}',0,1,1,'0000-00-00 00:00:00',0,'0000-00-00 00:00:00',0,'0000-00-00 00:00:00',0),(20,1,'Brazilian real','','BRL',986,'0.00000','R$','2','.',',','{symbol} {number}','{symbol} {sign}{number}',0,1,1,'0000-00-00 00:00:00',0,'0000-00-00 00:00:00',0,'0000-00-00 00:00:00',0),(21,1,'Bahamian dollar','','BSD',44,'0.00000','$','2',',','','{number} {symbol}','{sign}{number} {symbol}',0,1,1,'0000-00-00 00:00:00',0,'0000-00-00 00:00:00',0,'0000-00-00 00:00:00',0),(22,1,'Bhutanese ngultrum','','BTN',64,'0.00000','BTN','2',',','','{number} {symbol}','{sign}{number} {symbol}',0,1,1,'0000-00-00 00:00:00',0,'0000-00-00 00:00:00',0,'0000-00-00 00:00:00',0),(24,1,'Botswana pula','','BWP',72,'0.00000','P','2',',','','{number} {symbol}','{sign}{number} {symbol}',0,1,1,'0000-00-00 00:00:00',0,'0000-00-00 00:00:00',0,'0000-00-00 00:00:00',0),(25,1,'Belize dollar','','BZD',84,'0.00000','BZ$','2',',','','{number} {symbol}','{sign}{number} {symbol}',0,1,1,'0000-00-00 00:00:00',0,'0000-00-00 00:00:00',0,'0000-00-00 00:00:00',0),(26,1,'Canadian dollar','','CAD',124,'0.00000','$','2','.',',','{symbol}{number}','{symbol}{sign}{number}',0,1,1,'0000-00-00 00:00:00',0,'0000-00-00 00:00:00',0,'0000-00-00 00:00:00',0),(27,1,'Swiss franc','','CHF',756,'0.00000','CHF','2',',','','{number} {symbol}','{sign}{number} {symbol}',0,1,1,'0000-00-00 00:00:00',0,'0000-00-00 00:00:00',0,'0000-00-00 00:00:00',0),(28,1,'Unidad de Fomento','','CLF',990,'0.00000','CLF','0',',','','{number} {symbol}','{sign}{number} {symbol}',0,1,1,'0000-00-00 00:00:00',0,'0000-00-00 00:00:00',0,'0000-00-00 00:00:00',0),(29,1,'Chilean peso','','CLP',152,'0.00000','$','2',',','','{number} {symbol}','{sign}{number} {symbol}',0,1,1,'0000-00-00 00:00:00',0,'0000-00-00 00:00:00',0,'0000-00-00 00:00:00',0),(30,1,'Chinese renminbi yuan','','CNY',156,'0.00000','元','2',',','','{number} {symbol}','{sign}{number} {symbol}',0,1,1,'0000-00-00 00:00:00',0,'0000-00-00 00:00:00',0,'0000-00-00 00:00:00',0),(31,1,'Colombian peso','','COP',170,'0.00000','$','2',',','','{number} {symbol}','{sign}{number} {symbol}',0,1,1,'0000-00-00 00:00:00',0,'0000-00-00 00:00:00',0,'0000-00-00 00:00:00',0),(32,1,'Costa Rican colón','','CRC',188,'0.00000','₡','2',',','','{number} {symbol}','{sign}{number} {symbol}',0,1,1,'0000-00-00 00:00:00',0,'0000-00-00 00:00:00',0,'0000-00-00 00:00:00',0),(33,1,'Czech koruna','','CZK',203,'0.00000','Kč','2',',','','{number} {symbol}','{sign}{number} {symbol}',0,1,1,'0000-00-00 00:00:00',0,'0000-00-00 00:00:00',0,'0000-00-00 00:00:00',0),(34,1,'Cuban peso','','CUP',192,'0.00000','₱','2',',','','{number} {symbol}','{sign}{number} {symbol}',0,1,1,'0000-00-00 00:00:00',0,'0000-00-00 00:00:00',0,'0000-00-00 00:00:00',0),(35,1,'Cape Verdean escudo','','CVE',132,'0.00000','$','0','','','{number} {symbol}','{sign}{number} {symbol}',0,1,1,'0000-00-00 00:00:00',0,'0000-00-00 00:00:00',0,'0000-00-00 00:00:00',0),(40,1,'Danish krone','','DKK',208,'0.00000','kr','2','.',',','{symbol}{number}','{symbol}{sign}{number}',0,1,1,'0000-00-00 00:00:00',0,'0000-00-00 00:00:00',0,'0000-00-00 00:00:00',0),(41,1,'Dominican peso','','DOP',214,'0.00000','RD$','2',',','','{number} {symbol}','{sign}{number} {symbol}',0,1,1,'0000-00-00 00:00:00',0,'0000-00-00 00:00:00',0,'0000-00-00 00:00:00',0),(42,1,'Algerian dinar','','DZD',12,'0.00000','د.ج','2',',','','{number} {symbol}','{sign}{number} {symbol}',0,1,1,'0000-00-00 00:00:00',0,'0000-00-00 00:00:00',0,'0000-00-00 00:00:00',0),(44,1,'Egyptian pound','','EGP',818,'0.00000','£','2',',','','{number} {symbol}','{sign}{number} {symbol}',0,1,1,'0000-00-00 00:00:00',0,'0000-00-00 00:00:00',0,'0000-00-00 00:00:00',0),(46,1,'Ethiopian birr','','ETB',230,'0.00000','ETB','2',',','','{number} {symbol}','{sign}{number} {symbol}',0,1,1,'0000-00-00 00:00:00',0,'0000-00-00 00:00:00',0,'0000-00-00 00:00:00',0),(47,1,'Euro','','EUR',978,'0.00000','€','2',',','','{number} {symbol}','{sign}{number} {symbol}',0,1,1,'0000-00-00 00:00:00',0,'0000-00-00 00:00:00',0,'0000-00-00 00:00:00',0),(49,1,'Fijian dollar','','FJD',242,'0.00000','$','2',',','','{number} {symbol}','{sign}{number} {symbol}',0,1,1,'0000-00-00 00:00:00',0,'0000-00-00 00:00:00',0,'0000-00-00 00:00:00',0),(50,1,'Falkland pound','','FKP',238,'0.00000','£','2',',','','{number} {symbol}','{sign}{number} {symbol}',0,1,1,'0000-00-00 00:00:00',0,'0000-00-00 00:00:00',0,'0000-00-00 00:00:00',0),(52,1,'British pound','','GBP',826,'0.00000','£','2','.',',','{symbol}{number}','{symbol}{sign}{number}',0,1,1,'0000-00-00 00:00:00',0,'0000-00-00 00:00:00',0,'0000-00-00 00:00:00',0),(54,1,'Gibraltar pound','','GIP',292,'0.00000','£','2',',','','{number} {symbol}','{sign}{number} {symbol}',0,1,1,'0000-00-00 00:00:00',0,'0000-00-00 00:00:00',0,'0000-00-00 00:00:00',0),(55,1,'Gambian dalasi','','GMD',270,'0.00000','D','2',',','','{number} {symbol}','{sign}{number} {symbol}',0,1,1,'0000-00-00 00:00:00',0,'0000-00-00 00:00:00',0,'0000-00-00 00:00:00',0),(56,1,'Guinean franc','','GNF',324,'0.00000','Fr','0','','','{number} {symbol}','{sign}{number} {symbol}',0,1,1,'0000-00-00 00:00:00',0,'0000-00-00 00:00:00',0,'0000-00-00 00:00:00',0),(58,1,'Guatemalan quetzal','','GTQ',320,'0.00000','Q','2',',','','{number} {symbol}','{sign}{number} {symbol}',0,1,1,'0000-00-00 00:00:00',0,'0000-00-00 00:00:00',0,'0000-00-00 00:00:00',0),(60,1,'Guyanese dollar','','GYD',328,'0.00000','$','2',',','','{number} {symbol}','{sign}{number} {symbol}',0,1,1,'0000-00-00 00:00:00',0,'0000-00-00 00:00:00',0,'0000-00-00 00:00:00',0),(61,1,'Hong Kong dollar','','HKD',344,'0.00000','元','2',',','','{number} {symbol}','{sign}{number} {symbol}',0,1,1,'0000-00-00 00:00:00',0,'0000-00-00 00:00:00',0,'0000-00-00 00:00:00',0),(62,1,'Honduran lempira','','HNL',340,'0.00000','L','2',',','','{number} {symbol}','{sign}{number} {symbol}',0,1,1,'0000-00-00 00:00:00',0,'0000-00-00 00:00:00',0,'0000-00-00 00:00:00',0),(63,1,'Haitian gourde','','HTG',332,'0.00000','G','2',',','','{number} {symbol}','{sign}{number} {symbol}',0,1,1,'0000-00-00 00:00:00',0,'0000-00-00 00:00:00',0,'0000-00-00 00:00:00',0),(64,1,'Hungarian forint','','HUF',348,'0.00000','Ft','2',',','','{number} {symbol}','{sign}{number} {symbol}',0,1,1,'0000-00-00 00:00:00',0,'0000-00-00 00:00:00',0,'0000-00-00 00:00:00',0),(65,1,'Indonesian rupiah','','IDR',360,'0.00000','Rp','0','','','{symbol}{number}','{symbol}{sign}{number}',0,1,1,'0000-00-00 00:00:00',0,'0000-00-00 00:00:00',0,'0000-00-00 00:00:00',0),(67,1,'Israeli new sheqel','','ILS',376,'0.00000','₪','2',',','','{number} {symbol}','{sign}{number} {symbol}',0,1,1,'0000-00-00 00:00:00',0,'0000-00-00 00:00:00',0,'0000-00-00 00:00:00',0),(68,1,'Indian rupee','','INR',356,'0.00000','₨','2',',','','{number} {symbol}','{sign}{number} {symbol}',0,1,1,'0000-00-00 00:00:00',0,'0000-00-00 00:00:00',0,'0000-00-00 00:00:00',0),(69,1,'Iraqi dinar','','IQD',368,'0.00000','ع.د','0','','','{number} {symbol}','{sign}{number} {symbol}',0,1,1,'0000-00-00 00:00:00',0,'0000-00-00 00:00:00',0,'0000-00-00 00:00:00',0),(70,1,'Iranian rial','','IRR',364,'0.00000','﷼','2',',','','{number} {symbol}','{sign}{number}{symb0l}',0,1,1,'0000-00-00 00:00:00',0,'0000-00-00 00:00:00',0,'0000-00-00 00:00:00',0),(73,1,'Jamaican dollar','','JMD',388,'0.00000','J$','2',',','','{number} {symbol}','{sign}{number} {symbol}',0,1,1,'0000-00-00 00:00:00',0,'0000-00-00 00:00:00',0,'0000-00-00 00:00:00',0),(74,1,'Jordanian dinar','','JOD',400,'0.00000','د.ا','2',',','','{number} {symbol}','{sign}{number} {symbol}',0,1,1,'0000-00-00 00:00:00',0,'0000-00-00 00:00:00',0,'0000-00-00 00:00:00',0),(75,1,'Japanese yen','','JPY',392,'0.00000','¥','2',',','','{number} {symbol}','{sign}{number} {symbol}',0,1,1,'0000-00-00 00:00:00',0,'0000-00-00 00:00:00',0,'0000-00-00 00:00:00',0),(76,1,'Kenyan shilling','','KES',404,'0.00000','Sh','2',',','','{number} {symbol}','{sign}{number} {symbol}',0,1,1,'0000-00-00 00:00:00',0,'0000-00-00 00:00:00',0,'0000-00-00 00:00:00',0),(77,1,'Cambodian riel','','KHR',116,'0.00000','៛','2',',','','{number} {symbol}','{sign}{number} {symbol}',0,1,1,'0000-00-00 00:00:00',0,'0000-00-00 00:00:00',0,'0000-00-00 00:00:00',0),(78,1,'Comorian franc','','KMF',174,'0.00000','Fr','0','','','{number} {symbol}','{sign}{number} {symbol}',0,1,1,'0000-00-00 00:00:00',0,'0000-00-00 00:00:00',0,'0000-00-00 00:00:00',0),(79,1,'North Korean won','','KPW',408,'0.00000','₩','0','','','{number} {symbol}','{sign}{number} {symbol}',0,1,1,'0000-00-00 00:00:00',0,'0000-00-00 00:00:00',0,'0000-00-00 00:00:00',0),(80,1,'South Korean won','','KRW',410,'0.00000','₩','0','','','{number} {symbol}','{sign}{number} {symbol}',0,1,1,'0000-00-00 00:00:00',0,'0000-00-00 00:00:00',0,'0000-00-00 00:00:00',0),(81,1,'Kuwaiti dinar','','KWD',414,'0.00000','د.ك','2',',','','{number} {symbol}','{sign}{number} {symbol}',0,1,1,'0000-00-00 00:00:00',0,'0000-00-00 00:00:00',0,'0000-00-00 00:00:00',0),(82,1,'Cayman Islands dollar','','KYD',136,'0.00000','$','2',',','','{number} {symbol}','{sign}{number} {symbol}',0,1,1,'0000-00-00 00:00:00',0,'0000-00-00 00:00:00',0,'0000-00-00 00:00:00',0),(83,1,'Lao kip','','LAK',418,'0.00000','₭','0','','','{number} {symbol}','{sign}{number} {symbol}',0,1,1,'0000-00-00 00:00:00',0,'0000-00-00 00:00:00',0,'0000-00-00 00:00:00',0),(84,1,'Lebanese pound','','LBP',422,'0.00000','£','0','','','{number} {symbol}','{sign}{number} {symbol}',0,1,1,'0000-00-00 00:00:00',0,'0000-00-00 00:00:00',0,'0000-00-00 00:00:00',0),(85,1,'Sri Lankan rupee','','LKR',144,'0.00000','₨','2',',','','{number} {symbol}','{sign}{number} {symbol}',0,1,1,'0000-00-00 00:00:00',0,'0000-00-00 00:00:00',0,'0000-00-00 00:00:00',0),(86,1,'Liberian dollar','','LRD',430,'0.00000','$','2',',','','{number} {symbol}','{sign}{number} {symbol}',0,1,1,'0000-00-00 00:00:00',0,'0000-00-00 00:00:00',0,'0000-00-00 00:00:00',0),(87,1,'Lesotho loti','','LSL',426,'0.00000','L','2',',','','{number} {symbol}','{sign}{number} {symbol}',0,1,1,'0000-00-00 00:00:00',0,'0000-00-00 00:00:00',0,'0000-00-00 00:00:00',0),(89,1,'Libyan dinar','','LYD',434,'0.00000','ل.د','3',',','','{number} {symbol}','{sign}{number} {symbol}',0,1,1,'0000-00-00 00:00:00',0,'0000-00-00 00:00:00',0,'0000-00-00 00:00:00',0),(90,1,'Moroccan dirham','','MAD',504,'0.00000','د.م.','2',',','','{number} {symbol}','{sign}{number} {symbol}',0,1,1,'0000-00-00 00:00:00',0,'0000-00-00 00:00:00',0,'0000-00-00 00:00:00',0),(92,1,'Mongolian tögrög','','MNT',496,'0.00000','₮','2',',','','{number} {symbol}','{sign}{number} {symbol}',0,1,1,'0000-00-00 00:00:00',0,'0000-00-00 00:00:00',0,'0000-00-00 00:00:00',0),(93,1,'Macanese pataca','','MOP',446,'0.00000','P','1',',','','{symbol}{number}','{symbol}{sign}{number}',0,1,1,'0000-00-00 00:00:00',0,'0000-00-00 00:00:00',0,'0000-00-00 00:00:00',0),(94,1,'Mauritanian ouguiya','','MRO',478,'0.00000','UM','2',',','','{number} {symbol}','{sign}{number} {symbol}',0,1,1,'0000-00-00 00:00:00',0,'0000-00-00 00:00:00',0,'0000-00-00 00:00:00',0),(96,1,'Mauritian rupee','','MUR',480,'0.00000','₨','2',',','','{number} {symbol}','{sign}{number} {symbol}',0,1,1,'0000-00-00 00:00:00',0,'0000-00-00 00:00:00',0,'0000-00-00 00:00:00',0),(97,1,'Maldivian rufiyaa','','MVR',462,'0.00000','ރ.','2',',','','{number} {symbol}','{sign}{number} {symbol}',0,1,1,'0000-00-00 00:00:00',0,'0000-00-00 00:00:00',0,'0000-00-00 00:00:00',0),(98,1,'Malawian kwacha','','MWK',454,'0.00000','MK','2',',','','{number} {symbol}','{sign}{number} {symbol}',0,1,1,'0000-00-00 00:00:00',0,'0000-00-00 00:00:00',0,'0000-00-00 00:00:00',0),(100,1,'Malaysian ringgit','','MYR',458,'0.00000','RM','2',',','','{number} {symbol}','{sign}{number} {symbol}',0,1,1,'0000-00-00 00:00:00',0,'0000-00-00 00:00:00',0,'0000-00-00 00:00:00',0),(102,1,'Nigerian naira','','NGN',566,'0.00000','₦','2',',','','{number} {symbol}','{sign}{number} {symbol}',0,1,1,'0000-00-00 00:00:00',0,'0000-00-00 00:00:00',0,'0000-00-00 00:00:00',0),(105,1,'Norwegian krone','','NOK',578,'0.00000','kr','2',',','','{symbol}{number}','{symbol}{sign}{number}',0,1,1,'0000-00-00 00:00:00',0,'0000-00-00 00:00:00',0,'0000-00-00 00:00:00',0),(106,1,'Nepalese rupee','','NPR',524,'0.00000','₨','2',',','','{number} {symbol}','{sign}{number} {symbol}',0,1,1,'0000-00-00 00:00:00',0,'0000-00-00 00:00:00',0,'0000-00-00 00:00:00',0),(107,1,'New Zealand dollar','','NZD',554,'0.00000','$','2',',','','{number} {symbol}','{sign}{number} {symbol}',0,1,1,'0000-00-00 00:00:00',0,'0000-00-00 00:00:00',0,'0000-00-00 00:00:00',0),(108,1,'Omani rial','','OMR',512,'0.00000','﷼','3','.','','{number} {symbol}','{sign}{number} {symbol}',0,1,1,'0000-00-00 00:00:00',0,'0000-00-00 00:00:00',0,'0000-00-00 00:00:00',0),(109,1,'Panamanian balboa','','PAB',590,'0.00000','B/.','2',',','','{number} {symbol}','{sign}{number} {symbol}',0,1,1,'0000-00-00 00:00:00',0,'0000-00-00 00:00:00',0,'0000-00-00 00:00:00',0),(110,1,'Peruvian nuevo sol','','PEN',604,'0.00000','S/.','2',',','','{number} {symbol}','{sign}{number} {symbol}',0,1,1,'0000-00-00 00:00:00',0,'0000-00-00 00:00:00',0,'0000-00-00 00:00:00',0),(111,1,'Papua New Guinean kina','','PGK',598,'0.00000','K','2',',','','{number} {symbol}','{sign}{number} {symbol}',0,1,1,'0000-00-00 00:00:00',0,'0000-00-00 00:00:00',0,'0000-00-00 00:00:00',0),(112,1,'Philippine peso','','PHP',608,'0.00000','₱','2',',','','{number} {symbol}','{sign}{number} {symbol}',0,1,1,'0000-00-00 00:00:00',0,'0000-00-00 00:00:00',0,'0000-00-00 00:00:00',0),(113,1,'Pakistani rupee','','PKR',586,'0.00000','₨','2',',','','{number} {symbol}','{sign}{number} {symbol}',0,1,1,'0000-00-00 00:00:00',0,'0000-00-00 00:00:00',0,'0000-00-00 00:00:00',0),(114,1,'Polish Złoty','','PLN',985,'0.00000','zł','2',',','','{number} {symbol}','{sign}{number} {symbol}',0,1,1,'0000-00-00 00:00:00',0,'0000-00-00 00:00:00',0,'0000-00-00 00:00:00',0),(116,1,'Paraguayan guaraní','','PYG',600,'0.00000','₲','0','','.','{symbol} {number}','{symbol} {sign}{number}',0,1,1,'0000-00-00 00:00:00',0,'0000-00-00 00:00:00',0,'0000-00-00 00:00:00',0),(117,1,'Qatari riyal','','QAR',634,'0.00000','﷼','2',',','','{number} {symbol}','{sign}{number} {symbol}',0,1,1,'0000-00-00 00:00:00',0,'0000-00-00 00:00:00',0,'0000-00-00 00:00:00',0),(118,1,'Romanian leu','','RON',946,'0.00000','lei','2',',','.','{number} {symbol}','{sign}{number} {symbol}',0,1,1,'0000-00-00 00:00:00',0,'0000-00-00 00:00:00',0,'0000-00-00 00:00:00',0),(119,1,'Rwandan franc','','RWF',646,'0.00000','Fr','2',',','','{number} {symbol}','{sign}{number} {symbol}',0,1,1,'0000-00-00 00:00:00',0,'0000-00-00 00:00:00',0,'0000-00-00 00:00:00',0),(120,1,'Saudi riyal','','SAR',682,'0.00000','﷼','2',',','','{number} {symbol}','{sign}{number} {symbol}',0,1,1,'0000-00-00 00:00:00',0,'0000-00-00 00:00:00',0,'0000-00-00 00:00:00',0),(121,1,'Solomon Islands dollar','','SBD',90,'0.00000','$','2',',','','{number} {symbol}','{sign}{number} {symbol}',0,1,1,'0000-00-00 00:00:00',0,'0000-00-00 00:00:00',0,'0000-00-00 00:00:00',0),(122,1,'Seychellois rupee','','SCR',690,'0.00000','₨','2',',','','{number} {symbol}','{sign}{number} {symbol}',0,1,1,'0000-00-00 00:00:00',0,'0000-00-00 00:00:00',0,'0000-00-00 00:00:00',0),(124,1,'Swedish krona','','SEK',752,'0.00000','kr','2',',','.','{number} {symbol}','{sign}{number} {symbol}',0,1,1,'0000-00-00 00:00:00',0,'0000-00-00 00:00:00',0,'0000-00-00 00:00:00',0),(125,1,'Singapore dollar','','SGD',702,'0.00000','$','2',',','','{number} {symbol}','{sign}{number} {symbol}',0,1,1,'0000-00-00 00:00:00',0,'0000-00-00 00:00:00',0,'0000-00-00 00:00:00',0),(126,1,'Saint Helenian pound','','SHP',654,'0.00000','£','2',',','','{number} {symbol}','{sign}{number} {symbol}',0,1,1,'0000-00-00 00:00:00',0,'0000-00-00 00:00:00',0,'0000-00-00 00:00:00',0),(127,1,'Sierra Leonean leone','','SLL',694,'0.00000','Le','2',',','','{number} {symbol}','{sign}{number} {symbol}',0,1,1,'0000-00-00 00:00:00',0,'0000-00-00 00:00:00',0,'0000-00-00 00:00:00',0),(128,1,'Somali shilling','','SOS',706,'0.00000','S','2',',','','{number} {symbol}','{sign}{number} {symbol}',0,1,1,'0000-00-00 00:00:00',0,'0000-00-00 00:00:00',0,'0000-00-00 00:00:00',0),(130,1,'São Tomé and Príncipe dobra','','STD',678,'0.00000','Db','0','','','{number} {symbol}','{sign}{number} {symbol}',0,1,1,'0000-00-00 00:00:00',0,'0000-00-00 00:00:00',0,'0000-00-00 00:00:00',0),(131,1,'Russian ruble','','RUB',643,'0.00000','руб','2',',','','{number} {symbol}','{sign}{number} {symbol}',0,1,1,'0000-00-00 00:00:00',0,'0000-00-00 00:00:00',0,'0000-00-00 00:00:00',0),(132,1,'Salvadoran colón','','SVC',222,'0.00000','$','2',',','','{number} {symbol}','{sign}{number} {symbol}',0,1,1,'0000-00-00 00:00:00',0,'0000-00-00 00:00:00',0,'0000-00-00 00:00:00',0),(133,1,'Syrian pound','','SYP',760,'0.00000','£','2',',','','{number} {symbol}','{sign}{number} {symbol}',0,1,1,'0000-00-00 00:00:00',0,'0000-00-00 00:00:00',0,'0000-00-00 00:00:00',0),(134,1,'Swazi lilangeni','','SZL',748,'0.00000','L','2',',','','{number} {symbol}','{sign}{number} {symbol}',0,1,1,'0000-00-00 00:00:00',0,'0000-00-00 00:00:00',0,'0000-00-00 00:00:00',0),(135,1,'Thai baht','','THB',764,'0.00000','฿','2',',','','{number} {symbol}','{sign}{number} {symbol}',0,1,1,'0000-00-00 00:00:00',0,'0000-00-00 00:00:00',0,'0000-00-00 00:00:00',0),(136,1,'Tunisian dinar','','TND',788,'0.00000','د.ت','3',',','','{number} {symbol}','{sign}{number} {symbol}',0,1,1,'0000-00-00 00:00:00',0,'0000-00-00 00:00:00',0,'0000-00-00 00:00:00',0),(137,1,'Tongan paʻanga','','TOP',776,'0.00000','T$','2',',','','{number} {symbol}','{sign}{number} {symbol}',0,1,1,'0000-00-00 00:00:00',0,'0000-00-00 00:00:00',0,'0000-00-00 00:00:00',0),(139,1,'Turkish new lira','','TRY',949,'0.00000','YTL','2',',','.','{number} {symbol}','{sign}{number} {symbol}',0,1,1,'0000-00-00 00:00:00',0,'0000-00-00 00:00:00',0,'0000-00-00 00:00:00',0),(140,1,'Trinidad and Tobago dollar','','TTD',780,'0.00000','TT$','2',',','','{number} {symbol}','{sign}{number} {symbol}',0,1,1,'0000-00-00 00:00:00',0,'0000-00-00 00:00:00',0,'0000-00-00 00:00:00',0),(141,1,'New Taiwan dollar','','TWD',901,'0.00000','NT$','2',',','','{number} {symbol}','{sign}{number} {symbol}',0,1,1,'0000-00-00 00:00:00',0,'0000-00-00 00:00:00',0,'0000-00-00 00:00:00',0),(142,1,'Tanzanian shilling','','TZS',834,'0.00000','Sh','2',',','','{number} {symbol}','{sign}{number} {symbol}',0,1,1,'0000-00-00 00:00:00',0,'0000-00-00 00:00:00',0,'0000-00-00 00:00:00',0),(144,1,'United States dollar','','USD',840,'0.00000','$','2','.',',','{symbol}{number}','{symbol}{sign}{number}',0,1,1,'0000-00-00 00:00:00',0,'0000-00-00 00:00:00',0,'0000-00-00 00:00:00',0),(147,1,'Vietnamese Dong','','VND',704,'0.00000','₫','0','','','{number} {symbol}','{sign}{number} {symbol}',0,1,1,'0000-00-00 00:00:00',0,'0000-00-00 00:00:00',0,'0000-00-00 00:00:00',0),(148,1,'Vanuatu vatu','','VUV',548,'0.00000','Vt','2',',','','{number} {symbol}','{sign}{number} {symbol}',0,1,1,'0000-00-00 00:00:00',0,'0000-00-00 00:00:00',0,'0000-00-00 00:00:00',0),(149,1,'Samoan tala','','WST',882,'0.00000','T','2',',','','{number} {symbol}','{sign}{number} {symbol}',0,1,1,'0000-00-00 00:00:00',0,'0000-00-00 00:00:00',0,'0000-00-00 00:00:00',0),(151,1,'Yemeni rial','','YER',886,'0.00000','﷼','2',',','','{number} {symbol}','{sign}{number} {symbol}',0,1,1,'0000-00-00 00:00:00',0,'0000-00-00 00:00:00',0,'0000-00-00 00:00:00',0),(152,1,'Serbian dinar','','RSD',941,'0.00000','Дин.','2',',','','{number} {symbol}','{sign}{number} {symbol}',0,1,1,'0000-00-00 00:00:00',0,'0000-00-00 00:00:00',0,'0000-00-00 00:00:00',0),(153,1,'South African rand','','ZAR',710,'0.00000','R','2',',','','{number} {symbol}','{sign}{number} {symbol}',0,1,1,'0000-00-00 00:00:00',0,'0000-00-00 00:00:00',0,'0000-00-00 00:00:00',0),(154,1,'Zambian kwacha','','ZMK',894,'0.00000','ZK','2',',','','{number} {symbol}','{sign}{number} {symbol}',0,1,1,'0000-00-00 00:00:00',0,'0000-00-00 00:00:00',0,'0000-00-00 00:00:00',0),(156,1,'Zimbabwean dollar','','ZWD',932,'0.00000','Z$','2',',','','{number} {symbol}','{sign}{number} {symbol}',0,1,1,'0000-00-00 00:00:00',0,'0000-00-00 00:00:00',0,'0000-00-00 00:00:00',0),(158,1,'Armenian dram','','AMD',51,'0.00000','դր.','2',',','','{number} {symbol}','{sign}{number} {symbol}',0,1,1,'0000-00-00 00:00:00',0,'0000-00-00 00:00:00',0,'0000-00-00 00:00:00',0),(159,1,'Myanmar kyat','','MMK',104,'0.00000','K','2',',','','{number} {symbol}','{symbol} {sign}{number}',0,1,1,'0000-00-00 00:00:00',0,'0000-00-00 00:00:00',0,'0000-00-00 00:00:00',0),(160,1,'Croatian kuna','','HRK',191,'0.00000','kn','2',',','.','{number} {symbol}','{sign}{number} {symbol}',0,1,1,'0000-00-00 00:00:00',0,'0000-00-00 00:00:00',0,'0000-00-00 00:00:00',0),(161,1,'Eritrean nakfa','','ERN',232,'0.00000','Nfk','2',',','','{number} {symbol}','{sign}{number} {symbol}',0,1,1,'0000-00-00 00:00:00',0,'0000-00-00 00:00:00',0,'0000-00-00 00:00:00',0),(162,1,'Djiboutian franc','','DJF',262,'0.00000','Fr','0','','','{number} {symbol}','{sign}{number} {symbol}',0,1,1,'0000-00-00 00:00:00',0,'0000-00-00 00:00:00',0,'0000-00-00 00:00:00',0),(163,1,'Icelandic króna','','ISK',352,'0.00000','kr','2',',','','{number} {symbol}','{sign}{number} {symbol}',0,1,1,'0000-00-00 00:00:00',0,'0000-00-00 00:00:00',0,'0000-00-00 00:00:00',0),(164,1,'Kazakhstani tenge','','KZT',398,'0.00000','лв','2',',','','{number} {symbol}','{sign}{number} {symbol}',0,1,1,'0000-00-00 00:00:00',0,'0000-00-00 00:00:00',0,'0000-00-00 00:00:00',0),(165,1,'Kyrgyzstani som','','KGS',417,'0.00000','лв','2',',','','{number} {symbol}','{sign}{number} {symbol}',0,1,1,'0000-00-00 00:00:00',0,'0000-00-00 00:00:00',0,'0000-00-00 00:00:00',0),(166,1,'Latvian lats','','LVL',428,'0.00000','Ls','2',',','','{number} {symbol}','{sign}{number} {symbol}',0,1,1,'0000-00-00 00:00:00',0,'0000-00-00 00:00:00',0,'0000-00-00 00:00:00',0),(167,1,'Lithuanian litas','','LTL',440,'0.00000','Lt','2',',','','{number} {symbol}','{sign}{number} {symbol}',0,1,1,'0000-00-00 00:00:00',0,'0000-00-00 00:00:00',0,'0000-00-00 00:00:00',0),(168,1,'Mexican peso','','MXN',484,'0.00000','$','2',',','','{number} {symbol}','{sign}{number} {symbol}',0,1,1,'0000-00-00 00:00:00',0,'0000-00-00 00:00:00',0,'0000-00-00 00:00:00',0),(169,1,'Moldovan leu','','MDL',498,'0.00000','L','2',',','','{number} {symbol}','{sign}{number} {symbol}',0,1,1,'0000-00-00 00:00:00',0,'0000-00-00 00:00:00',0,'0000-00-00 00:00:00',0),(170,1,'Namibian dollar','','NAD',516,'0.00000','$','2',',','','{number} {symbol}','{sign}{number} {symbol}',0,1,1,'0000-00-00 00:00:00',0,'0000-00-00 00:00:00',0,'0000-00-00 00:00:00',0),(171,1,'Nicaraguan córdoba','','NIO',558,'0.00000','C$','2',',','','{number} {symbol}','{sign}{number} {symbol}',0,1,1,'0000-00-00 00:00:00',0,'0000-00-00 00:00:00',0,'0000-00-00 00:00:00',0),(172,1,'Ugandan shilling','','UGX',800,'0.00000','Sh','2',',','','{number} {symbol}','{sign}{number} {symbol}',0,1,1,'0000-00-00 00:00:00',0,'0000-00-00 00:00:00',0,'0000-00-00 00:00:00',0),(173,1,'Macedonian denar','','MKD',807,'0.00000','ден','2',',','','{number} {symbol}','{sign}{number} {symbol}',0,1,1,'0000-00-00 00:00:00',0,'0000-00-00 00:00:00',0,'0000-00-00 00:00:00',0),(174,1,'Uruguayan peso','','UYU',858,'0.00000','$','0','','','{symbol}number}','{symbol}{sign}{number}',0,1,1,'0000-00-00 00:00:00',0,'0000-00-00 00:00:00',0,'0000-00-00 00:00:00',0),(175,1,'Uzbekistani som','','UZS',860,'0.00000','лв','2',',','','{number} {symbol}','{sign}{number} {symbol}',0,1,1,'0000-00-00 00:00:00',0,'0000-00-00 00:00:00',0,'0000-00-00 00:00:00',0),(176,1,'Azerbaijani manat','','AZN',934,'0.00000','ман','2',',','','{number} {symbol}','{sign}{number} {symbol}',0,1,1,'0000-00-00 00:00:00',0,'0000-00-00 00:00:00',0,'0000-00-00 00:00:00',0),(177,1,'Ghanaian cedi','','GHS',936,'0.00000','₵','2',',','','{number} {symbol}','{sign}{number} {symbol}',0,1,1,'0000-00-00 00:00:00',0,'0000-00-00 00:00:00',0,'0000-00-00 00:00:00',0),(178,1,'Venezuelan bolívar','','VEF',937,'0.00000','Bs','2',',','','{number} {symbol}','{sign}{number} {symbol}',0,1,1,'0000-00-00 00:00:00',0,'0000-00-00 00:00:00',0,'0000-00-00 00:00:00',0),(179,1,'Sudanese pound','','SDG',938,'0.00000','£','2',',','','{number} {symbol}','{sign}{number} {symbol}',0,1,1,'0000-00-00 00:00:00',0,'0000-00-00 00:00:00',0,'0000-00-00 00:00:00',0),(180,1,'Uruguay Peso','','UYI',940,'0.00000','UYI','2',',','','{number} {symbol}','{sign}{number} {symbol}',0,1,1,'0000-00-00 00:00:00',0,'0000-00-00 00:00:00',0,'0000-00-00 00:00:00',0),(181,1,'Mozambican metical','','MZN',943,'0.00000','MT','2',',','','{number} {symbol}','{sign}{number} {symbol}',0,1,1,'0000-00-00 00:00:00',0,'0000-00-00 00:00:00',0,'0000-00-00 00:00:00',0),(182,1,'WIR Euro','','CHE',947,'0.00000','€','2',',','','{number} {symbol}','{sign}{number} {symbol}',0,1,1,'0000-00-00 00:00:00',0,'0000-00-00 00:00:00',0,'0000-00-00 00:00:00',0),(183,1,'WIR Franc','','CHW',948,'0.00000','CHW','2',',','','{number} {symbol}','{sign}{number} {symbol}',0,1,1,'0000-00-00 00:00:00',0,'0000-00-00 00:00:00',0,'0000-00-00 00:00:00',0),(184,1,'Central African CFA franc','','XAF',950,'0.00000','Fr','0','','','{number} {symbol}','{sign}{number} {symbol}',0,1,1,'0000-00-00 00:00:00',0,'0000-00-00 00:00:00',0,'0000-00-00 00:00:00',0),(185,1,'East Caribbean dollar','','XCD',951,'0.00000','$','2',',','','{number} {symbol}','{sign}{number} {symbol}',0,1,1,'0000-00-00 00:00:00',0,'0000-00-00 00:00:00',0,'0000-00-00 00:00:00',0),(186,1,'West African CFA franc','','XOF',952,'0.00000','Fr','2',',','','{number} {symbol}','{sign}{number} {symbol}',0,1,1,'0000-00-00 00:00:00',0,'0000-00-00 00:00:00',0,'0000-00-00 00:00:00',0),(187,1,'CFP franc','','XPF',953,'0.00000','Fr','2',',','','{number} {symbol}','{sign}{number} {symbol}',0,1,1,'0000-00-00 00:00:00',0,'0000-00-00 00:00:00',0,'0000-00-00 00:00:00',0),(188,1,'Surinamese dollar','','SRD',968,'0.00000','$','2',',','','{number} {symbol}','{sign}{number} {symbol}',0,1,1,'0000-00-00 00:00:00',0,'0000-00-00 00:00:00',0,'0000-00-00 00:00:00',0),(189,1,'Malagasy ariary','','MGA',969,'0.00000','MGA','2',',','','{number} {symbol}','{sign}{number} {symbol}',0,1,1,'0000-00-00 00:00:00',0,'0000-00-00 00:00:00',0,'0000-00-00 00:00:00',0),(190,1,'Unidad de Valor Real','','COU',970,'0.00000','COU','2',',','','{number} {symbol}','{sign}{number} {symbol}',0,1,1,'0000-00-00 00:00:00',0,'0000-00-00 00:00:00',0,'0000-00-00 00:00:00',0),(191,1,'Afghan afghani','','AFN',971,'0.00000','؋','2',',','','{number} {symbol}','{sign}{number} {symbol}',0,1,1,'0000-00-00 00:00:00',0,'0000-00-00 00:00:00',0,'0000-00-00 00:00:00',0),(192,1,'Tajikistani somoni','','TJS',972,'0.00000','ЅМ','2',',','','{number} {symbol}','{sign}{number} {symbol}',0,1,1,'0000-00-00 00:00:00',0,'0000-00-00 00:00:00',0,'0000-00-00 00:00:00',0),(193,1,'Angolan kwanza','','AOA',973,'0.00000','Kz','2',',','','{number} {symbol}','{sign}{number} {symbol}',0,1,1,'0000-00-00 00:00:00',0,'0000-00-00 00:00:00',0,'0000-00-00 00:00:00',0),(194,1,'Belarusian ruble','','BYR',974,'0.00000','p.','0','','','{number} {symbol}','{sign}{number} {symbol}',0,1,1,'0000-00-00 00:00:00',0,'0000-00-00 00:00:00',0,'0000-00-00 00:00:00',0),(195,1,'Bulgarian lev','','BGN',975,'0.00000','лв','2',',','','{number} {symbol}','{sign}{number} {symbol}',0,1,1,'0000-00-00 00:00:00',0,'0000-00-00 00:00:00',0,'0000-00-00 00:00:00',0),(196,1,'Congolese franc','','CDF',976,'0.00000','Fr','2',',','','{number} {symbol}','{sign}{number} {symbol}',0,1,1,'0000-00-00 00:00:00',0,'0000-00-00 00:00:00',0,'0000-00-00 00:00:00',0),(197,1,'Bosnia and Herzegovina convert','','BAM',977,'0.00000','KM','2',',','','{number} {symbol}','{sign}{number} {symbol}',0,1,1,'0000-00-00 00:00:00',0,'0000-00-00 00:00:00',0,'0000-00-00 00:00:00',0),(198,1,'Mexican Unid','','MXV',979,'0.00000','MXV','2',',','','{number} {symbol}','{sign}{number} {symbol}',0,1,1,'0000-00-00 00:00:00',0,'0000-00-00 00:00:00',0,'0000-00-00 00:00:00',0),(199,1,'Ukrainian hryvnia','','UAH',980,'0.00000','₴','2',',','','{number} {symbol}','{sign}{number} {symbol}',0,1,1,'0000-00-00 00:00:00',0,'0000-00-00 00:00:00',0,'0000-00-00 00:00:00',0),(200,1,'Georgian lari','','GEL',981,'0.00000','ლ','2',',','','{number} {symbol}','{sign}{number} {symbol}',0,1,1,'0000-00-00 00:00:00',0,'0000-00-00 00:00:00',0,'0000-00-00 00:00:00',0),(201,1,'Mvdol','','BOV',984,'0.00000','BOV','2',',','','{number} {symbol}','{sign}{number} {symbol}',0,1,1,'0000-00-00 00:00:00',0,'0000-00-00 00:00:00',0,'0000-00-00 00:00:00',0);

--
-- Table structure for table `m9qyl_virtuemart_customs`
--

CREATE TABLE `m9qyl_virtuemart_customs` (
  `virtuemart_custom_id` int(11) unsigned NOT NULL auto_increment,
  `custom_parent_id` int(1) unsigned NOT NULL default '0',
  `virtuemart_vendor_id` smallint(11) NOT NULL default '1',
  `custom_jplugin_id` int(11) NOT NULL default '0',
  `custom_element` char(50) NOT NULL default '',
  `admin_only` tinyint(1) NOT NULL default '0' COMMENT '1:Display in admin only',
  `custom_title` char(255) NOT NULL default '' COMMENT 'field title',
  `custom_tip` char(255) NOT NULL default '' COMMENT 'tip',
  `custom_value` char(255) default NULL COMMENT 'defaut value',
  `custom_field_desc` char(255) default NULL COMMENT 'description or unit',
  `field_type` char(1) NOT NULL default '0' COMMENT 'S:string,I:int,P:parent, B:bool,D:date,T:time,H:hidden',
  `is_list` tinyint(1) NOT NULL default '0' COMMENT 'list of values',
  `is_hidden` tinyint(1) NOT NULL default '0' COMMENT '1:hidden',
  `is_cart_attribute` tinyint(1) NOT NULL default '0' COMMENT 'Add attributes to cart',
  `layout_pos` char(24) default NULL COMMENT 'Layout Position',
  `custom_params` text,
  `shared` tinyint(1) NOT NULL default '0' COMMENT 'valide for all vendors?',
  `published` tinyint(1) NOT NULL default '1',
  `created_on` datetime NOT NULL default '0000-00-00 00:00:00',
  `created_by` int(11) NOT NULL default '0',
  `ordering` int(2) NOT NULL default '0',
  `modified_on` datetime NOT NULL default '0000-00-00 00:00:00',
  `modified_by` int(11) NOT NULL default '0',
  `locked_on` datetime NOT NULL default '0000-00-00 00:00:00',
  `locked_by` int(11) NOT NULL default '0',
  PRIMARY KEY  (`virtuemart_custom_id`),
  KEY `idx_custom_plugin_virtuemart_vendor_id` (`virtuemart_vendor_id`),
  KEY `idx_custom_plugin_element` (`custom_element`),
  KEY `idx_custom_plugin_ordering` (`ordering`),
  KEY `idx_custom_parent_id` (`custom_parent_id`)
) ENGINE=MyISAM AUTO_INCREMENT=3 DEFAULT CHARSET=utf8 COMMENT='custom fields definition';

--
-- Dumping data for table `m9qyl_virtuemart_customs`
--

INSERT INTO `m9qyl_virtuemart_customs` VALUES (1,0,1,0,'',0,'COM_VIRTUEMART_RELATED_PRODUCTS','COM_VIRTUEMART_RELATED_PRODUCTS_TIP','','COM_VIRTUEMART_RELATED_PRODUCTS_DESC','R',0,0,0,NULL,NULL,0,1,'2011-05-25 21:52:43',62,0,'2011-05-25 21:52:43',62,'0000-00-00 00:00:00',0),(2,0,1,0,'',0,'COM_VIRTUEMART_RELATED_CATEGORIES','COM_VIRTUEMART_RELATED_CATEGORIES_TIP',NULL,'COM_VIRTUEMART_RELATED_CATEGORIES_DESC','Z',0,0,0,NULL,NULL,0,1,'0000-00-00 00:00:00',0,0,'0000-00-00 00:00:00',0,'0000-00-00 00:00:00',0);

--
-- Table structure for table `m9qyl_virtuemart_invoices`
--

CREATE TABLE `m9qyl_virtuemart_invoices` (
  `virtuemart_invoice_id` int(1) unsigned NOT NULL auto_increment,
  `virtuemart_vendor_id` smallint(1) unsigned NOT NULL default '1',
  `virtuemart_order_id` int(1) unsigned default NULL,
  `invoice_number` char(64) default NULL,
  `order_status` char(2) default NULL,
  `xhtml` text,
  `created_on` datetime NOT NULL default '0000-00-00 00:00:00',
  `created_by` int(11) NOT NULL default '0',
  `modified_on` datetime NOT NULL default '0000-00-00 00:00:00',
  `modified_by` int(11) NOT NULL default '0',
  `locked_on` datetime NOT NULL default '0000-00-00 00:00:00',
  `locked_by` int(11) NOT NULL default '0',
  PRIMARY KEY  (`virtuemart_invoice_id`),
  UNIQUE KEY `idx_invoice_number` (`invoice_number`,`virtuemart_vendor_id`),
  KEY `idx_virtuemart_order_id` (`virtuemart_order_id`),
  KEY `idx_virtuemart_vendor_id` (`virtuemart_vendor_id`)
) ENGINE=MyISAM DEFAULT CHARSET=utf8 COMMENT='custom fields definition';

--
-- Dumping data for table `m9qyl_virtuemart_invoices`
--


--
-- Table structure for table `m9qyl_virtuemart_manufacturer_medias`
--

CREATE TABLE `m9qyl_virtuemart_manufacturer_medias` (
  `id` int(11) unsigned NOT NULL auto_increment,
  `virtuemart_manufacturer_id` smallint(1) unsigned NOT NULL default '0',
  `virtuemart_media_id` int(1) unsigned NOT NULL default '0',
  `ordering` int(2) NOT NULL default '0',
  PRIMARY KEY  (`id`),
  UNIQUE KEY `i_virtuemart_manufacturer_id` (`virtuemart_manufacturer_id`,`virtuemart_media_id`)
) ENGINE=MyISAM DEFAULT CHARSET=utf8;

--
-- Dumping data for table `m9qyl_virtuemart_manufacturer_medias`
--


--
-- Table structure for table `m9qyl_virtuemart_manufacturercategories`
--

CREATE TABLE `m9qyl_virtuemart_manufacturercategories` (
  `virtuemart_manufacturercategories_id` int(11) unsigned NOT NULL auto_increment,
  `published` tinyint(1) NOT NULL default '1',
  `created_on` datetime NOT NULL default '0000-00-00 00:00:00',
  `created_by` int(11) NOT NULL default '0',
  `modified_on` datetime NOT NULL default '0000-00-00 00:00:00',
  `modified_by` int(11) NOT NULL default '0',
  `locked_on` datetime NOT NULL default '0000-00-00 00:00:00',
  `locked_by` int(11) NOT NULL default '0',
  PRIMARY KEY  (`virtuemart_manufacturercategories_id`)
) ENGINE=MyISAM DEFAULT CHARSET=utf8 COMMENT='Manufacturers are assigned to these categories';

--
-- Dumping data for table `m9qyl_virtuemart_manufacturercategories`
--


--
-- Table structure for table `m9qyl_virtuemart_manufacturercategories_en_gb`
--

CREATE TABLE `m9qyl_virtuemart_manufacturercategories_en_gb` (
  `virtuemart_manufacturercategories_id` int(1) unsigned NOT NULL,
  `mf_category_name` char(180) NOT NULL default '',
  `mf_category_desc` varchar(20000) NOT NULL default '',
  `slug` char(192) NOT NULL default '',
  PRIMARY KEY  (`virtuemart_manufacturercategories_id`),
  UNIQUE KEY `slug` (`slug`)
) ENGINE=MyISAM DEFAULT CHARSET=utf8;

--
-- Dumping data for table `m9qyl_virtuemart_manufacturercategories_en_gb`
--


--
-- Table structure for table `m9qyl_virtuemart_manufacturers`
--

CREATE TABLE `m9qyl_virtuemart_manufacturers` (
  `virtuemart_manufacturer_id` smallint(1) unsigned NOT NULL auto_increment,
  `virtuemart_manufacturercategories_id` int(11) default NULL,
  `hits` int(11) unsigned NOT NULL default '0',
  `published` tinyint(1) NOT NULL default '1',
  `created_on` datetime NOT NULL default '0000-00-00 00:00:00',
  `created_by` int(11) NOT NULL default '0',
  `modified_on` datetime NOT NULL default '0000-00-00 00:00:00',
  `modified_by` int(11) NOT NULL default '0',
  `locked_on` datetime NOT NULL default '0000-00-00 00:00:00',
  `locked_by` int(11) NOT NULL default '0',
  PRIMARY KEY  (`virtuemart_manufacturer_id`)
) ENGINE=MyISAM DEFAULT CHARSET=utf8 COMMENT='Manufacturers are those who deliver products';

--
-- Dumping data for table `m9qyl_virtuemart_manufacturers`
--


--
-- Table structure for table `m9qyl_virtuemart_manufacturers_en_gb`
--

CREATE TABLE `m9qyl_virtuemart_manufacturers_en_gb` (
  `virtuemart_manufacturer_id` int(1) unsigned NOT NULL,
  `mf_name` char(180) NOT NULL default '',
  `mf_email` char(255) NOT NULL default '',
  `mf_desc` varchar(20000) NOT NULL default '',
  `mf_url` char(255) NOT NULL default '',
  `slug` char(192) NOT NULL default '',
  PRIMARY KEY  (`virtuemart_manufacturer_id`),
  UNIQUE KEY `slug` (`slug`)
) ENGINE=MyISAM DEFAULT CHARSET=utf8;

--
-- Dumping data for table `m9qyl_virtuemart_manufacturers_en_gb`
--


--
-- Table structure for table `m9qyl_virtuemart_medias`
--

CREATE TABLE `m9qyl_virtuemart_medias` (
  `virtuemart_media_id` int(11) unsigned NOT NULL auto_increment,
  `virtuemart_vendor_id` smallint(11) NOT NULL default '1',
  `file_title` char(126) NOT NULL default '',
  `file_description` char(254) NOT NULL default '',
  `file_meta` char(254) NOT NULL default '',
  `file_mimetype` char(64) NOT NULL default '',
  `file_type` char(32) NOT NULL default '',
  `file_url` varchar(1800) NOT NULL default '',
  `file_url_thumb` char(254) NOT NULL default '',
  `file_is_product_image` tinyint(1) NOT NULL default '0',
  `file_is_downloadable` tinyint(1) NOT NULL default '0',
  `file_is_forSale` tinyint(1) NOT NULL default '0',
  `file_params` varchar(19000) default NULL,
  `shared` tinyint(1) NOT NULL default '0',
  `published` tinyint(1) NOT NULL default '1',
  `created_on` datetime NOT NULL default '0000-00-00 00:00:00',
  `created_by` int(11) NOT NULL default '0',
  `modified_on` datetime NOT NULL default '0000-00-00 00:00:00',
  `modified_by` int(11) NOT NULL default '0',
  `locked_on` datetime NOT NULL default '0000-00-00 00:00:00',
  `locked_by` int(11) NOT NULL default '0',
  PRIMARY KEY  (`virtuemart_media_id`),
  KEY `i_virtuemart_vendor_id` (`virtuemart_vendor_id`)
) ENGINE=MyISAM DEFAULT CHARSET=utf8 COMMENT='Additional Images and Files which are assigned to products';

--
-- Dumping data for table `m9qyl_virtuemart_medias`
--


--
-- Table structure for table `m9qyl_virtuemart_migration_oldtonew_ids`
--

CREATE TABLE `m9qyl_virtuemart_migration_oldtonew_ids` (
  `id` smallint(1) unsigned NOT NULL auto_increment,
  `cats` longblob,
  `catsxref` blob,
  `manus` longblob,
  `mfcats` blob,
  `shoppergroups` longblob,
  `products` longblob,
  `products_start` int(1) default NULL,
  `orderstates` blob,
  `orders` longblob,
  `orders_start` int(1) default NULL,
  PRIMARY KEY  (`id`)
) ENGINE=MyISAM DEFAULT CHARSET=utf8 COMMENT='xref table for vm1 ids to vm2 ids';

--
-- Dumping data for table `m9qyl_virtuemart_migration_oldtonew_ids`
--


--
-- Table structure for table `m9qyl_virtuemart_modules`
--

CREATE TABLE `m9qyl_virtuemart_modules` (
  `module_id` int(11) unsigned NOT NULL auto_increment,
  `module_name` char(255) default NULL,
  `module_description` varchar(21000) default NULL,
  `module_perms` char(255) default NULL,
  `published` tinyint(1) NOT NULL default '1',
  `is_admin` enum('0','1') NOT NULL default '0',
  `ordering` int(11) NOT NULL default '0',
  PRIMARY KEY  (`module_id`),
  KEY `idx_module_name` (`module_name`),
  KEY `idx_module_ordering` (`ordering`)
) ENGINE=MyISAM AUTO_INCREMENT=14 DEFAULT CHARSET=utf8 COMMENT='VirtueMart Core Modules, not: Joomla modules';

--
-- Dumping data for table `m9qyl_virtuemart_modules`
--

INSERT INTO `m9qyl_virtuemart_modules` VALUES (1,'product','Here you can administer your online catalog of products.  Categories , Products (view=product), Attributes  ,Product Types      Product Files (view=media), Inventory  , Calculation Rules ,Customer Reviews  ','storeadmin,admin',1,'1',1),(2,'order','View Order and Update Order Status:    Orders , Coupons , Revenue Report ,Shopper , Shopper Groups ','admin,storeadmin',1,'1',2),(3,'manufacturer','Manage the manufacturers of products in your store.','storeadmin,admin',1,'1',3),(4,'store','Store Configuration: Store Information, Payment Methods , Shipment, Shipment Rates','storeadmin,admin',1,'1',4),(5,'configuration','Configuration: shop configuration , currencies (view=currency), Credit Card List, Countries, userfields, order status  ','admin,storeadmin',1,'1',5),(6,'msgs','This module is unprotected an used for displaying system messages to users.  We need to have an area that does not require authorization when things go wrong.','none',0,'0',99),(7,'shop','This is the Washupito store module.  This is the demo store included with the VirtueMart distribution.','none',1,'0',99),(8,'store','Store Configuration: Store Information, Payment Methods , Shipment, Shipment Rates','storeadmin,admin',1,'1',4),(9,'account','This module allows shoppers to update their account information and view previously placed orders.','shopper,storeadmin,admin,demo',1,'0',99),(10,'checkout','','none',0,'0',99),(11,'tools','Tools','admin',1,'1',8),(13,'zone','This is the zone-shipment module. Here you can manage your shipment costs according to Zones.','admin,storeadmin',0,'1',11);

--
-- Table structure for table `m9qyl_virtuemart_order_calc_rules`
--

CREATE TABLE `m9qyl_virtuemart_order_calc_rules` (
  `virtuemart_order_calc_rule_id` int(11) unsigned NOT NULL auto_increment,
  `virtuemart_order_id` int(11) default NULL,
  `virtuemart_vendor_id` smallint(11) NOT NULL default '1',
  `virtuemart_order_item_id` int(11) default NULL,
  `calc_rule_name` char(64) NOT NULL default '' COMMENT 'Name of the rule',
  `calc_kind` char(16) NOT NULL default '' COMMENT 'Discount/Tax/Margin/Commission',
  `calc_mathop` char(16) NOT NULL default '' COMMENT 'Discount/Tax/Margin/Commission',
  `calc_amount` decimal(15,5) NOT NULL default '0.00000',
  `calc_value` decimal(15,5) NOT NULL default '0.00000',
  `calc_currency` smallint(1) default NULL,
  `calc_params` varchar(18000) default NULL,
  `created_on` datetime NOT NULL default '0000-00-00 00:00:00',
  `created_by` int(11) NOT NULL default '0',
  `modified_on` datetime NOT NULL default '0000-00-00 00:00:00',
  `modified_by` int(11) NOT NULL default '0',
  `locked_on` datetime NOT NULL default '0000-00-00 00:00:00',
  `locked_by` int(11) NOT NULL default '0',
  PRIMARY KEY  (`virtuemart_order_calc_rule_id`)
) ENGINE=MyISAM DEFAULT CHARSET=utf8 COMMENT='Stores all calculation rules which are part of an order';

--
-- Dumping data for table `m9qyl_virtuemart_order_calc_rules`
--


--
-- Table structure for table `m9qyl_virtuemart_order_histories`
--

CREATE TABLE `m9qyl_virtuemart_order_histories` (
  `virtuemart_order_history_id` int(11) unsigned NOT NULL auto_increment,
  `virtuemart_order_id` int(1) unsigned NOT NULL default '0',
  `order_status_code` char(1) NOT NULL default '0',
  `customer_notified` tinyint(1) NOT NULL default '0',
  `comments` varchar(21000) default NULL,
  `published` tinyint(1) NOT NULL default '1',
  `created_on` datetime NOT NULL default '0000-00-00 00:00:00',
  `created_by` int(11) NOT NULL default '0',
  `modified_on` datetime NOT NULL default '0000-00-00 00:00:00',
  `modified_by` int(11) NOT NULL default '0',
  `locked_on` datetime NOT NULL default '0000-00-00 00:00:00',
  `locked_by` int(11) NOT NULL default '0',
  PRIMARY KEY  (`virtuemart_order_history_id`)
) ENGINE=MyISAM DEFAULT CHARSET=utf8 COMMENT='Stores all actions and changes that occur to an order';

--
-- Dumping data for table `m9qyl_virtuemart_order_histories`
--


--
-- Table structure for table `m9qyl_virtuemart_order_items`
--

CREATE TABLE `m9qyl_virtuemart_order_items` (
  `virtuemart_order_item_id` int(11) unsigned NOT NULL auto_increment,
  `virtuemart_order_id` int(11) default NULL,
  `virtuemart_vendor_id` smallint(11) NOT NULL default '1',
  `virtuemart_product_id` int(11) default NULL,
  `order_item_sku` char(64) NOT NULL default '',
  `order_item_name` char(255) NOT NULL default '',
  `product_quantity` int(11) default NULL,
  `product_item_price` decimal(15,5) default NULL,
  `product_tax` decimal(15,5) default NULL,
  `product_basePriceWithTax` decimal(15,5) default NULL,
  `product_final_price` decimal(15,5) NOT NULL default '0.00000',
  `product_subtotal_discount` decimal(15,5) NOT NULL default '0.00000',
  `product_subtotal_with_tax` decimal(15,5) NOT NULL default '0.00000',
  `order_item_currency` int(11) default NULL,
  `order_status` char(1) default NULL,
  `product_attribute` text,
  `created_on` datetime NOT NULL default '0000-00-00 00:00:00',
  `created_by` int(11) NOT NULL default '0',
  `modified_on` datetime NOT NULL default '0000-00-00 00:00:00',
  `modified_by` int(11) NOT NULL default '0',
  `locked_on` datetime NOT NULL default '0000-00-00 00:00:00',
  `locked_by` int(11) NOT NULL default '0',
  PRIMARY KEY  (`virtuemart_order_item_id`),
  KEY `virtuemart_product_id` (`virtuemart_product_id`),
  KEY `idx_order_item_virtuemart_order_id` (`virtuemart_order_id`),
  KEY `idx_order_item_virtuemart_vendor_id` (`virtuemart_vendor_id`)
) ENGINE=MyISAM DEFAULT CHARSET=utf8 COMMENT='Stores all items (products) which are part of an order';

--
-- Dumping data for table `m9qyl_virtuemart_order_items`
--


--
-- Table structure for table `m9qyl_virtuemart_order_userinfos`
--

CREATE TABLE `m9qyl_virtuemart_order_userinfos` (
  `virtuemart_order_userinfo_id` int(1) unsigned NOT NULL auto_increment,
  `virtuemart_order_id` int(1) unsigned NOT NULL default '0',
  `virtuemart_user_id` int(1) unsigned NOT NULL default '0',
  `address_type` char(2) default NULL,
  `address_type_name` char(32) default NULL,
  `company` char(64) default NULL,
  `title` char(32) default NULL,
  `last_name` char(32) default NULL,
  `first_name` char(32) default NULL,
  `middle_name` char(32) default NULL,
  `phone_1` char(24) default NULL,
  `phone_2` char(24) default NULL,
  `fax` char(24) default NULL,
  `address_1` char(64) NOT NULL default '',
  `address_2` char(64) default NULL,
  `city` char(32) NOT NULL default '',
  `virtuemart_state_id` smallint(1) unsigned NOT NULL default '0',
  `virtuemart_country_id` smallint(1) unsigned NOT NULL default '0',
  `zip` char(16) NOT NULL default '',
  `email` char(255) default NULL,
  `agreed` tinyint(1) NOT NULL default '0',
  `created_on` datetime NOT NULL default '0000-00-00 00:00:00',
  `created_by` int(11) NOT NULL default '0',
  `modified_on` datetime NOT NULL default '0000-00-00 00:00:00',
  `modified_by` int(11) NOT NULL default '0',
  `locked_on` datetime NOT NULL default '0000-00-00 00:00:00',
  `locked_by` int(11) NOT NULL default '0',
  PRIMARY KEY  (`virtuemart_order_userinfo_id`),
  KEY `i_virtuemart_order_id` (`virtuemart_order_id`),
  KEY `i_virtuemart_user_id` (`virtuemart_user_id`)
) ENGINE=MyISAM DEFAULT CHARSET=utf8 COMMENT='Stores the BillTo and ShipTo Information at order time';

--
-- Dumping data for table `m9qyl_virtuemart_order_userinfos`
--


--
-- Table structure for table `m9qyl_virtuemart_orders`
--

CREATE TABLE `m9qyl_virtuemart_orders` (
  `virtuemart_order_id` int(1) unsigned NOT NULL auto_increment,
  `virtuemart_user_id` int(1) unsigned NOT NULL default '0',
  `virtuemart_vendor_id` smallint(1) unsigned NOT NULL default '0',
  `order_number` char(64) default NULL,
  `order_pass` char(8) default NULL,
  `order_total` decimal(15,5) NOT NULL default '0.00000',
  `order_salesPrice` decimal(15,5) NOT NULL default '0.00000',
  `order_billTaxAmount` decimal(15,5) NOT NULL default '0.00000',
  `order_billDiscountAmount` decimal(15,5) NOT NULL default '0.00000',
  `order_discountAmount` decimal(15,5) NOT NULL default '0.00000',
  `order_subtotal` decimal(15,5) default NULL,
  `order_tax` decimal(10,5) default NULL,
  `order_shipment` decimal(10,2) default NULL,
  `order_shipment_tax` decimal(10,5) default NULL,
  `order_payment` decimal(10,2) default NULL,
  `order_payment_tax` decimal(10,5) default NULL,
  `coupon_discount` decimal(12,2) NOT NULL default '0.00',
  `coupon_code` char(32) default NULL,
  `order_discount` decimal(12,2) NOT NULL default '0.00',
  `order_currency` smallint(1) default NULL,
  `order_status` char(1) default NULL,
  `user_currency_id` smallint(1) default NULL,
  `user_currency_rate` decimal(10,5) NOT NULL default '1.00000',
  `virtuemart_paymentmethod_id` mediumint(1) unsigned default NULL,
  `virtuemart_shipmentmethod_id` mediumint(1) unsigned default NULL,
  `customer_note` varchar(21000) default NULL,
  `ip_address` char(15) NOT NULL default '',
  `created_on` datetime NOT NULL default '0000-00-00 00:00:00',
  `created_by` int(11) NOT NULL default '0',
  `modified_on` datetime NOT NULL default '0000-00-00 00:00:00',
  `modified_by` int(11) NOT NULL default '0',
  `locked_on` datetime NOT NULL default '0000-00-00 00:00:00',
  `locked_by` int(11) NOT NULL default '0',
  PRIMARY KEY  (`virtuemart_order_id`),
  KEY `idx_orders_virtuemart_user_id` (`virtuemart_user_id`),
  KEY `idx_orders_virtuemart_vendor_id` (`virtuemart_vendor_id`),
  KEY `idx_orders_order_number` (`order_number`),
  KEY `idx_orders_virtuemart_paymentmethod_id` (`virtuemart_paymentmethod_id`),
  KEY `idx_orders_virtuemart_shipmentmethod_id` (`virtuemart_shipmentmethod_id`)
) ENGINE=MyISAM DEFAULT CHARSET=utf8 COMMENT='Used to store all orders';

--
-- Dumping data for table `m9qyl_virtuemart_orders`
--


--
-- Table structure for table `m9qyl_virtuemart_orderstates`
--

CREATE TABLE `m9qyl_virtuemart_orderstates` (
  `virtuemart_orderstate_id` tinyint(1) unsigned NOT NULL auto_increment,
  `virtuemart_vendor_id` smallint(11) NOT NULL default '1',
  `order_status_code` char(1) NOT NULL default '',
  `order_status_name` char(64) default NULL,
  `order_status_description` varchar(20000) default NULL,
  `order_stock_handle` char(1) NOT NULL default 'A',
  `ordering` int(2) NOT NULL default '0',
  `published` tinyint(1) NOT NULL default '1',
  `created_on` datetime NOT NULL default '0000-00-00 00:00:00',
  `created_by` int(11) NOT NULL default '0',
  `modified_on` datetime NOT NULL default '0000-00-00 00:00:00',
  `modified_by` int(11) NOT NULL default '0',
  `locked_on` datetime NOT NULL default '0000-00-00 00:00:00',
  `locked_by` int(11) NOT NULL default '0',
  PRIMARY KEY  (`virtuemart_orderstate_id`),
  KEY `idx_order_status_ordering` (`ordering`),
  KEY `idx_order_status_virtuemart_vendor_id` (`virtuemart_vendor_id`)
) ENGINE=MyISAM AUTO_INCREMENT=7 DEFAULT CHARSET=utf8 COMMENT='All available order statuses';

--
-- Dumping data for table `m9qyl_virtuemart_orderstates`
--

INSERT INTO `m9qyl_virtuemart_orderstates` VALUES (1,1,'P','Pending','','R',1,1,'0000-00-00 00:00:00',0,'0000-00-00 00:00:00',0,'0000-00-00 00:00:00',0),(2,1,'U','Confirmed by shopper','','R',2,1,'0000-00-00 00:00:00',0,'0000-00-00 00:00:00',0,'0000-00-00 00:00:00',0),(3,1,'C','Confirmed','','R',3,1,'0000-00-00 00:00:00',0,'0000-00-00 00:00:00',0,'0000-00-00 00:00:00',0),(4,1,'X','Cancelled','','A',4,1,'0000-00-00 00:00:00',0,'0000-00-00 00:00:00',0,'0000-00-00 00:00:00',0),(5,1,'R','Refunded','','A',5,1,'0000-00-00 00:00:00',0,'0000-00-00 00:00:00',0,'0000-00-00 00:00:00',0),(6,1,'S','Shipped','','O',6,1,'0000-00-00 00:00:00',0,'0000-00-00 00:00:00',0,'0000-00-00 00:00:00',0);

--
-- Table structure for table `m9qyl_virtuemart_paymentmethod_shoppergroups`
--

CREATE TABLE `m9qyl_virtuemart_paymentmethod_shoppergroups` (
  `id` int(11) unsigned NOT NULL auto_increment,
  `virtuemart_paymentmethod_id` mediumint(1) unsigned NOT NULL default '0',
  `virtuemart_shoppergroup_id` smallint(1) unsigned NOT NULL default '0',
  PRIMARY KEY  (`id`),
  UNIQUE KEY `i_virtuemart_paymentmethod_id` (`virtuemart_paymentmethod_id`,`virtuemart_shoppergroup_id`)
) ENGINE=MyISAM DEFAULT CHARSET=utf8 COMMENT='xref table for paymentmethods to shoppergroup';

--
-- Dumping data for table `m9qyl_virtuemart_paymentmethod_shoppergroups`
--


--
-- Table structure for table `m9qyl_virtuemart_paymentmethods`
--

CREATE TABLE `m9qyl_virtuemart_paymentmethods` (
  `virtuemart_paymentmethod_id` mediumint(1) unsigned NOT NULL auto_increment,
  `virtuemart_vendor_id` smallint(11) NOT NULL default '1',
  `payment_jplugin_id` int(11) NOT NULL default '0',
  `slug` char(255) NOT NULL default '',
  `payment_element` char(50) NOT NULL default '',
  `payment_params` varchar(19000) default NULL,
  `shared` tinyint(1) NOT NULL default '0' COMMENT 'valide for all vendors?',
  `ordering` int(2) NOT NULL default '0',
  `published` tinyint(1) NOT NULL default '1',
  `created_on` datetime NOT NULL default '0000-00-00 00:00:00',
  `created_by` int(11) NOT NULL default '0',
  `modified_on` datetime NOT NULL default '0000-00-00 00:00:00',
  `modified_by` int(11) NOT NULL default '0',
  `locked_on` datetime NOT NULL default '0000-00-00 00:00:00',
  `locked_by` int(11) NOT NULL default '0',
  PRIMARY KEY  (`virtuemart_paymentmethod_id`),
  KEY `idx_payment_jplugin_id` (`payment_jplugin_id`),
  KEY `idx_payment_element` (`payment_element`,`virtuemart_vendor_id`),
  KEY `idx_payment_method_ordering` (`ordering`)
) ENGINE=MyISAM DEFAULT CHARSET=utf8 COMMENT='The payment methods of your store';

--
-- Dumping data for table `m9qyl_virtuemart_paymentmethods`
--


--
-- Table structure for table `m9qyl_virtuemart_paymentmethods_en_gb`
--

CREATE TABLE `m9qyl_virtuemart_paymentmethods_en_gb` (
  `virtuemart_paymentmethod_id` int(1) unsigned NOT NULL,
  `payment_name` char(180) NOT NULL default '',
  `payment_desc` varchar(20000) NOT NULL default '',
  `slug` char(192) NOT NULL default '',
  PRIMARY KEY  (`virtuemart_paymentmethod_id`),
  UNIQUE KEY `slug` (`slug`)
) ENGINE=MyISAM DEFAULT CHARSET=utf8;

--
-- Dumping data for table `m9qyl_virtuemart_paymentmethods_en_gb`
--


--
-- Table structure for table `m9qyl_virtuemart_permgroups`
--

CREATE TABLE `m9qyl_virtuemart_permgroups` (
  `virtuemart_permgroup_id` tinyint(1) unsigned NOT NULL auto_increment,
  `virtuemart_vendor_id` smallint(1) unsigned NOT NULL default '1',
  `group_name` char(128) default NULL,
  `group_level` int(11) default NULL,
  `ordering` int(2) NOT NULL default '0',
  `shared` tinyint(1) NOT NULL default '0',
  `published` tinyint(1) NOT NULL default '1',
  `created_on` datetime NOT NULL default '0000-00-00 00:00:00',
  `created_by` int(11) NOT NULL default '0',
  `modified_on` datetime NOT NULL default '0000-00-00 00:00:00',
  `modified_by` int(11) NOT NULL default '0',
  `locked_on` datetime NOT NULL default '0000-00-00 00:00:00',
  `locked_by` int(11) NOT NULL default '0',
  PRIMARY KEY  (`virtuemart_permgroup_id`),
  KEY `i_virtuemart_vendor_id` (`virtuemart_vendor_id`)
) ENGINE=MyISAM AUTO_INCREMENT=5 DEFAULT CHARSET=utf8 COMMENT='Holds all the user groups';

--
-- Dumping data for table `m9qyl_virtuemart_permgroups`
--

INSERT INTO `m9qyl_virtuemart_permgroups` VALUES (1,1,'admin',0,0,0,1,'0000-00-00 00:00:00',0,'0000-00-00 00:00:00',0,'0000-00-00 00:00:00',0),(2,1,'storeadmin',250,0,0,1,'0000-00-00 00:00:00',0,'0000-00-00 00:00:00',0,'0000-00-00 00:00:00',0),(3,1,'shopper',500,0,0,1,'0000-00-00 00:00:00',0,'0000-00-00 00:00:00',0,'0000-00-00 00:00:00',0),(4,1,'demo',750,0,0,1,'0000-00-00 00:00:00',0,'0000-00-00 00:00:00',0,'0000-00-00 00:00:00',0);

--
-- Table structure for table `m9qyl_virtuemart_product_categories`
--

CREATE TABLE `m9qyl_virtuemart_product_categories` (
  `id` int(11) unsigned NOT NULL auto_increment,
  `virtuemart_product_id` int(1) unsigned NOT NULL default '0',
  `virtuemart_category_id` smallint(1) unsigned NOT NULL default '0',
  `ordering` int(11) NOT NULL default '0',
  PRIMARY KEY  (`id`),
  UNIQUE KEY `i_virtuemart_product_id` (`virtuemart_product_id`,`virtuemart_category_id`)
) ENGINE=MyISAM DEFAULT CHARSET=utf8 COMMENT='Maps Products to Categories';

--
-- Dumping data for table `m9qyl_virtuemart_product_categories`
--


--
-- Table structure for table `m9qyl_virtuemart_product_customfields`
--

CREATE TABLE `m9qyl_virtuemart_product_customfields` (
  `virtuemart_customfield_id` int(11) unsigned NOT NULL auto_increment COMMENT 'field id',
  `virtuemart_product_id` int(11) NOT NULL default '0',
  `virtuemart_custom_id` int(11) NOT NULL default '1' COMMENT 'custom group id',
  `custom_value` varchar(8000) default NULL COMMENT 'field value',
  `custom_price` decimal(15,5) default NULL COMMENT 'price',
  `custom_param` varchar(12800) default NULL COMMENT 'Param for Plugins',
  `published` tinyint(1) NOT NULL default '1',
  `created_on` datetime NOT NULL default '0000-00-00 00:00:00',
  `created_by` int(1) unsigned NOT NULL default '0',
  `modified_on` datetime NOT NULL default '0000-00-00 00:00:00',
  `modified_by` int(1) unsigned NOT NULL default '0',
  `locked_on` datetime NOT NULL default '0000-00-00 00:00:00',
  `locked_by` int(1) unsigned NOT NULL default '0',
  `ordering` int(2) NOT NULL default '0',
  PRIMARY KEY  (`virtuemart_customfield_id`),
  KEY `idx_virtuemart_product_id` (`virtuemart_product_id`),
  KEY `idx_virtuemart_custom_id` (`virtuemart_custom_id`),
  KEY `idx_custom_value` (`custom_value`(333))
) ENGINE=MyISAM DEFAULT CHARSET=utf8 COMMENT='custom fields';

--
-- Dumping data for table `m9qyl_virtuemart_product_customfields`
--


--
-- Table structure for table `m9qyl_virtuemart_product_manufacturers`
--

CREATE TABLE `m9qyl_virtuemart_product_manufacturers` (
  `id` int(11) unsigned NOT NULL auto_increment,
  `virtuemart_product_id` int(11) default NULL,
  `virtuemart_manufacturer_id` smallint(1) unsigned default NULL,
  PRIMARY KEY  (`id`),
  UNIQUE KEY `i_virtuemart_product_id` (`virtuemart_product_id`,`virtuemart_manufacturer_id`)
) ENGINE=MyISAM DEFAULT CHARSET=utf8 COMMENT='Maps a product to a manufacturer';

--
-- Dumping data for table `m9qyl_virtuemart_product_manufacturers`
--


--
-- Table structure for table `m9qyl_virtuemart_product_medias`
--

CREATE TABLE `m9qyl_virtuemart_product_medias` (
  `id` int(11) unsigned NOT NULL auto_increment,
  `virtuemart_product_id` int(1) unsigned NOT NULL default '0',
  `virtuemart_media_id` int(1) unsigned NOT NULL default '0',
  `ordering` int(2) NOT NULL default '0',
  PRIMARY KEY  (`id`),
  UNIQUE KEY `i_virtuemart_product_id` (`virtuemart_product_id`,`virtuemart_media_id`)
) ENGINE=MyISAM DEFAULT CHARSET=utf8;

--
-- Dumping data for table `m9qyl_virtuemart_product_medias`
--


--
-- Table structure for table `m9qyl_virtuemart_product_prices`
--

CREATE TABLE `m9qyl_virtuemart_product_prices` (
  `virtuemart_product_price_id` int(11) unsigned NOT NULL auto_increment,
  `virtuemart_product_id` int(1) unsigned NOT NULL default '0',
  `virtuemart_shoppergroup_id` int(11) default NULL,
  `product_price` decimal(15,5) default NULL,
  `override` tinyint(1) default NULL,
  `product_override_price` decimal(15,5) default NULL,
  `product_tax_id` int(11) default NULL,
  `product_discount_id` int(11) default NULL,
  `product_currency` smallint(1) default NULL,
  `product_price_publish_up` datetime default NULL,
  `product_price_publish_down` datetime default NULL,
  `price_quantity_start` int(11) unsigned default NULL,
  `price_quantity_end` int(11) unsigned default NULL,
  `created_on` datetime NOT NULL default '0000-00-00 00:00:00',
  `created_by` int(11) NOT NULL default '0',
  `modified_on` datetime NOT NULL default '0000-00-00 00:00:00',
  `modified_by` int(11) NOT NULL default '0',
  `locked_on` datetime NOT NULL default '0000-00-00 00:00:00',
  `locked_by` int(11) NOT NULL default '0',
  PRIMARY KEY  (`virtuemart_product_price_id`),
  KEY `idx_product_price_product_id` (`virtuemart_product_id`),
  KEY `idx_product_price_virtuemart_shoppergroup_id` (`virtuemart_shoppergroup_id`)
) ENGINE=MyISAM DEFAULT CHARSET=utf8 COMMENT='Holds price records for a product';

--
-- Dumping data for table `m9qyl_virtuemart_product_prices`
--


--
-- Table structure for table `m9qyl_virtuemart_product_relations`
--

CREATE TABLE `m9qyl_virtuemart_product_relations` (
  `id` int(11) unsigned NOT NULL auto_increment,
  `virtuemart_product_id` int(1) unsigned NOT NULL default '0',
  `related_products` int(11) default NULL,
  PRIMARY KEY  (`id`),
  UNIQUE KEY `i_virtuemart_product_id` (`virtuemart_product_id`,`related_products`)
) ENGINE=MyISAM DEFAULT CHARSET=utf8;

--
-- Dumping data for table `m9qyl_virtuemart_product_relations`
--


--
-- Table structure for table `m9qyl_virtuemart_product_shoppergroups`
--

CREATE TABLE `m9qyl_virtuemart_product_shoppergroups` (
  `id` int(11) unsigned NOT NULL auto_increment,
  `virtuemart_product_id` int(1) unsigned NOT NULL default '0',
  `virtuemart_shoppergroup_id` smallint(1) unsigned NOT NULL default '0',
  PRIMARY KEY  (`id`),
  UNIQUE KEY `i_virtuemart_product_id` (`virtuemart_product_id`,`virtuemart_shoppergroup_id`)
) ENGINE=MyISAM DEFAULT CHARSET=utf8 COMMENT='Maps Products to Categories';

--
-- Dumping data for table `m9qyl_virtuemart_product_shoppergroups`
--


--
-- Table structure for table `m9qyl_virtuemart_products`
--

CREATE TABLE `m9qyl_virtuemart_products` (
  `virtuemart_product_id` int(11) unsigned NOT NULL auto_increment,
  `virtuemart_vendor_id` smallint(1) unsigned NOT NULL default '1',
  `product_parent_id` int(1) unsigned NOT NULL default '0',
  `product_sku` char(64) default NULL,
  `product_weight` decimal(10,4) default NULL,
  `product_weight_uom` char(7) default NULL,
  `product_length` decimal(10,4) default NULL,
  `product_width` decimal(10,4) default NULL,
  `product_height` decimal(10,4) default NULL,
  `product_lwh_uom` char(7) default NULL,
  `product_url` char(255) default NULL,
  `product_in_stock` int(1) default NULL,
  `product_ordered` int(1) default NULL,
  `low_stock_notification` int(1) unsigned default NULL,
  `product_available_date` datetime NOT NULL default '0000-00-00 00:00:00',
  `product_availability` char(32) default NULL,
  `product_special` tinyint(1) default NULL,
  `product_sales` int(1) unsigned default NULL,
  `product_unit` char(4) default NULL,
  `product_packaging` decimal(8,4) unsigned default NULL,
  `product_params` varchar(2000) default NULL,
  `hits` int(11) unsigned default NULL,
  `intnotes` varchar(18000) default NULL,
  `metarobot` varchar(400) default NULL,
  `metaauthor` varchar(400) default NULL,
  `layout` char(16) default NULL,
  `published` tinyint(1) default NULL,
  `created_on` datetime NOT NULL default '0000-00-00 00:00:00',
  `created_by` int(11) NOT NULL default '0',
  `modified_on` datetime NOT NULL default '0000-00-00 00:00:00',
  `modified_by` int(11) NOT NULL default '0',
  `locked_on` datetime NOT NULL default '0000-00-00 00:00:00',
  `locked_by` int(11) NOT NULL default '0',
  PRIMARY KEY  (`virtuemart_product_id`),
  KEY `idx_product_virtuemart_vendor_id` (`virtuemart_vendor_id`),
  KEY `idx_product_product_parent_id` (`product_parent_id`),
  KEY `idx_product_sku` (`product_sku`)
) ENGINE=MyISAM DEFAULT CHARSET=utf8 COMMENT='All products are stored here.';

--
-- Dumping data for table `m9qyl_virtuemart_products`
--


--
-- Table structure for table `m9qyl_virtuemart_products_en_gb`
--

CREATE TABLE `m9qyl_virtuemart_products_en_gb` (
  `virtuemart_product_id` int(1) unsigned NOT NULL,
  `product_s_desc` varchar(2000) NOT NULL default '',
  `product_desc` varchar(18400) NOT NULL default '',
  `product_name` char(180) NOT NULL default '',
  `metadesc` varchar(400) NOT NULL default '',
  `metakey` varchar(400) NOT NULL default '',
  `customtitle` char(255) NOT NULL default '',
  `slug` char(192) NOT NULL default '',
  PRIMARY KEY  (`virtuemart_product_id`),
  UNIQUE KEY `slug` (`slug`)
) ENGINE=MyISAM DEFAULT CHARSET=utf8;

--
-- Dumping data for table `m9qyl_virtuemart_products_en_gb`
--


--
-- Table structure for table `m9qyl_virtuemart_rating_reviews`
--

CREATE TABLE `m9qyl_virtuemart_rating_reviews` (
  `virtuemart_rating_review_id` int(11) unsigned NOT NULL auto_increment,
  `virtuemart_product_id` int(1) unsigned NOT NULL default '0',
  `comment` varchar(18000) default NULL,
  `review_ok` tinyint(1) NOT NULL default '0',
  `review_rates` int(1) unsigned NOT NULL default '0',
  `review_ratingcount` int(1) unsigned NOT NULL default '0',
  `review_rating` decimal(10,2) NOT NULL default '0.00',
  `review_editable` tinyint(1) NOT NULL default '1',
  `lastip` char(50) NOT NULL default '0',
  `published` tinyint(1) NOT NULL default '1',
  `created_on` datetime NOT NULL default '0000-00-00 00:00:00',
  `created_by` int(11) NOT NULL default '0',
  `modified_on` datetime NOT NULL default '0000-00-00 00:00:00',
  `modified_by` int(11) NOT NULL default '0',
  `locked_on` datetime NOT NULL default '0000-00-00 00:00:00',
  `locked_by` int(11) NOT NULL default '0',
  PRIMARY KEY  (`virtuemart_rating_review_id`),
  UNIQUE KEY `i_virtuemart_product_id` (`virtuemart_product_id`,`created_by`)
) ENGINE=MyISAM DEFAULT CHARSET=utf8;

--
-- Dumping data for table `m9qyl_virtuemart_rating_reviews`
--


--
-- Table structure for table `m9qyl_virtuemart_rating_votes`
--

CREATE TABLE `m9qyl_virtuemart_rating_votes` (
  `virtuemart_rating_vote_id` int(11) unsigned NOT NULL auto_increment,
  `virtuemart_product_id` int(1) unsigned NOT NULL default '0',
  `vote` int(11) NOT NULL default '0',
  `lastip` char(50) NOT NULL default '0',
  `created_on` datetime NOT NULL default '0000-00-00 00:00:00',
  `created_by` int(11) NOT NULL default '0',
  `modified_on` datetime NOT NULL default '0000-00-00 00:00:00',
  `modified_by` int(11) NOT NULL default '0',
  PRIMARY KEY  (`virtuemart_rating_vote_id`),
  UNIQUE KEY `i_virtuemart_product_id` (`virtuemart_product_id`,`created_by`)
) ENGINE=MyISAM DEFAULT CHARSET=utf8 COMMENT='Stores all ratings for a product';

--
-- Dumping data for table `m9qyl_virtuemart_rating_votes`
--


--
-- Table structure for table `m9qyl_virtuemart_ratings`
--

CREATE TABLE `m9qyl_virtuemart_ratings` (
  `virtuemart_rating_id` int(11) unsigned NOT NULL auto_increment,
  `virtuemart_product_id` int(1) unsigned NOT NULL default '0',
  `rates` int(11) NOT NULL default '0',
  `ratingcount` int(1) unsigned NOT NULL default '0',
  `rating` decimal(10,1) NOT NULL default '0.0',
  `published` tinyint(1) NOT NULL default '1',
  `created_on` datetime NOT NULL default '0000-00-00 00:00:00',
  `created_by` int(11) NOT NULL default '0',
  `modified_on` datetime NOT NULL default '0000-00-00 00:00:00',
  `modified_by` int(11) NOT NULL default '0',
  PRIMARY KEY  (`virtuemart_rating_id`),
  UNIQUE KEY `i_virtuemart_product_id` (`virtuemart_product_id`,`virtuemart_rating_id`)
) ENGINE=MyISAM DEFAULT CHARSET=utf8 COMMENT='Stores all ratings for a product';

--
-- Dumping data for table `m9qyl_virtuemart_ratings`
--


--
-- Table structure for table `m9qyl_virtuemart_shipmentmethod_shoppergroups`
--

CREATE TABLE `m9qyl_virtuemart_shipmentmethod_shoppergroups` (
  `id` int(11) unsigned NOT NULL auto_increment,
  `virtuemart_shipmentmethod_id` mediumint(1) unsigned default NULL,
  `virtuemart_shoppergroup_id` smallint(1) unsigned NOT NULL default '0',
  PRIMARY KEY  (`id`),
  UNIQUE KEY `i_virtuemart_shipmentmethod_id` (`virtuemart_shipmentmethod_id`,`virtuemart_shoppergroup_id`)
) ENGINE=MyISAM DEFAULT CHARSET=utf8 COMMENT='xref table for shipment to shoppergroup';

--
-- Dumping data for table `m9qyl_virtuemart_shipmentmethod_shoppergroups`
--


--
-- Table structure for table `m9qyl_virtuemart_shipmentmethods`
--

CREATE TABLE `m9qyl_virtuemart_shipmentmethods` (
  `virtuemart_shipmentmethod_id` mediumint(1) unsigned NOT NULL auto_increment,
  `virtuemart_vendor_id` smallint(11) NOT NULL default '1',
  `shipment_jplugin_id` int(11) NOT NULL default '0',
  `slug` char(255) NOT NULL default '',
  `shipment_element` char(50) NOT NULL default '',
  `shipment_params` varchar(19000) default NULL,
  `ordering` int(2) NOT NULL default '0',
  `shared` tinyint(1) NOT NULL default '0',
  `published` tinyint(1) NOT NULL default '1',
  `created_on` datetime NOT NULL default '0000-00-00 00:00:00',
  `created_by` int(11) NOT NULL default '0',
  `modified_on` datetime NOT NULL default '0000-00-00 00:00:00',
  `modified_by` int(11) NOT NULL default '0',
  `locked_on` datetime NOT NULL default '0000-00-00 00:00:00',
  `locked_by` int(11) NOT NULL default '0',
  PRIMARY KEY  (`virtuemart_shipmentmethod_id`),
  KEY `idx_shipment_jplugin_id` (`shipment_jplugin_id`),
  KEY `idx_shipment_element` (`shipment_element`,`virtuemart_vendor_id`),
  KEY `idx_shipment_method_ordering` (`ordering`)
) ENGINE=MyISAM DEFAULT CHARSET=utf8 COMMENT='Shipment created from the shipment plugins';

--
-- Dumping data for table `m9qyl_virtuemart_shipmentmethods`
--


--
-- Table structure for table `m9qyl_virtuemart_shipmentmethods_en_gb`
--

CREATE TABLE `m9qyl_virtuemart_shipmentmethods_en_gb` (
  `virtuemart_shipmentmethod_id` int(1) unsigned NOT NULL,
  `shipment_name` char(180) NOT NULL default '',
  `shipment_desc` varchar(20000) NOT NULL default '',
  `slug` char(192) NOT NULL default '',
  PRIMARY KEY  (`virtuemart_shipmentmethod_id`),
  UNIQUE KEY `slug` (`slug`)
) ENGINE=MyISAM DEFAULT CHARSET=utf8;

--
-- Dumping data for table `m9qyl_virtuemart_shipmentmethods_en_gb`
--


--
-- Table structure for table `m9qyl_virtuemart_shoppergroups`
--

CREATE TABLE `m9qyl_virtuemart_shoppergroups` (
  `virtuemart_shoppergroup_id` int(11) unsigned NOT NULL auto_increment,
  `virtuemart_vendor_id` smallint(11) NOT NULL default '1',
  `shopper_group_name` char(32) default NULL,
  `shopper_group_desc` char(128) default NULL,
  `custom_price_display` tinyint(1) NOT NULL default '0',
  `price_display` blob,
  `default` tinyint(1) NOT NULL default '0',
  `ordering` int(2) NOT NULL default '0',
  `shared` tinyint(1) NOT NULL default '0',
  `published` tinyint(1) NOT NULL default '1',
  `created_on` datetime NOT NULL default '0000-00-00 00:00:00',
  `created_by` int(11) NOT NULL default '0',
  `modified_on` datetime NOT NULL default '0000-00-00 00:00:00',
  `modified_by` int(11) NOT NULL default '0',
  `locked_on` datetime NOT NULL default '0000-00-00 00:00:00',
  `locked_by` int(11) NOT NULL default '0',
  PRIMARY KEY  (`virtuemart_shoppergroup_id`),
  KEY `idx_shopper_group_virtuemart_vendor_id` (`virtuemart_vendor_id`),
  KEY `idx_shopper_group_name` (`shopper_group_name`)
) ENGINE=MyISAM AUTO_INCREMENT=3 DEFAULT CHARSET=utf8 COMMENT='Shopper Groups that users can be assigned to';

--
-- Dumping data for table `m9qyl_virtuemart_shoppergroups`
--

INSERT INTO `m9qyl_virtuemart_shoppergroups` VALUES (2,1,'-default-','This is the default shopper group.',0,NULL,1,0,1,1,'0000-00-00 00:00:00',0,'0000-00-00 00:00:00',0,'0000-00-00 00:00:00',0),(1,1,'-anonymous-','Shopper group for anonymous shoppers',0,NULL,2,0,1,1,'0000-00-00 00:00:00',0,'0000-00-00 00:00:00',0,'0000-00-00 00:00:00',0);

--
-- Table structure for table `m9qyl_virtuemart_states`
--

CREATE TABLE `m9qyl_virtuemart_states` (
  `virtuemart_state_id` smallint(1) unsigned NOT NULL auto_increment,
  `virtuemart_vendor_id` smallint(1) unsigned NOT NULL default '1',
  `virtuemart_country_id` smallint(1) unsigned NOT NULL default '1',
  `virtuemart_worldzone_id` smallint(1) unsigned NOT NULL default '0',
  `state_name` char(64) default NULL,
  `state_3_code` char(3) default NULL,
  `state_2_code` char(2) default NULL,
  `ordering` int(2) NOT NULL default '0',
  `shared` tinyint(1) NOT NULL default '0',
  `published` tinyint(1) NOT NULL default '1',
  `created_on` datetime NOT NULL default '0000-00-00 00:00:00',
  `created_by` int(11) NOT NULL default '0',
  `modified_on` datetime NOT NULL default '0000-00-00 00:00:00',
  `modified_by` int(11) NOT NULL default '0',
  `locked_on` datetime NOT NULL default '0000-00-00 00:00:00',
  `locked_by` int(11) NOT NULL default '0',
  PRIMARY KEY  (`virtuemart_state_id`),
  UNIQUE KEY `idx_state_3_code` (`virtuemart_country_id`,`state_3_code`),
  UNIQUE KEY `idx_state_2_code` (`virtuemart_country_id`,`state_2_code`),
  KEY `i_virtuemart_vendor_id` (`virtuemart_vendor_id`),
  KEY `i_virtuemart_country_id` (`virtuemart_country_id`)
) ENGINE=MyISAM AUTO_INCREMENT=730 DEFAULT CHARSET=utf8 COMMENT='States that are assigned to a country';

--
-- Dumping data for table `m9qyl_virtuemart_states`
--

INSERT INTO `m9qyl_virtuemart_states` VALUES (1,1,223,0,'Alabama','ALA','AL',0,0,1,'0000-00-00 00:00:00',0,'0000-00-00 00:00:00',0,'0000-00-00 00:00:00',0),(2,1,223,0,'Alaska','ALK','AK',0,0,1,'0000-00-00 00:00:00',0,'0000-00-00 00:00:00',0,'0000-00-00 00:00:00',0),(3,1,223,0,'Arizona','ARZ','AZ',0,0,1,'0000-00-00 00:00:00',0,'0000-00-00 00:00:00',0,'0000-00-00 00:00:00',0),(4,1,223,0,'Arkansas','ARK','AR',0,0,1,'0000-00-00 00:00:00',0,'0000-00-00 00:00:00',0,'0000-00-00 00:00:00',0),(5,1,223,0,'California','CAL','CA',0,0,1,'0000-00-00 00:00:00',0,'0000-00-00 00:00:00',0,'0000-00-00 00:00:00',0),(6,1,223,0,'Colorado','COL','CO',0,0,1,'0000-00-00 00:00:00',0,'0000-00-00 00:00:00',0,'0000-00-00 00:00:00',0),(7,1,223,0,'Connecticut','CCT','CT',0,0,1,'0000-00-00 00:00:00',0,'0000-00-00 00:00:00',0,'0000-00-00 00:00:00',0),(8,1,223,0,'Delaware','DEL','DE',0,0,1,'0000-00-00 00:00:00',0,'0000-00-00 00:00:00',0,'0000-00-00 00:00:00',0),(9,1,223,0,'District Of Columbia','DOC','DC',0,0,1,'0000-00-00 00:00:00',0,'0000-00-00 00:00:00',0,'0000-00-00 00:00:00',0),(10,1,223,0,'Florida','FLO','FL',0,0,1,'0000-00-00 00:00:00',0,'0000-00-00 00:00:00',0,'0000-00-00 00:00:00',0),(11,1,223,0,'Georgia','GEA','GA',0,0,1,'0000-00-00 00:00:00',0,'0000-00-00 00:00:00',0,'0000-00-00 00:00:00',0),(12,1,223,0,'Hawaii','HWI','HI',0,0,1,'0000-00-00 00:00:00',0,'0000-00-00 00:00:00',0,'0000-00-00 00:00:00',0),(13,1,223,0,'Idaho','IDA','ID',0,0,1,'0000-00-00 00:00:00',0,'0000-00-00 00:00:00',0,'0000-00-00 00:00:00',0),(14,1,223,0,'Illinois','ILL','IL',0,0,1,'0000-00-00 00:00:00',0,'0000-00-00 00:00:00',0,'0000-00-00 00:00:00',0),(15,1,223,0,'Indiana','IND','IN',0,0,1,'0000-00-00 00:00:00',0,'0000-00-00 00:00:00',0,'0000-00-00 00:00:00',0),(16,1,223,0,'Iowa','IOA','IA',0,0,1,'0000-00-00 00:00:00',0,'0000-00-00 00:00:00',0,'0000-00-00 00:00:00',0),(17,1,223,0,'Kansas','KAS','KS',0,0,1,'0000-00-00 00:00:00',0,'0000-00-00 00:00:00',0,'0000-00-00 00:00:00',0),(18,1,223,0,'Kentucky','KTY','KY',0,0,1,'0000-00-00 00:00:00',0,'0000-00-00 00:00:00',0,'0000-00-00 00:00:00',0),(19,1,223,0,'Louisiana','LOA','LA',0,0,1,'0000-00-00 00:00:00',0,'0000-00-00 00:00:00',0,'0000-00-00 00:00:00',0),(20,1,223,0,'Maine','MAI','ME',0,0,1,'0000-00-00 00:00:00',0,'0000-00-00 00:00:00',0,'0000-00-00 00:00:00',0),(21,1,223,0,'Maryland','MLD','MD',0,0,1,'0000-00-00 00:00:00',0,'0000-00-00 00:00:00',0,'0000-00-00 00:00:00',0),(22,1,223,0,'Massachusetts','MSA','MA',0,0,1,'0000-00-00 00:00:00',0,'0000-00-00 00:00:00',0,'0000-00-00 00:00:00',0),(23,1,223,0,'Michigan','MIC','MI',0,0,1,'0000-00-00 00:00:00',0,'0000-00-00 00:00:00',0,'0000-00-00 00:00:00',0),(24,1,223,0,'Minnesota','MIN','MN',0,0,1,'0000-00-00 00:00:00',0,'0000-00-00 00:00:00',0,'0000-00-00 00:00:00',0),(25,1,223,0,'Mississippi','MIS','MS',0,0,1,'0000-00-00 00:00:00',0,'0000-00-00 00:00:00',0,'0000-00-00 00:00:00',0),(26,1,223,0,'Missouri','MIO','MO',0,0,1,'0000-00-00 00:00:00',0,'0000-00-00 00:00:00',0,'0000-00-00 00:00:00',0),(27,1,223,0,'Montana','MOT','MT',0,0,1,'0000-00-00 00:00:00',0,'0000-00-00 00:00:00',0,'0000-00-00 00:00:00',0),(28,1,223,0,'Nebraska','NEB','NE',0,0,1,'0000-00-00 00:00:00',0,'0000-00-00 00:00:00',0,'0000-00-00 00:00:00',0),(29,1,223,0,'Nevada','NEV','NV',0,0,1,'0000-00-00 00:00:00',0,'0000-00-00 00:00:00',0,'0000-00-00 00:00:00',0),(30,1,223,0,'New Hampshire','NEH','NH',0,0,1,'0000-00-00 00:00:00',0,'0000-00-00 00:00:00',0,'0000-00-00 00:00:00',0),(31,1,223,0,'New Jersey','NEJ','NJ',0,0,1,'0000-00-00 00:00:00',0,'0000-00-00 00:00:00',0,'0000-00-00 00:00:00',0),(32,1,223,0,'New Mexico','NEM','NM',0,0,1,'0000-00-00 00:00:00',0,'0000-00-00 00:00:00',0,'0000-00-00 00:00:00',0),(33,1,223,0,'New York','NEY','NY',0,0,1,'0000-00-00 00:00:00',0,'0000-00-00 00:00:00',0,'0000-00-00 00:00:00',0),(34,1,223,0,'North Carolina','NOC','NC',0,0,1,'0000-00-00 00:00:00',0,'0000-00-00 00:00:00',0,'0000-00-00 00:00:00',0),(35,1,223,0,'North Dakota','NOD','ND',0,0,1,'0000-00-00 00:00:00',0,'0000-00-00 00:00:00',0,'0000-00-00 00:00:00',0),(36,1,223,0,'Ohio','OHI','OH',0,0,1,'0000-00-00 00:00:00',0,'0000-00-00 00:00:00',0,'0000-00-00 00:00:00',0),(37,1,223,0,'Oklahoma','OKL','OK',0,0,1,'0000-00-00 00:00:00',0,'0000-00-00 00:00:00',0,'0000-00-00 00:00:00',0),(38,1,223,0,'Oregon','ORN','OR',0,0,1,'0000-00-00 00:00:00',0,'0000-00-00 00:00:00',0,'0000-00-00 00:00:00',0),(39,1,223,0,'Pennsylvania','PEA','PA',0,0,1,'0000-00-00 00:00:00',0,'0000-00-00 00:00:00',0,'0000-00-00 00:00:00',0),(40,1,223,0,'Rhode Island','RHI','RI',0,0,1,'0000-00-00 00:00:00',0,'0000-00-00 00:00:00',0,'0000-00-00 00:00:00',0),(41,1,223,0,'South Carolina','SOC','SC',0,0,1,'0000-00-00 00:00:00',0,'0000-00-00 00:00:00',0,'0000-00-00 00:00:00',0),(42,1,223,0,'South Dakota','SOD','SD',0,0,1,'0000-00-00 00:00:00',0,'0000-00-00 00:00:00',0,'0000-00-00 00:00:00',0),(43,1,223,0,'Tennessee','TEN','TN',0,0,1,'0000-00-00 00:00:00',0,'0000-00-00 00:00:00',0,'0000-00-00 00:00:00',0),(44,1,223,0,'Texas','TXS','TX',0,0,1,'0000-00-00 00:00:00',0,'0000-00-00 00:00:00',0,'0000-00-00 00:00:00',0),(45,1,223,0,'Utah','UTA','UT',0,0,1,'0000-00-00 00:00:00',0,'0000-00-00 00:00:00',0,'0000-00-00 00:00:00',0),(46,1,223,0,'Vermont','VMT','VT',0,0,1,'0000-00-00 00:00:00',0,'0000-00-00 00:00:00',0,'0000-00-00 00:00:00',0),(47,1,223,0,'Virginia','VIA','VA',0,0,1,'0000-00-00 00:00:00',0,'0000-00-00 00:00:00',0,'0000-00-00 00:00:00',0),(48,1,223,0,'Washington','WAS','WA',0,0,1,'0000-00-00 00:00:00',0,'0000-00-00 00:00:00',0,'0000-00-00 00:00:00',0),(49,1,223,0,'West Virginia','WEV','WV',0,0,1,'0000-00-00 00:00:00',0,'0000-00-00 00:00:00',0,'0000-00-00 00:00:00',0),(50,1,223,0,'Wisconsin','WIS','WI',0,0,1,'0000-00-00 00:00:00',0,'0000-00-00 00:00:00',0,'0000-00-00 00:00:00',0),(51,1,223,0,'Wyoming','WYO','WY',0,0,1,'0000-00-00 00:00:00',0,'0000-00-00 00:00:00',0,'0000-00-00 00:00:00',0),(52,1,38,0,'Alberta','ALB','AB',0,0,1,'0000-00-00 00:00:00',0,'0000-00-00 00:00:00',0,'0000-00-00 00:00:00',0),(53,1,38,0,'British Columbia','BRC','BC',0,0,1,'0000-00-00 00:00:00',0,'0000-00-00 00:00:00',0,'0000-00-00 00:00:00',0),(54,1,38,0,'Manitoba','MAB','MB',0,0,1,'0000-00-00 00:00:00',0,'0000-00-00 00:00:00',0,'0000-00-00 00:00:00',0),(55,1,38,0,'New Brunswick','NEB','NB',0,0,1,'0000-00-00 00:00:00',0,'0000-00-00 00:00:00',0,'0000-00-00 00:00:00',0),(56,1,38,0,'Newfoundland and Labrador','NFL','NL',0,0,1,'0000-00-00 00:00:00',0,'0000-00-00 00:00:00',0,'0000-00-00 00:00:00',0),(57,1,38,0,'Northwest Territories','NWT','NT',0,0,1,'0000-00-00 00:00:00',0,'0000-00-00 00:00:00',0,'0000-00-00 00:00:00',0),(58,1,38,0,'Nova Scotia','NOS','NS',0,0,1,'0000-00-00 00:00:00',0,'0000-00-00 00:00:00',0,'0000-00-00 00:00:00',0),(59,1,38,0,'Nunavut','NUT','NU',0,0,1,'0000-00-00 00:00:00',0,'0000-00-00 00:00:00',0,'0000-00-00 00:00:00',0),(60,1,38,0,'Ontario','ONT','ON',0,0,1,'0000-00-00 00:00:00',0,'0000-00-00 00:00:00',0,'0000-00-00 00:00:00',0),(61,1,38,0,'Prince Edward Island','PEI','PE',0,0,1,'0000-00-00 00:00:00',0,'0000-00-00 00:00:00',0,'0000-00-00 00:00:00',0),(62,1,38,0,'Quebec','QEC','QC',0,0,1,'0000-00-00 00:00:00',0,'0000-00-00 00:00:00',0,'0000-00-00 00:00:00',0),(63,1,38,0,'Saskatchewan','SAK','SK',0,0,1,'0000-00-00 00:00:00',0,'0000-00-00 00:00:00',0,'0000-00-00 00:00:00',0),(64,1,38,0,'Yukon','YUT','YT',0,0,1,'0000-00-00 00:00:00',0,'0000-00-00 00:00:00',0,'0000-00-00 00:00:00',0),(65,1,222,0,'England','ENG','EN',0,0,1,'0000-00-00 00:00:00',0,'0000-00-00 00:00:00',0,'0000-00-00 00:00:00',0),(66,1,222,0,'Northern Ireland','NOI','NI',0,0,1,'0000-00-00 00:00:00',0,'0000-00-00 00:00:00',0,'0000-00-00 00:00:00',0),(67,1,222,0,'Scotland','SCO','SD',0,0,1,'0000-00-00 00:00:00',0,'0000-00-00 00:00:00',0,'0000-00-00 00:00:00',0),(68,1,222,0,'Wales','WLS','WS',0,0,1,'0000-00-00 00:00:00',0,'0000-00-00 00:00:00',0,'0000-00-00 00:00:00',0),(69,1,13,0,'Australian Capital Territory','ACT','AC',0,0,1,'0000-00-00 00:00:00',0,'0000-00-00 00:00:00',0,'0000-00-00 00:00:00',0),(70,1,13,0,'New South Wales','NSW','NS',0,0,1,'0000-00-00 00:00:00',0,'0000-00-00 00:00:00',0,'0000-00-00 00:00:00',0),(71,1,13,0,'Northern Territory','NOT','NT',0,0,1,'0000-00-00 00:00:00',0,'0000-00-00 00:00:00',0,'0000-00-00 00:00:00',0),(72,1,13,0,'Queensland','QLD','QL',0,0,1,'0000-00-00 00:00:00',0,'0000-00-00 00:00:00',0,'0000-00-00 00:00:00',0),(73,1,13,0,'South Australia','SOA','SA',0,0,1,'0000-00-00 00:00:00',0,'0000-00-00 00:00:00',0,'0000-00-00 00:00:00',0),(74,1,13,0,'Tasmania','TAS','TS',0,0,1,'0000-00-00 00:00:00',0,'0000-00-00 00:00:00',0,'0000-00-00 00:00:00',0),(75,1,13,0,'Victoria','VIC','VI',0,0,1,'0000-00-00 00:00:00',0,'0000-00-00 00:00:00',0,'0000-00-00 00:00:00',0),(76,1,13,0,'Western Australia','WEA','WA',0,0,1,'0000-00-00 00:00:00',0,'0000-00-00 00:00:00',0,'0000-00-00 00:00:00',0),(77,1,138,0,'Aguascalientes','AGS','AG',0,0,1,'0000-00-00 00:00:00',0,'0000-00-00 00:00:00',0,'0000-00-00 00:00:00',0),(78,1,138,0,'Baja California Norte','BCN','BN',0,0,1,'0000-00-00 00:00:00',0,'0000-00-00 00:00:00',0,'0000-00-00 00:00:00',0),(79,1,138,0,'Baja California Sur','BCS','BS',0,0,1,'0000-00-00 00:00:00',0,'0000-00-00 00:00:00',0,'0000-00-00 00:00:00',0),(80,1,138,0,'Campeche','CAM','CA',0,0,1,'0000-00-00 00:00:00',0,'0000-00-00 00:00:00',0,'0000-00-00 00:00:00',0),(81,1,138,0,'Chiapas','CHI','CS',0,0,1,'0000-00-00 00:00:00',0,'0000-00-00 00:00:00',0,'0000-00-00 00:00:00',0),(82,1,138,0,'Chihuahua','CHA','CH',0,0,1,'0000-00-00 00:00:00',0,'0000-00-00 00:00:00',0,'0000-00-00 00:00:00',0),(83,1,138,0,'Coahuila','COA','CO',0,0,1,'0000-00-00 00:00:00',0,'0000-00-00 00:00:00',0,'0000-00-00 00:00:00',0),(84,1,138,0,'Colima','COL','CM',0,0,1,'0000-00-00 00:00:00',0,'0000-00-00 00:00:00',0,'0000-00-00 00:00:00',0),(85,1,138,0,'Distrito Federal','DFM','DF',0,0,1,'0000-00-00 00:00:00',0,'0000-00-00 00:00:00',0,'0000-00-00 00:00:00',0),(86,1,138,0,'Durango','DGO','DO',0,0,1,'0000-00-00 00:00:00',0,'0000-00-00 00:00:00',0,'0000-00-00 00:00:00',0),(87,1,138,0,'Guanajuato','GTO','GO',0,0,1,'0000-00-00 00:00:00',0,'0000-00-00 00:00:00',0,'0000-00-00 00:00:00',0),(88,1,138,0,'Guerrero','GRO','GU',0,0,1,'0000-00-00 00:00:00',0,'0000-00-00 00:00:00',0,'0000-00-00 00:00:00',0),(89,1,138,0,'Hidalgo','HGO','HI',0,0,1,'0000-00-00 00:00:00',0,'0000-00-00 00:00:00',0,'0000-00-00 00:00:00',0),(90,1,138,0,'Jalisco','JAL','JA',0,0,1,'0000-00-00 00:00:00',0,'0000-00-00 00:00:00',0,'0000-00-00 00:00:00',0),(91,1,138,0,'M','EDM','EM',0,0,1,'0000-00-00 00:00:00',0,'0000-00-00 00:00:00',0,'0000-00-00 00:00:00',0),(92,1,138,0,'Michoac','MCN','MI',0,0,1,'0000-00-00 00:00:00',0,'0000-00-00 00:00:00',0,'0000-00-00 00:00:00',0),(93,1,138,0,'Morelos','MOR','MO',0,0,1,'0000-00-00 00:00:00',0,'0000-00-00 00:00:00',0,'0000-00-00 00:00:00',0),(94,1,138,0,'Nayarit','NAY','NY',0,0,1,'0000-00-00 00:00:00',0,'0000-00-00 00:00:00',0,'0000-00-00 00:00:00',0),(95,1,138,0,'Nuevo Le','NUL','NL',0,0,1,'0000-00-00 00:00:00',0,'0000-00-00 00:00:00',0,'0000-00-00 00:00:00',0),(96,1,138,0,'Oaxaca','OAX','OA',0,0,1,'0000-00-00 00:00:00',0,'0000-00-00 00:00:00',0,'0000-00-00 00:00:00',0),(97,1,138,0,'Puebla','PUE','PU',0,0,1,'0000-00-00 00:00:00',0,'0000-00-00 00:00:00',0,'0000-00-00 00:00:00',0),(98,1,138,0,'Quer','QRO','QU',0,0,1,'0000-00-00 00:00:00',0,'0000-00-00 00:00:00',0,'0000-00-00 00:00:00',0),(99,1,138,0,'Quintana Roo','QUR','QR',0,0,1,'0000-00-00 00:00:00',0,'0000-00-00 00:00:00',0,'0000-00-00 00:00:00',0),(100,1,138,0,'San Luis Potos','SLP','SP',0,0,1,'0000-00-00 00:00:00',0,'0000-00-00 00:00:00',0,'0000-00-00 00:00:00',0),(101,1,138,0,'Sinaloa','SIN','SI',0,0,1,'0000-00-00 00:00:00',0,'0000-00-00 00:00:00',0,'0000-00-00 00:00:00',0),(102,1,138,0,'Sonora','SON','SO',0,0,1,'0000-00-00 00:00:00',0,'0000-00-00 00:00:00',0,'0000-00-00 00:00:00',0),(103,1,138,0,'Tabasco','TAB','TA',0,0,1,'0000-00-00 00:00:00',0,'0000-00-00 00:00:00',0,'0000-00-00 00:00:00',0),(104,1,138,0,'Tamaulipas','TAM','TM',0,0,1,'0000-00-00 00:00:00',0,'0000-00-00 00:00:00',0,'0000-00-00 00:00:00',0),(105,1,138,0,'Tlaxcala','TLX','TX',0,0,1,'0000-00-00 00:00:00',0,'0000-00-00 00:00:00',0,'0000-00-00 00:00:00',0),(106,1,138,0,'Veracruz','VER','VZ',0,0,1,'0000-00-00 00:00:00',0,'0000-00-00 00:00:00',0,'0000-00-00 00:00:00',0),(107,1,138,0,'Yucat','YUC','YU',0,0,1,'0000-00-00 00:00:00',0,'0000-00-00 00:00:00',0,'0000-00-00 00:00:00',0),(108,1,138,0,'Zacatecas','ZAC','ZA',0,0,1,'0000-00-00 00:00:00',0,'0000-00-00 00:00:00',0,'0000-00-00 00:00:00',0),(109,1,30,0,'Acre','ACR','AC',0,0,1,'0000-00-00 00:00:00',0,'0000-00-00 00:00:00',0,'0000-00-00 00:00:00',0),(110,1,30,0,'Alagoas','ALG','AL',0,0,1,'0000-00-00 00:00:00',0,'0000-00-00 00:00:00',0,'0000-00-00 00:00:00',0),(111,1,30,0,'Amapá','AMP','AP',0,0,1,'0000-00-00 00:00:00',0,'0000-00-00 00:00:00',0,'0000-00-00 00:00:00',0),(112,1,30,0,'Amazonas','AMZ','AM',0,0,1,'0000-00-00 00:00:00',0,'0000-00-00 00:00:00',0,'0000-00-00 00:00:00',0),(113,1,30,0,'Bahía','BAH','BA',0,0,1,'0000-00-00 00:00:00',0,'0000-00-00 00:00:00',0,'0000-00-00 00:00:00',0),(114,1,30,0,'Ceará','CEA','CE',0,0,1,'0000-00-00 00:00:00',0,'0000-00-00 00:00:00',0,'0000-00-00 00:00:00',0),(115,1,30,0,'Distrito Federal','DFB','DF',0,0,1,'0000-00-00 00:00:00',0,'0000-00-00 00:00:00',0,'0000-00-00 00:00:00',0),(116,1,30,0,'Espírito Santo','ESS','ES',0,0,1,'0000-00-00 00:00:00',0,'0000-00-00 00:00:00',0,'0000-00-00 00:00:00',0),(117,1,30,0,'Goiás','GOI','GO',0,0,1,'0000-00-00 00:00:00',0,'0000-00-00 00:00:00',0,'0000-00-00 00:00:00',0),(118,1,30,0,'Maranhão','MAR','MA',0,0,1,'0000-00-00 00:00:00',0,'0000-00-00 00:00:00',0,'0000-00-00 00:00:00',0),(119,1,30,0,'Mato Grosso','MAT','MT',0,0,1,'0000-00-00 00:00:00',0,'0000-00-00 00:00:00',0,'0000-00-00 00:00:00',0),(120,1,30,0,'Mato Grosso do Sul','MGS','MS',0,0,1,'0000-00-00 00:00:00',0,'0000-00-00 00:00:00',0,'0000-00-00 00:00:00',0),(121,1,30,0,'Minas Gerais','MIG','MG',0,0,1,'0000-00-00 00:00:00',0,'0000-00-00 00:00:00',0,'0000-00-00 00:00:00',0),(122,1,30,0,'Paraná','PAR','PR',0,0,1,'0000-00-00 00:00:00',0,'0000-00-00 00:00:00',0,'0000-00-00 00:00:00',0),(123,1,30,0,'Paraíba','PRB','PB',0,0,1,'0000-00-00 00:00:00',0,'0000-00-00 00:00:00',0,'0000-00-00 00:00:00',0),(124,1,30,0,'Pará','PAB','PA',0,0,1,'0000-00-00 00:00:00',0,'0000-00-00 00:00:00',0,'0000-00-00 00:00:00',0),(125,1,30,0,'Pernambuco','PER','PE',0,0,1,'0000-00-00 00:00:00',0,'0000-00-00 00:00:00',0,'0000-00-00 00:00:00',0),(126,1,30,0,'Piauí','PIA','PI',0,0,1,'0000-00-00 00:00:00',0,'0000-00-00 00:00:00',0,'0000-00-00 00:00:00',0),(127,1,30,0,'Rio Grande do Norte','RGN','RN',0,0,1,'0000-00-00 00:00:00',0,'0000-00-00 00:00:00',0,'0000-00-00 00:00:00',0),(128,1,30,0,'Rio Grande do Sul','RGS','RS',0,0,1,'0000-00-00 00:00:00',0,'0000-00-00 00:00:00',0,'0000-00-00 00:00:00',0),(129,1,30,0,'Rio de Janeiro','RDJ','RJ',0,0,1,'0000-00-00 00:00:00',0,'0000-00-00 00:00:00',0,'0000-00-00 00:00:00',0),(130,1,30,0,'Rondônia','RON','RO',0,0,1,'0000-00-00 00:00:00',0,'0000-00-00 00:00:00',0,'0000-00-00 00:00:00',0),(131,1,30,0,'Roraima','ROR','RR',0,0,1,'0000-00-00 00:00:00',0,'0000-00-00 00:00:00',0,'0000-00-00 00:00:00',0),(132,1,30,0,'Santa Catarina','SAC','SC',0,0,1,'0000-00-00 00:00:00',0,'0000-00-00 00:00:00',0,'0000-00-00 00:00:00',0),(133,1,30,0,'Sergipe','SER','SE',0,0,1,'0000-00-00 00:00:00',0,'0000-00-00 00:00:00',0,'0000-00-00 00:00:00',0),(134,1,30,0,'São Paulo','SAP','SP',0,0,1,'0000-00-00 00:00:00',0,'0000-00-00 00:00:00',0,'0000-00-00 00:00:00',0),(135,1,30,0,'Tocantins','TOC','TO',0,0,1,'0000-00-00 00:00:00',0,'0000-00-00 00:00:00',0,'0000-00-00 00:00:00',0),(136,1,44,0,'Anhui','ANH','34',0,0,1,'0000-00-00 00:00:00',0,'0000-00-00 00:00:00',0,'0000-00-00 00:00:00',0),(137,1,44,0,'Beijing','BEI','11',0,0,1,'0000-00-00 00:00:00',0,'0000-00-00 00:00:00',0,'0000-00-00 00:00:00',0),(138,1,44,0,'Chongqing','CHO','50',0,0,1,'0000-00-00 00:00:00',0,'0000-00-00 00:00:00',0,'0000-00-00 00:00:00',0),(139,1,44,0,'Fujian','FUJ','35',0,0,1,'0000-00-00 00:00:00',0,'0000-00-00 00:00:00',0,'0000-00-00 00:00:00',0),(140,1,44,0,'Gansu','GAN','62',0,0,1,'0000-00-00 00:00:00',0,'0000-00-00 00:00:00',0,'0000-00-00 00:00:00',0),(141,1,44,0,'Guangdong','GUA','44',0,0,1,'0000-00-00 00:00:00',0,'0000-00-00 00:00:00',0,'0000-00-00 00:00:00',0),(142,1,44,0,'Guangxi Zhuang','GUZ','45',0,0,1,'0000-00-00 00:00:00',0,'0000-00-00 00:00:00',0,'0000-00-00 00:00:00',0),(143,1,44,0,'Guizhou','GUI','52',0,0,1,'0000-00-00 00:00:00',0,'0000-00-00 00:00:00',0,'0000-00-00 00:00:00',0),(144,1,44,0,'Hainan','HAI','46',0,0,1,'0000-00-00 00:00:00',0,'0000-00-00 00:00:00',0,'0000-00-00 00:00:00',0),(145,1,44,0,'Hebei','HEB','13',0,0,1,'0000-00-00 00:00:00',0,'0000-00-00 00:00:00',0,'0000-00-00 00:00:00',0),(146,1,44,0,'Heilongjiang','HEI','23',0,0,1,'0000-00-00 00:00:00',0,'0000-00-00 00:00:00',0,'0000-00-00 00:00:00',0),(147,1,44,0,'Henan','HEN','41',0,0,1,'0000-00-00 00:00:00',0,'0000-00-00 00:00:00',0,'0000-00-00 00:00:00',0),(148,1,44,0,'Hubei','HUB','42',0,0,1,'0000-00-00 00:00:00',0,'0000-00-00 00:00:00',0,'0000-00-00 00:00:00',0),(149,1,44,0,'Hunan','HUN','43',0,0,1,'0000-00-00 00:00:00',0,'0000-00-00 00:00:00',0,'0000-00-00 00:00:00',0),(150,1,44,0,'Jiangsu','JIA','32',0,0,1,'0000-00-00 00:00:00',0,'0000-00-00 00:00:00',0,'0000-00-00 00:00:00',0),(151,1,44,0,'Jiangxi','JIX','36',0,0,1,'0000-00-00 00:00:00',0,'0000-00-00 00:00:00',0,'0000-00-00 00:00:00',0),(152,1,44,0,'Jilin','JIL','22',0,0,1,'0000-00-00 00:00:00',0,'0000-00-00 00:00:00',0,'0000-00-00 00:00:00',0),(153,1,44,0,'Liaoning','LIA','21',0,0,1,'0000-00-00 00:00:00',0,'0000-00-00 00:00:00',0,'0000-00-00 00:00:00',0),(154,1,44,0,'Nei Mongol','NML','15',0,0,1,'0000-00-00 00:00:00',0,'0000-00-00 00:00:00',0,'0000-00-00 00:00:00',0),(155,1,44,0,'Ningxia Hui','NIH','64',0,0,1,'0000-00-00 00:00:00',0,'0000-00-00 00:00:00',0,'0000-00-00 00:00:00',0),(156,1,44,0,'Qinghai','QIN','63',0,0,1,'0000-00-00 00:00:00',0,'0000-00-00 00:00:00',0,'0000-00-00 00:00:00',0),(157,1,44,0,'Shandong','SNG','37',0,0,1,'0000-00-00 00:00:00',0,'0000-00-00 00:00:00',0,'0000-00-00 00:00:00',0),(158,1,44,0,'Shanghai','SHH','31',0,0,1,'0000-00-00 00:00:00',0,'0000-00-00 00:00:00',0,'0000-00-00 00:00:00',0),(159,1,44,0,'Shaanxi','SHX','61',0,0,1,'0000-00-00 00:00:00',0,'0000-00-00 00:00:00',0,'0000-00-00 00:00:00',0),(160,1,44,0,'Sichuan','SIC','51',0,0,1,'0000-00-00 00:00:00',0,'0000-00-00 00:00:00',0,'0000-00-00 00:00:00',0),(161,1,44,0,'Tianjin','TIA','12',0,0,1,'0000-00-00 00:00:00',0,'0000-00-00 00:00:00',0,'0000-00-00 00:00:00',0),(162,1,44,0,'Xinjiang Uygur','XIU','65',0,0,1,'0000-00-00 00:00:00',0,'0000-00-00 00:00:00',0,'0000-00-00 00:00:00',0),(163,1,44,0,'Xizang','XIZ','54',0,0,1,'0000-00-00 00:00:00',0,'0000-00-00 00:00:00',0,'0000-00-00 00:00:00',0),(164,1,44,0,'Yunnan','YUN','53',0,0,1,'0000-00-00 00:00:00',0,'0000-00-00 00:00:00',0,'0000-00-00 00:00:00',0),(165,1,44,0,'Zhejiang','ZHE','33',0,0,1,'0000-00-00 00:00:00',0,'0000-00-00 00:00:00',0,'0000-00-00 00:00:00',0),(166,1,104,0,'Israel','ISL','IL',0,0,1,'0000-00-00 00:00:00',0,'0000-00-00 00:00:00',0,'0000-00-00 00:00:00',0),(167,1,104,0,'Gaza Strip','GZS','GZ',0,0,1,'0000-00-00 00:00:00',0,'0000-00-00 00:00:00',0,'0000-00-00 00:00:00',0),(168,1,104,0,'West Bank','WBK','WB',0,0,1,'0000-00-00 00:00:00',0,'0000-00-00 00:00:00',0,'0000-00-00 00:00:00',0),(169,1,151,0,'St. Maarten','STM','SM',0,0,1,'0000-00-00 00:00:00',0,'0000-00-00 00:00:00',0,'0000-00-00 00:00:00',0),(170,1,151,0,'Bonaire','BNR','BN',0,0,1,'0000-00-00 00:00:00',0,'0000-00-00 00:00:00',0,'0000-00-00 00:00:00',0),(171,1,151,0,'Curacao','CUR','CR',0,0,1,'0000-00-00 00:00:00',0,'0000-00-00 00:00:00',0,'0000-00-00 00:00:00',0),(172,1,175,0,'Alba','ABA','AB',0,0,1,'0000-00-00 00:00:00',0,'0000-00-00 00:00:00',0,'0000-00-00 00:00:00',0),(173,1,175,0,'Arad','ARD','AR',0,0,1,'0000-00-00 00:00:00',0,'0000-00-00 00:00:00',0,'0000-00-00 00:00:00',0),(174,1,175,0,'Arges','ARG','AG',0,0,1,'0000-00-00 00:00:00',0,'0000-00-00 00:00:00',0,'0000-00-00 00:00:00',0),(175,1,175,0,'Bacau','BAC','BC',0,0,1,'0000-00-00 00:00:00',0,'0000-00-00 00:00:00',0,'0000-00-00 00:00:00',0),(176,1,175,0,'Bihor','BIH','BH',0,0,1,'0000-00-00 00:00:00',0,'0000-00-00 00:00:00',0,'0000-00-00 00:00:00',0),(177,1,175,0,'Bistrita-Nasaud','BIS','BN',0,0,1,'0000-00-00 00:00:00',0,'0000-00-00 00:00:00',0,'0000-00-00 00:00:00',0),(178,1,175,0,'Botosani','BOT','BT',0,0,1,'0000-00-00 00:00:00',0,'0000-00-00 00:00:00',0,'0000-00-00 00:00:00',0),(179,1,175,0,'Braila','BRL','BR',0,0,1,'0000-00-00 00:00:00',0,'0000-00-00 00:00:00',0,'0000-00-00 00:00:00',0),(180,1,175,0,'Brasov','BRA','BV',0,0,1,'0000-00-00 00:00:00',0,'0000-00-00 00:00:00',0,'0000-00-00 00:00:00',0),(181,1,175,0,'Bucuresti','BUC','B',0,0,1,'0000-00-00 00:00:00',0,'0000-00-00 00:00:00',0,'0000-00-00 00:00:00',0),(182,1,175,0,'Buzau','BUZ','BZ',0,0,1,'0000-00-00 00:00:00',0,'0000-00-00 00:00:00',0,'0000-00-00 00:00:00',0),(183,1,175,0,'Calarasi','CAL','CL',0,0,1,'0000-00-00 00:00:00',0,'0000-00-00 00:00:00',0,'0000-00-00 00:00:00',0),(184,1,175,0,'Caras Severin','CRS','CS',0,0,1,'0000-00-00 00:00:00',0,'0000-00-00 00:00:00',0,'0000-00-00 00:00:00',0),(185,1,175,0,'Cluj','CLJ','CJ',0,0,1,'0000-00-00 00:00:00',0,'0000-00-00 00:00:00',0,'0000-00-00 00:00:00',0),(186,1,175,0,'Constanta','CST','CT',0,0,1,'0000-00-00 00:00:00',0,'0000-00-00 00:00:00',0,'0000-00-00 00:00:00',0),(187,1,175,0,'Covasna','COV','CV',0,0,1,'0000-00-00 00:00:00',0,'0000-00-00 00:00:00',0,'0000-00-00 00:00:00',0),(188,1,175,0,'Dambovita','DAM','DB',0,0,1,'0000-00-00 00:00:00',0,'0000-00-00 00:00:00',0,'0000-00-00 00:00:00',0),(189,1,175,0,'Dolj','DLJ','DJ',0,0,1,'0000-00-00 00:00:00',0,'0000-00-00 00:00:00',0,'0000-00-00 00:00:00',0),(190,1,175,0,'Galati','GAL','GL',0,0,1,'0000-00-00 00:00:00',0,'0000-00-00 00:00:00',0,'0000-00-00 00:00:00',0),(191,1,175,0,'Giurgiu','GIU','GR',0,0,1,'0000-00-00 00:00:00',0,'0000-00-00 00:00:00',0,'0000-00-00 00:00:00',0),(192,1,175,0,'Gorj','GOR','GJ',0,0,1,'0000-00-00 00:00:00',0,'0000-00-00 00:00:00',0,'0000-00-00 00:00:00',0),(193,1,175,0,'Hargita','HRG','HR',0,0,1,'0000-00-00 00:00:00',0,'0000-00-00 00:00:00',0,'0000-00-00 00:00:00',0),(194,1,175,0,'Hunedoara','HUN','HD',0,0,1,'0000-00-00 00:00:00',0,'0000-00-00 00:00:00',0,'0000-00-00 00:00:00',0),(195,1,175,0,'Ialomita','IAL','IL',0,0,1,'0000-00-00 00:00:00',0,'0000-00-00 00:00:00',0,'0000-00-00 00:00:00',0),(196,1,175,0,'Iasi','IAS','IS',0,0,1,'0000-00-00 00:00:00',0,'0000-00-00 00:00:00',0,'0000-00-00 00:00:00',0),(197,1,175,0,'Ilfov','ILF','IF',0,0,1,'0000-00-00 00:00:00',0,'0000-00-00 00:00:00',0,'0000-00-00 00:00:00',0),(198,1,175,0,'Maramures','MAR','MM',0,0,1,'0000-00-00 00:00:00',0,'0000-00-00 00:00:00',0,'0000-00-00 00:00:00',0),(199,1,175,0,'Mehedinti','MEH','MH',0,0,1,'0000-00-00 00:00:00',0,'0000-00-00 00:00:00',0,'0000-00-00 00:00:00',0),(200,1,175,0,'Mures','MUR','MS',0,0,1,'0000-00-00 00:00:00',0,'0000-00-00 00:00:00',0,'0000-00-00 00:00:00',0),(201,1,175,0,'Neamt','NEM','NT',0,0,1,'0000-00-00 00:00:00',0,'0000-00-00 00:00:00',0,'0000-00-00 00:00:00',0),(202,1,175,0,'Olt','OLT','OT',0,0,1,'0000-00-00 00:00:00',0,'0000-00-00 00:00:00',0,'0000-00-00 00:00:00',0),(203,1,175,0,'Prahova','PRA','PH',0,0,1,'0000-00-00 00:00:00',0,'0000-00-00 00:00:00',0,'0000-00-00 00:00:00',0),(204,1,175,0,'Salaj','SAL','SJ',0,0,1,'0000-00-00 00:00:00',0,'0000-00-00 00:00:00',0,'0000-00-00 00:00:00',0),(205,1,175,0,'Satu Mare','SAT','SM',0,0,1,'0000-00-00 00:00:00',0,'0000-00-00 00:00:00',0,'0000-00-00 00:00:00',0),(206,1,175,0,'Sibiu','SIB','SB',0,0,1,'0000-00-00 00:00:00',0,'0000-00-00 00:00:00',0,'0000-00-00 00:00:00',0),(207,1,175,0,'Suceava','SUC','SV',0,0,1,'0000-00-00 00:00:00',0,'0000-00-00 00:00:00',0,'0000-00-00 00:00:00',0),(208,1,175,0,'Teleorman','TEL','TR',0,0,1,'0000-00-00 00:00:00',0,'0000-00-00 00:00:00',0,'0000-00-00 00:00:00',0),(209,1,175,0,'Timis','TIM','TM',0,0,1,'0000-00-00 00:00:00',0,'0000-00-00 00:00:00',0,'0000-00-00 00:00:00',0),(210,1,175,0,'Tulcea','TUL','TL',0,0,1,'0000-00-00 00:00:00',0,'0000-00-00 00:00:00',0,'0000-00-00 00:00:00',0),(211,1,175,0,'Valcea','VAL','VL',0,0,1,'0000-00-00 00:00:00',0,'0000-00-00 00:00:00',0,'0000-00-00 00:00:00',0),(212,1,175,0,'Vaslui','VAS','VS',0,0,1,'0000-00-00 00:00:00',0,'0000-00-00 00:00:00',0,'0000-00-00 00:00:00',0),(213,1,175,0,'Vrancea','VRA','VN',0,0,1,'0000-00-00 00:00:00',0,'0000-00-00 00:00:00',0,'0000-00-00 00:00:00',0),(214,1,105,0,'Agrigento','AGR','AG',0,0,1,'0000-00-00 00:00:00',0,'0000-00-00 00:00:00',0,'0000-00-00 00:00:00',0),(215,1,105,0,'Alessandria','ALE','AL',0,0,1,'0000-00-00 00:00:00',0,'0000-00-00 00:00:00',0,'0000-00-00 00:00:00',0),(216,1,105,0,'Ancona','ANC','AN',0,0,1,'0000-00-00 00:00:00',0,'0000-00-00 00:00:00',0,'0000-00-00 00:00:00',0),(217,1,105,0,'Aosta','AOS','AO',0,0,1,'0000-00-00 00:00:00',0,'0000-00-00 00:00:00',0,'0000-00-00 00:00:00',0),(218,1,105,0,'Arezzo','ARE','AR',0,0,1,'0000-00-00 00:00:00',0,'0000-00-00 00:00:00',0,'0000-00-00 00:00:00',0),(219,1,105,0,'Ascoli Piceno','API','AP',0,0,1,'0000-00-00 00:00:00',0,'0000-00-00 00:00:00',0,'0000-00-00 00:00:00',0),(220,1,105,0,'Asti','AST','AT',0,0,1,'0000-00-00 00:00:00',0,'0000-00-00 00:00:00',0,'0000-00-00 00:00:00',0),(221,1,105,0,'Avellino','AVE','AV',0,0,1,'0000-00-00 00:00:00',0,'0000-00-00 00:00:00',0,'0000-00-00 00:00:00',0),(222,1,105,0,'Bari','BAR','BA',0,0,1,'0000-00-00 00:00:00',0,'0000-00-00 00:00:00',0,'0000-00-00 00:00:00',0),(223,1,105,0,'Belluno','BEL','BL',0,0,1,'0000-00-00 00:00:00',0,'0000-00-00 00:00:00',0,'0000-00-00 00:00:00',0),(224,1,105,0,'Benevento','BEN','BN',0,0,1,'0000-00-00 00:00:00',0,'0000-00-00 00:00:00',0,'0000-00-00 00:00:00',0),(225,1,105,0,'Bergamo','BEG','BG',0,0,1,'0000-00-00 00:00:00',0,'0000-00-00 00:00:00',0,'0000-00-00 00:00:00',0),(226,1,105,0,'Biella','BIE','BI',0,0,1,'0000-00-00 00:00:00',0,'0000-00-00 00:00:00',0,'0000-00-00 00:00:00',0),(227,1,105,0,'Bologna','BOL','BO',0,0,1,'0000-00-00 00:00:00',0,'0000-00-00 00:00:00',0,'0000-00-00 00:00:00',0),(228,1,105,0,'Bolzano','BOZ','BZ',0,0,1,'0000-00-00 00:00:00',0,'0000-00-00 00:00:00',0,'0000-00-00 00:00:00',0),(229,1,105,0,'Brescia','BRE','BS',0,0,1,'0000-00-00 00:00:00',0,'0000-00-00 00:00:00',0,'0000-00-00 00:00:00',0),(230,1,105,0,'Brindisi','BRI','BR',0,0,1,'0000-00-00 00:00:00',0,'0000-00-00 00:00:00',0,'0000-00-00 00:00:00',0),(231,1,105,0,'Cagliari','CAG','CA',0,0,1,'0000-00-00 00:00:00',0,'0000-00-00 00:00:00',0,'0000-00-00 00:00:00',0),(232,1,105,0,'Caltanissetta','CAL','CL',0,0,1,'0000-00-00 00:00:00',0,'0000-00-00 00:00:00',0,'0000-00-00 00:00:00',0),(233,1,105,0,'Campobasso','CBO','CB',0,0,1,'0000-00-00 00:00:00',0,'0000-00-00 00:00:00',0,'0000-00-00 00:00:00',0),(234,1,105,0,'Carbonia-Iglesias','CAR','CI',0,0,1,'0000-00-00 00:00:00',0,'0000-00-00 00:00:00',0,'0000-00-00 00:00:00',0),(235,1,105,0,'Caserta','CAS','CE',0,0,1,'0000-00-00 00:00:00',0,'0000-00-00 00:00:00',0,'0000-00-00 00:00:00',0),(236,1,105,0,'Catania','CAT','CT',0,0,1,'0000-00-00 00:00:00',0,'0000-00-00 00:00:00',0,'0000-00-00 00:00:00',0),(237,1,105,0,'Catanzaro','CTZ','CZ',0,0,1,'0000-00-00 00:00:00',0,'0000-00-00 00:00:00',0,'0000-00-00 00:00:00',0),(238,1,105,0,'Chieti','CHI','CH',0,0,1,'0000-00-00 00:00:00',0,'0000-00-00 00:00:00',0,'0000-00-00 00:00:00',0),(239,1,105,0,'Como','COM','CO',0,0,1,'0000-00-00 00:00:00',0,'0000-00-00 00:00:00',0,'0000-00-00 00:00:00',0),(240,1,105,0,'Cosenza','COS','CS',0,0,1,'0000-00-00 00:00:00',0,'0000-00-00 00:00:00',0,'0000-00-00 00:00:00',0),(241,1,105,0,'Cremona','CRE','CR',0,0,1,'0000-00-00 00:00:00',0,'0000-00-00 00:00:00',0,'0000-00-00 00:00:00',0),(242,1,105,0,'Crotone','CRO','KR',0,0,1,'0000-00-00 00:00:00',0,'0000-00-00 00:00:00',0,'0000-00-00 00:00:00',0),(243,1,105,0,'Cuneo','CUN','CN',0,0,1,'0000-00-00 00:00:00',0,'0000-00-00 00:00:00',0,'0000-00-00 00:00:00',0),(244,1,105,0,'Enna','ENN','EN',0,0,1,'0000-00-00 00:00:00',0,'0000-00-00 00:00:00',0,'0000-00-00 00:00:00',0),(245,1,105,0,'Ferrara','FER','FE',0,0,1,'0000-00-00 00:00:00',0,'0000-00-00 00:00:00',0,'0000-00-00 00:00:00',0),(246,1,105,0,'Firenze','FIR','FI',0,0,1,'0000-00-00 00:00:00',0,'0000-00-00 00:00:00',0,'0000-00-00 00:00:00',0),(247,1,105,0,'Foggia','FOG','FG',0,0,1,'0000-00-00 00:00:00',0,'0000-00-00 00:00:00',0,'0000-00-00 00:00:00',0),(248,1,105,0,'Forli-Cesena','FOC','FC',0,0,1,'0000-00-00 00:00:00',0,'0000-00-00 00:00:00',0,'0000-00-00 00:00:00',0),(249,1,105,0,'Frosinone','FRO','FR',0,0,1,'0000-00-00 00:00:00',0,'0000-00-00 00:00:00',0,'0000-00-00 00:00:00',0),(250,1,105,0,'Genova','GEN','GE',0,0,1,'0000-00-00 00:00:00',0,'0000-00-00 00:00:00',0,'0000-00-00 00:00:00',0),(251,1,105,0,'Gorizia','GOR','GO',0,0,1,'0000-00-00 00:00:00',0,'0000-00-00 00:00:00',0,'0000-00-00 00:00:00',0),(252,1,105,0,'Grosseto','GRO','GR',0,0,1,'0000-00-00 00:00:00',0,'0000-00-00 00:00:00',0,'0000-00-00 00:00:00',0),(253,1,105,0,'Imperia','IMP','IM',0,0,1,'0000-00-00 00:00:00',0,'0000-00-00 00:00:00',0,'0000-00-00 00:00:00',0),(254,1,105,0,'Isernia','ISE','IS',0,0,1,'0000-00-00 00:00:00',0,'0000-00-00 00:00:00',0,'0000-00-00 00:00:00',0),(255,1,105,0,'L\'Aquila','AQU','AQ',0,0,1,'0000-00-00 00:00:00',0,'0000-00-00 00:00:00',0,'0000-00-00 00:00:00',0),(256,1,105,0,'La Spezia','LAS','SP',0,0,1,'0000-00-00 00:00:00',0,'0000-00-00 00:00:00',0,'0000-00-00 00:00:00',0),(257,1,105,0,'Latina','LAT','LT',0,0,1,'0000-00-00 00:00:00',0,'0000-00-00 00:00:00',0,'0000-00-00 00:00:00',0),(258,1,105,0,'Lecce','LEC','LE',0,0,1,'0000-00-00 00:00:00',0,'0000-00-00 00:00:00',0,'0000-00-00 00:00:00',0),(259,1,105,0,'Lecco','LCC','LC',0,0,1,'0000-00-00 00:00:00',0,'0000-00-00 00:00:00',0,'0000-00-00 00:00:00',0),(260,1,105,0,'Livorno','LIV','LI',0,0,1,'0000-00-00 00:00:00',0,'0000-00-00 00:00:00',0,'0000-00-00 00:00:00',0),(261,1,105,0,'Lodi','LOD','LO',0,0,1,'0000-00-00 00:00:00',0,'0000-00-00 00:00:00',0,'0000-00-00 00:00:00',0),(262,1,105,0,'Lucca','LUC','LU',0,0,1,'0000-00-00 00:00:00',0,'0000-00-00 00:00:00',0,'0000-00-00 00:00:00',0),(263,1,105,0,'Macerata','MAC','MC',0,0,1,'0000-00-00 00:00:00',0,'0000-00-00 00:00:00',0,'0000-00-00 00:00:00',0),(264,1,105,0,'Mantova','MAN','MN',0,0,1,'0000-00-00 00:00:00',0,'0000-00-00 00:00:00',0,'0000-00-00 00:00:00',0),(265,1,105,0,'Massa-Carrara','MAS','MS',0,0,1,'0000-00-00 00:00:00',0,'0000-00-00 00:00:00',0,'0000-00-00 00:00:00',0),(266,1,105,0,'Matera','MAA','MT',0,0,1,'0000-00-00 00:00:00',0,'0000-00-00 00:00:00',0,'0000-00-00 00:00:00',0),(267,1,105,0,'Medio Campidano','MED','VS',0,0,1,'0000-00-00 00:00:00',0,'0000-00-00 00:00:00',0,'0000-00-00 00:00:00',0),(268,1,105,0,'Messina','MES','ME',0,0,1,'0000-00-00 00:00:00',0,'0000-00-00 00:00:00',0,'0000-00-00 00:00:00',0),(269,1,105,0,'Milano','MIL','MI',0,0,1,'0000-00-00 00:00:00',0,'0000-00-00 00:00:00',0,'0000-00-00 00:00:00',0),(270,1,105,0,'Modena','MOD','MO',0,0,1,'0000-00-00 00:00:00',0,'0000-00-00 00:00:00',0,'0000-00-00 00:00:00',0),(271,1,105,0,'Napoli','NAP','NA',0,0,1,'0000-00-00 00:00:00',0,'0000-00-00 00:00:00',0,'0000-00-00 00:00:00',0),(272,1,105,0,'Novara','NOV','NO',0,0,1,'0000-00-00 00:00:00',0,'0000-00-00 00:00:00',0,'0000-00-00 00:00:00',0),(273,1,105,0,'Nuoro','NUR','NU',0,0,1,'0000-00-00 00:00:00',0,'0000-00-00 00:00:00',0,'0000-00-00 00:00:00',0),(274,1,105,0,'Ogliastra','OGL','OG',0,0,1,'0000-00-00 00:00:00',0,'0000-00-00 00:00:00',0,'0000-00-00 00:00:00',0),(275,1,105,0,'Olbia-Tempio','OLB','OT',0,0,1,'0000-00-00 00:00:00',0,'0000-00-00 00:00:00',0,'0000-00-00 00:00:00',0),(276,1,105,0,'Oristano','ORI','OR',0,0,1,'0000-00-00 00:00:00',0,'0000-00-00 00:00:00',0,'0000-00-00 00:00:00',0),(277,1,105,0,'Padova','PDA','PD',0,0,1,'0000-00-00 00:00:00',0,'0000-00-00 00:00:00',0,'0000-00-00 00:00:00',0),(278,1,105,0,'Palermo','PAL','PA',0,0,1,'0000-00-00 00:00:00',0,'0000-00-00 00:00:00',0,'0000-00-00 00:00:00',0),(279,1,105,0,'Parma','PAA','PR',0,0,1,'0000-00-00 00:00:00',0,'0000-00-00 00:00:00',0,'0000-00-00 00:00:00',0),(280,1,105,0,'Pavia','PAV','PV',0,0,1,'0000-00-00 00:00:00',0,'0000-00-00 00:00:00',0,'0000-00-00 00:00:00',0),(281,1,105,0,'Perugia','PER','PG',0,0,1,'0000-00-00 00:00:00',0,'0000-00-00 00:00:00',0,'0000-00-00 00:00:00',0),(282,1,105,0,'Pesaro e Urbino','PES','PU',0,0,1,'0000-00-00 00:00:00',0,'0000-00-00 00:00:00',0,'0000-00-00 00:00:00',0),(283,1,105,0,'Pescara','PSC','PE',0,0,1,'0000-00-00 00:00:00',0,'0000-00-00 00:00:00',0,'0000-00-00 00:00:00',0),(284,1,105,0,'Piacenza','PIA','PC',0,0,1,'0000-00-00 00:00:00',0,'0000-00-00 00:00:00',0,'0000-00-00 00:00:00',0),(285,1,105,0,'Pisa','PIS','PI',0,0,1,'0000-00-00 00:00:00',0,'0000-00-00 00:00:00',0,'0000-00-00 00:00:00',0),(286,1,105,0,'Pistoia','PIT','PT',0,0,1,'0000-00-00 00:00:00',0,'0000-00-00 00:00:00',0,'0000-00-00 00:00:00',0),(287,1,105,0,'Pordenone','POR','PN',0,0,1,'0000-00-00 00:00:00',0,'0000-00-00 00:00:00',0,'0000-00-00 00:00:00',0),(288,1,105,0,'Potenza','PTZ','PZ',0,0,1,'0000-00-00 00:00:00',0,'0000-00-00 00:00:00',0,'0000-00-00 00:00:00',0),(289,1,105,0,'Prato','PRA','PO',0,0,1,'0000-00-00 00:00:00',0,'0000-00-00 00:00:00',0,'0000-00-00 00:00:00',0),(290,1,105,0,'Ragusa','RAG','RG',0,0,1,'0000-00-00 00:00:00',0,'0000-00-00 00:00:00',0,'0000-00-00 00:00:00',0),(291,1,105,0,'Ravenna','RAV','RA',0,0,1,'0000-00-00 00:00:00',0,'0000-00-00 00:00:00',0,'0000-00-00 00:00:00',0),(292,1,105,0,'Reggio Calabria','REG','RC',0,0,1,'0000-00-00 00:00:00',0,'0000-00-00 00:00:00',0,'0000-00-00 00:00:00',0),(293,1,105,0,'Reggio Emilia','REE','RE',0,0,1,'0000-00-00 00:00:00',0,'0000-00-00 00:00:00',0,'0000-00-00 00:00:00',0),(294,1,105,0,'Rieti','RIE','RI',0,0,1,'0000-00-00 00:00:00',0,'0000-00-00 00:00:00',0,'0000-00-00 00:00:00',0),(295,1,105,0,'Rimini','RIM','RN',0,0,1,'0000-00-00 00:00:00',0,'0000-00-00 00:00:00',0,'0000-00-00 00:00:00',0),(296,1,105,0,'Roma','ROM','RM',0,0,1,'0000-00-00 00:00:00',0,'0000-00-00 00:00:00',0,'0000-00-00 00:00:00',0),(297,1,105,0,'Rovigo','ROV','RO',0,0,1,'0000-00-00 00:00:00',0,'0000-00-00 00:00:00',0,'0000-00-00 00:00:00',0),(298,1,105,0,'Salerno','SAL','SA',0,0,1,'0000-00-00 00:00:00',0,'0000-00-00 00:00:00',0,'0000-00-00 00:00:00',0),(299,1,105,0,'Sassari','SAS','SS',0,0,1,'0000-00-00 00:00:00',0,'0000-00-00 00:00:00',0,'0000-00-00 00:00:00',0),(300,1,105,0,'Savona','SAV','SV',0,0,1,'0000-00-00 00:00:00',0,'0000-00-00 00:00:00',0,'0000-00-00 00:00:00',0),(301,1,105,0,'Siena','SIE','SI',0,0,1,'0000-00-00 00:00:00',0,'0000-00-00 00:00:00',0,'0000-00-00 00:00:00',0),(302,1,105,0,'Siracusa','SIR','SR',0,0,1,'0000-00-00 00:00:00',0,'0000-00-00 00:00:00',0,'0000-00-00 00:00:00',0),(303,1,105,0,'Sondrio','SOO','SO',0,0,1,'0000-00-00 00:00:00',0,'0000-00-00 00:00:00',0,'0000-00-00 00:00:00',0),(304,1,105,0,'Taranto','TAR','TA',0,0,1,'0000-00-00 00:00:00',0,'0000-00-00 00:00:00',0,'0000-00-00 00:00:00',0),(305,1,105,0,'Teramo','TER','TE',0,0,1,'0000-00-00 00:00:00',0,'0000-00-00 00:00:00',0,'0000-00-00 00:00:00',0),(306,1,105,0,'Terni','TRN','TR',0,0,1,'0000-00-00 00:00:00',0,'0000-00-00 00:00:00',0,'0000-00-00 00:00:00',0),(307,1,105,0,'Torino','TOR','TO',0,0,1,'0000-00-00 00:00:00',0,'0000-00-00 00:00:00',0,'0000-00-00 00:00:00',0),(308,1,105,0,'Trapani','TRA','TP',0,0,1,'0000-00-00 00:00:00',0,'0000-00-00 00:00:00',0,'0000-00-00 00:00:00',0),(309,1,105,0,'Trento','TRE','TN',0,0,1,'0000-00-00 00:00:00',0,'0000-00-00 00:00:00',0,'0000-00-00 00:00:00',0),(310,1,105,0,'Treviso','TRV','TV',0,0,1,'0000-00-00 00:00:00',0,'0000-00-00 00:00:00',0,'0000-00-00 00:00:00',0),(311,1,105,0,'Trieste','TRI','TS',0,0,1,'0000-00-00 00:00:00',0,'0000-00-00 00:00:00',0,'0000-00-00 00:00:00',0),(312,1,105,0,'Udine','UDI','UD',0,0,1,'0000-00-00 00:00:00',0,'0000-00-00 00:00:00',0,'0000-00-00 00:00:00',0),(313,1,105,0,'Varese','VAR','VA',0,0,1,'0000-00-00 00:00:00',0,'0000-00-00 00:00:00',0,'0000-00-00 00:00:00',0),(314,1,105,0,'Venezia','VEN','VE',0,0,1,'0000-00-00 00:00:00',0,'0000-00-00 00:00:00',0,'0000-00-00 00:00:00',0),(315,1,105,0,'Verbano Cusio Ossola','VCO','VB',0,0,1,'0000-00-00 00:00:00',0,'0000-00-00 00:00:00',0,'0000-00-00 00:00:00',0),(316,1,105,0,'Vercelli','VER','VC',0,0,1,'0000-00-00 00:00:00',0,'0000-00-00 00:00:00',0,'0000-00-00 00:00:00',0),(317,1,105,0,'Verona','VRN','VR',0,0,1,'0000-00-00 00:00:00',0,'0000-00-00 00:00:00',0,'0000-00-00 00:00:00',0),(318,1,105,0,'Vibo Valenzia','VIV','VV',0,0,1,'0000-00-00 00:00:00',0,'0000-00-00 00:00:00',0,'0000-00-00 00:00:00',0),(319,1,105,0,'Vicenza','VII','VI',0,0,1,'0000-00-00 00:00:00',0,'0000-00-00 00:00:00',0,'0000-00-00 00:00:00',0),(320,1,105,0,'Viterbo','VIT','VT',0,0,1,'0000-00-00 00:00:00',0,'0000-00-00 00:00:00',0,'0000-00-00 00:00:00',0),(321,1,195,0,'A Coru','ACO','15',0,0,1,'0000-00-00 00:00:00',0,'0000-00-00 00:00:00',0,'0000-00-00 00:00:00',0),(322,1,195,0,'Alava','ALA','01',0,0,1,'0000-00-00 00:00:00',0,'0000-00-00 00:00:00',0,'0000-00-00 00:00:00',0),(323,1,195,0,'Albacete','ALB','02',0,0,1,'0000-00-00 00:00:00',0,'0000-00-00 00:00:00',0,'0000-00-00 00:00:00',0),(324,1,195,0,'Alicante','ALI','03',0,0,1,'0000-00-00 00:00:00',0,'0000-00-00 00:00:00',0,'0000-00-00 00:00:00',0),(325,1,195,0,'Almeria','ALM','04',0,0,1,'0000-00-00 00:00:00',0,'0000-00-00 00:00:00',0,'0000-00-00 00:00:00',0),(326,1,195,0,'Asturias','AST','33',0,0,1,'0000-00-00 00:00:00',0,'0000-00-00 00:00:00',0,'0000-00-00 00:00:00',0),(327,1,195,0,'Avila','AVI','05',0,0,1,'0000-00-00 00:00:00',0,'0000-00-00 00:00:00',0,'0000-00-00 00:00:00',0),(328,1,195,0,'Badajoz','BAD','06',0,0,1,'0000-00-00 00:00:00',0,'0000-00-00 00:00:00',0,'0000-00-00 00:00:00',0),(329,1,195,0,'Baleares','BAL','07',0,0,1,'0000-00-00 00:00:00',0,'0000-00-00 00:00:00',0,'0000-00-00 00:00:00',0),(330,1,195,0,'Barcelona','BAR','08',0,0,1,'0000-00-00 00:00:00',0,'0000-00-00 00:00:00',0,'0000-00-00 00:00:00',0),(331,1,195,0,'Burgos','BUR','09',0,0,1,'0000-00-00 00:00:00',0,'0000-00-00 00:00:00',0,'0000-00-00 00:00:00',0),(332,1,195,0,'Caceres','CAC','10',0,0,1,'0000-00-00 00:00:00',0,'0000-00-00 00:00:00',0,'0000-00-00 00:00:00',0),(333,1,195,0,'Cadiz','CAD','11',0,0,1,'0000-00-00 00:00:00',0,'0000-00-00 00:00:00',0,'0000-00-00 00:00:00',0),(334,1,195,0,'Cantabria','CAN','39',0,0,1,'0000-00-00 00:00:00',0,'0000-00-00 00:00:00',0,'0000-00-00 00:00:00',0),(335,1,195,0,'Castellon','CAS','12',0,0,1,'0000-00-00 00:00:00',0,'0000-00-00 00:00:00',0,'0000-00-00 00:00:00',0),(336,1,195,0,'Ceuta','CEU','51',0,0,1,'0000-00-00 00:00:00',0,'0000-00-00 00:00:00',0,'0000-00-00 00:00:00',0),(337,1,195,0,'Ciudad Real','CIU','13',0,0,1,'0000-00-00 00:00:00',0,'0000-00-00 00:00:00',0,'0000-00-00 00:00:00',0),(338,1,195,0,'Cordoba','COR','14',0,0,1,'0000-00-00 00:00:00',0,'0000-00-00 00:00:00',0,'0000-00-00 00:00:00',0),(339,1,195,0,'Cuenca','CUE','16',0,0,1,'0000-00-00 00:00:00',0,'0000-00-00 00:00:00',0,'0000-00-00 00:00:00',0),(340,1,195,0,'Girona','GIR','17',0,0,1,'0000-00-00 00:00:00',0,'0000-00-00 00:00:00',0,'0000-00-00 00:00:00',0),(341,1,195,0,'Granada','GRA','18',0,0,1,'0000-00-00 00:00:00',0,'0000-00-00 00:00:00',0,'0000-00-00 00:00:00',0),(342,1,195,0,'Guadalajara','GUA','19',0,0,1,'0000-00-00 00:00:00',0,'0000-00-00 00:00:00',0,'0000-00-00 00:00:00',0),(343,1,195,0,'Guipuzcoa','GUI','20',0,0,1,'0000-00-00 00:00:00',0,'0000-00-00 00:00:00',0,'0000-00-00 00:00:00',0),(344,1,195,0,'Huelva','HUL','21',0,0,1,'0000-00-00 00:00:00',0,'0000-00-00 00:00:00',0,'0000-00-00 00:00:00',0),(345,1,195,0,'Huesca','HUS','22',0,0,1,'0000-00-00 00:00:00',0,'0000-00-00 00:00:00',0,'0000-00-00 00:00:00',0),(346,1,195,0,'Jaen','JAE','23',0,0,1,'0000-00-00 00:00:00',0,'0000-00-00 00:00:00',0,'0000-00-00 00:00:00',0),(347,1,195,0,'La Rioja','LRI','26',0,0,1,'0000-00-00 00:00:00',0,'0000-00-00 00:00:00',0,'0000-00-00 00:00:00',0),(348,1,195,0,'Las Palmas','LPA','35',0,0,1,'0000-00-00 00:00:00',0,'0000-00-00 00:00:00',0,'0000-00-00 00:00:00',0),(349,1,195,0,'Leon','LEO','24',0,0,1,'0000-00-00 00:00:00',0,'0000-00-00 00:00:00',0,'0000-00-00 00:00:00',0),(350,1,195,0,'Lleida','LLE','25',0,0,1,'0000-00-00 00:00:00',0,'0000-00-00 00:00:00',0,'0000-00-00 00:00:00',0),(351,1,195,0,'Lugo','LUG','27',0,0,1,'0000-00-00 00:00:00',0,'0000-00-00 00:00:00',0,'0000-00-00 00:00:00',0),(352,1,195,0,'Madrid','MAD','28',0,0,1,'0000-00-00 00:00:00',0,'0000-00-00 00:00:00',0,'0000-00-00 00:00:00',0),(353,1,195,0,'Malaga','MAL','29',0,0,1,'0000-00-00 00:00:00',0,'0000-00-00 00:00:00',0,'0000-00-00 00:00:00',0),(354,1,195,0,'Melilla','MEL','52',0,0,1,'0000-00-00 00:00:00',0,'0000-00-00 00:00:00',0,'0000-00-00 00:00:00',0),(355,1,195,0,'Murcia','MUR','30',0,0,1,'0000-00-00 00:00:00',0,'0000-00-00 00:00:00',0,'0000-00-00 00:00:00',0),(356,1,195,0,'Navarra','NAV','31',0,0,1,'0000-00-00 00:00:00',0,'0000-00-00 00:00:00',0,'0000-00-00 00:00:00',0),(357,1,195,0,'Ourense','OUR','32',0,0,1,'0000-00-00 00:00:00',0,'0000-00-00 00:00:00',0,'0000-00-00 00:00:00',0),(358,1,195,0,'Palencia','PAL','34',0,0,1,'0000-00-00 00:00:00',0,'0000-00-00 00:00:00',0,'0000-00-00 00:00:00',0),(359,1,195,0,'Pontevedra','PON','36',0,0,1,'0000-00-00 00:00:00',0,'0000-00-00 00:00:00',0,'0000-00-00 00:00:00',0),(360,1,195,0,'Salamanca','SAL','37',0,0,1,'0000-00-00 00:00:00',0,'0000-00-00 00:00:00',0,'0000-00-00 00:00:00',0),(361,1,195,0,'Santa Cruz de Tenerife','SCT','38',0,0,1,'0000-00-00 00:00:00',0,'0000-00-00 00:00:00',0,'0000-00-00 00:00:00',0),(362,1,195,0,'Segovia','SEG','40',0,0,1,'0000-00-00 00:00:00',0,'0000-00-00 00:00:00',0,'0000-00-00 00:00:00',0),(363,1,195,0,'Sevilla','SEV','41',0,0,1,'0000-00-00 00:00:00',0,'0000-00-00 00:00:00',0,'0000-00-00 00:00:00',0),(364,1,195,0,'Soria','SOR','42',0,0,1,'0000-00-00 00:00:00',0,'0000-00-00 00:00:00',0,'0000-00-00 00:00:00',0),(365,1,195,0,'Tarragona','TAR','43',0,0,1,'0000-00-00 00:00:00',0,'0000-00-00 00:00:00',0,'0000-00-00 00:00:00',0),(366,1,195,0,'Teruel','TER','44',0,0,1,'0000-00-00 00:00:00',0,'0000-00-00 00:00:00',0,'0000-00-00 00:00:00',0),(367,1,195,0,'Toledo','TOL','45',0,0,1,'0000-00-00 00:00:00',0,'0000-00-00 00:00:00',0,'0000-00-00 00:00:00',0),(368,1,195,0,'Valencia','VAL','46',0,0,1,'0000-00-00 00:00:00',0,'0000-00-00 00:00:00',0,'0000-00-00 00:00:00',0),(369,1,195,0,'Valladolid','VLL','47',0,0,1,'0000-00-00 00:00:00',0,'0000-00-00 00:00:00',0,'0000-00-00 00:00:00',0),(370,1,195,0,'Vizcaya','VIZ','48',0,0,1,'0000-00-00 00:00:00',0,'0000-00-00 00:00:00',0,'0000-00-00 00:00:00',0),(371,1,195,0,'Zamora','ZAM','49',0,0,1,'0000-00-00 00:00:00',0,'0000-00-00 00:00:00',0,'0000-00-00 00:00:00',0),(372,1,195,0,'Zaragoza','ZAR','50',0,0,1,'0000-00-00 00:00:00',0,'0000-00-00 00:00:00',0,'0000-00-00 00:00:00',0),(373,1,10,0,'Buenos Aires','BAS','BA',0,0,1,'0000-00-00 00:00:00',0,'0000-00-00 00:00:00',0,'0000-00-00 00:00:00',0),(374,1,10,0,'Ciudad Autonoma De Buenos Aires','CBA','CB',0,0,1,'0000-00-00 00:00:00',0,'0000-00-00 00:00:00',0,'0000-00-00 00:00:00',0),(375,1,10,0,'Catamarca','CAT','CA',0,0,1,'0000-00-00 00:00:00',0,'0000-00-00 00:00:00',0,'0000-00-00 00:00:00',0),(376,1,10,0,'Chaco','CHO','CH',0,0,1,'0000-00-00 00:00:00',0,'0000-00-00 00:00:00',0,'0000-00-00 00:00:00',0),(377,1,10,0,'Chubut','CTT','CT',0,0,1,'0000-00-00 00:00:00',0,'0000-00-00 00:00:00',0,'0000-00-00 00:00:00',0),(378,1,10,0,'Cordoba','COD','CO',0,0,1,'0000-00-00 00:00:00',0,'0000-00-00 00:00:00',0,'0000-00-00 00:00:00',0),(379,1,10,0,'Corrientes','CRI','CR',0,0,1,'0000-00-00 00:00:00',0,'0000-00-00 00:00:00',0,'0000-00-00 00:00:00',0),(380,1,10,0,'Entre Rios','ERS','ER',0,0,1,'0000-00-00 00:00:00',0,'0000-00-00 00:00:00',0,'0000-00-00 00:00:00',0),(381,1,10,0,'Formosa','FRM','FR',0,0,1,'0000-00-00 00:00:00',0,'0000-00-00 00:00:00',0,'0000-00-00 00:00:00',0),(382,1,10,0,'Jujuy','JUJ','JU',0,0,1,'0000-00-00 00:00:00',0,'0000-00-00 00:00:00',0,'0000-00-00 00:00:00',0),(383,1,10,0,'La Pampa','LPM','LP',0,0,1,'0000-00-00 00:00:00',0,'0000-00-00 00:00:00',0,'0000-00-00 00:00:00',0),(384,1,10,0,'La Rioja','LRI','LR',0,0,1,'0000-00-00 00:00:00',0,'0000-00-00 00:00:00',0,'0000-00-00 00:00:00',0),(385,1,10,0,'Mendoza','MED','ME',0,0,1,'0000-00-00 00:00:00',0,'0000-00-00 00:00:00',0,'0000-00-00 00:00:00',0),(386,1,10,0,'Misiones','MIS','MI',0,0,1,'0000-00-00 00:00:00',0,'0000-00-00 00:00:00',0,'0000-00-00 00:00:00',0),(387,1,10,0,'Neuquen','NQU','NQ',0,0,1,'0000-00-00 00:00:00',0,'0000-00-00 00:00:00',0,'0000-00-00 00:00:00',0),(388,1,10,0,'Rio Negro','RNG','RN',0,0,1,'0000-00-00 00:00:00',0,'0000-00-00 00:00:00',0,'0000-00-00 00:00:00',0),(389,1,10,0,'Salta','SAL','SA',0,0,1,'0000-00-00 00:00:00',0,'0000-00-00 00:00:00',0,'0000-00-00 00:00:00',0),(390,1,10,0,'San Juan','SJN','SJ',0,0,1,'0000-00-00 00:00:00',0,'0000-00-00 00:00:00',0,'0000-00-00 00:00:00',0),(391,1,10,0,'San Luis','SLU','SL',0,0,1,'0000-00-00 00:00:00',0,'0000-00-00 00:00:00',0,'0000-00-00 00:00:00',0),(392,1,10,0,'Santa Cruz','SCZ','SC',0,0,1,'0000-00-00 00:00:00',0,'0000-00-00 00:00:00',0,'0000-00-00 00:00:00',0),(393,1,10,0,'Santa Fe','SFE','SF',0,0,1,'0000-00-00 00:00:00',0,'0000-00-00 00:00:00',0,'0000-00-00 00:00:00',0),(394,1,10,0,'Santiago Del Estero','SEN','SE',0,0,1,'0000-00-00 00:00:00',0,'0000-00-00 00:00:00',0,'0000-00-00 00:00:00',0),(395,1,10,0,'Tierra Del Fuego','TFE','TF',0,0,1,'0000-00-00 00:00:00',0,'0000-00-00 00:00:00',0,'0000-00-00 00:00:00',0),(396,1,10,0,'Tucuman','TUC','TU',0,0,1,'0000-00-00 00:00:00',0,'0000-00-00 00:00:00',0,'0000-00-00 00:00:00',0),(397,1,11,0,'Aragatsotn','ARG','AG',0,0,1,'0000-00-00 00:00:00',0,'0000-00-00 00:00:00',0,'0000-00-00 00:00:00',0),(398,1,11,0,'Ararat','ARR','AR',0,0,1,'0000-00-00 00:00:00',0,'0000-00-00 00:00:00',0,'0000-00-00 00:00:00',0),(399,1,11,0,'Armavir','ARM','AV',0,0,1,'0000-00-00 00:00:00',0,'0000-00-00 00:00:00',0,'0000-00-00 00:00:00',0),(400,1,11,0,'Gegharkunik','GEG','GR',0,0,1,'0000-00-00 00:00:00',0,'0000-00-00 00:00:00',0,'0000-00-00 00:00:00',0),(401,1,11,0,'Kotayk','KOT','KT',0,0,1,'0000-00-00 00:00:00',0,'0000-00-00 00:00:00',0,'0000-00-00 00:00:00',0),(402,1,11,0,'Lori','LOR','LO',0,0,1,'0000-00-00 00:00:00',0,'0000-00-00 00:00:00',0,'0000-00-00 00:00:00',0),(403,1,11,0,'Shirak','SHI','SH',0,0,1,'0000-00-00 00:00:00',0,'0000-00-00 00:00:00',0,'0000-00-00 00:00:00',0),(404,1,11,0,'Syunik','SYU','SU',0,0,1,'0000-00-00 00:00:00',0,'0000-00-00 00:00:00',0,'0000-00-00 00:00:00',0),(405,1,11,0,'Tavush','TAV','TV',0,0,1,'0000-00-00 00:00:00',0,'0000-00-00 00:00:00',0,'0000-00-00 00:00:00',0),(406,1,11,0,'Vayots-Dzor','VAD','VD',0,0,1,'0000-00-00 00:00:00',0,'0000-00-00 00:00:00',0,'0000-00-00 00:00:00',0),(407,1,11,0,'Yerevan','YER','ER',0,0,1,'0000-00-00 00:00:00',0,'0000-00-00 00:00:00',0,'0000-00-00 00:00:00',0),(408,1,99,0,'Andaman & Nicobar Islands','ANI','AI',0,0,1,'0000-00-00 00:00:00',0,'0000-00-00 00:00:00',0,'0000-00-00 00:00:00',0),(409,1,99,0,'Andhra Pradesh','AND','AN',0,0,1,'0000-00-00 00:00:00',0,'0000-00-00 00:00:00',0,'0000-00-00 00:00:00',0),(410,1,99,0,'Arunachal Pradesh','ARU','AR',0,0,1,'0000-00-00 00:00:00',0,'0000-00-00 00:00:00',0,'0000-00-00 00:00:00',0),(411,1,99,0,'Assam','ASS','AS',0,0,1,'0000-00-00 00:00:00',0,'0000-00-00 00:00:00',0,'0000-00-00 00:00:00',0),(412,1,99,0,'Bihar','BIH','BI',0,0,1,'0000-00-00 00:00:00',0,'0000-00-00 00:00:00',0,'0000-00-00 00:00:00',0),(413,1,99,0,'Chandigarh','CHA','CA',0,0,1,'0000-00-00 00:00:00',0,'0000-00-00 00:00:00',0,'0000-00-00 00:00:00',0),(414,1,99,0,'Chhatisgarh','CHH','CH',0,0,1,'0000-00-00 00:00:00',0,'0000-00-00 00:00:00',0,'0000-00-00 00:00:00',0),(415,1,99,0,'Dadra & Nagar Haveli','DAD','DD',0,0,1,'0000-00-00 00:00:00',0,'0000-00-00 00:00:00',0,'0000-00-00 00:00:00',0),(416,1,99,0,'Daman & Diu','DAM','DA',0,0,1,'0000-00-00 00:00:00',0,'0000-00-00 00:00:00',0,'0000-00-00 00:00:00',0),(417,1,99,0,'Delhi','DEL','DE',0,0,1,'0000-00-00 00:00:00',0,'0000-00-00 00:00:00',0,'0000-00-00 00:00:00',0),(418,1,99,0,'Goa','GOA','GO',0,0,1,'0000-00-00 00:00:00',0,'0000-00-00 00:00:00',0,'0000-00-00 00:00:00',0),(419,1,99,0,'Gujarat','GUJ','GU',0,0,1,'0000-00-00 00:00:00',0,'0000-00-00 00:00:00',0,'0000-00-00 00:00:00',0),(420,1,99,0,'Haryana','HAR','HA',0,0,1,'0000-00-00 00:00:00',0,'0000-00-00 00:00:00',0,'0000-00-00 00:00:00',0),(421,1,99,0,'Himachal Pradesh','HIM','HI',0,0,1,'0000-00-00 00:00:00',0,'0000-00-00 00:00:00',0,'0000-00-00 00:00:00',0),(422,1,99,0,'Jammu & Kashmir','JAM','JA',0,0,1,'0000-00-00 00:00:00',0,'0000-00-00 00:00:00',0,'0000-00-00 00:00:00',0),(423,1,99,0,'Jharkhand','JHA','JH',0,0,1,'0000-00-00 00:00:00',0,'0000-00-00 00:00:00',0,'0000-00-00 00:00:00',0),(424,1,99,0,'Karnataka','KAR','KA',0,0,1,'0000-00-00 00:00:00',0,'0000-00-00 00:00:00',0,'0000-00-00 00:00:00',0),(425,1,99,0,'Kerala','KER','KE',0,0,1,'0000-00-00 00:00:00',0,'0000-00-00 00:00:00',0,'0000-00-00 00:00:00',0),(426,1,99,0,'Lakshadweep','LAK','LA',0,0,1,'0000-00-00 00:00:00',0,'0000-00-00 00:00:00',0,'0000-00-00 00:00:00',0),(427,1,99,0,'Madhya Pradesh','MAD','MD',0,0,1,'0000-00-00 00:00:00',0,'0000-00-00 00:00:00',0,'0000-00-00 00:00:00',0),(428,1,99,0,'Maharashtra','MAH','MH',0,0,1,'0000-00-00 00:00:00',0,'0000-00-00 00:00:00',0,'0000-00-00 00:00:00',0),(429,1,99,0,'Manipur','MAN','MN',0,0,1,'0000-00-00 00:00:00',0,'0000-00-00 00:00:00',0,'0000-00-00 00:00:00',0),(430,1,99,0,'Meghalaya','MEG','ME',0,0,1,'0000-00-00 00:00:00',0,'0000-00-00 00:00:00',0,'0000-00-00 00:00:00',0),(431,1,99,0,'Mizoram','MIZ','MI',0,0,1,'0000-00-00 00:00:00',0,'0000-00-00 00:00:00',0,'0000-00-00 00:00:00',0),(432,1,99,0,'Nagaland','NAG','NA',0,0,1,'0000-00-00 00:00:00',0,'0000-00-00 00:00:00',0,'0000-00-00 00:00:00',0),(433,1,99,0,'Orissa','ORI','OR',0,0,1,'0000-00-00 00:00:00',0,'0000-00-00 00:00:00',0,'0000-00-00 00:00:00',0),(434,1,99,0,'Pondicherry','PON','PO',0,0,1,'0000-00-00 00:00:00',0,'0000-00-00 00:00:00',0,'0000-00-00 00:00:00',0),(435,1,99,0,'Punjab','PUN','PU',0,0,1,'0000-00-00 00:00:00',0,'0000-00-00 00:00:00',0,'0000-00-00 00:00:00',0),(436,1,99,0,'Rajasthan','RAJ','RA',0,0,1,'0000-00-00 00:00:00',0,'0000-00-00 00:00:00',0,'0000-00-00 00:00:00',0),(437,1,99,0,'Sikkim','SIK','SI',0,0,1,'0000-00-00 00:00:00',0,'0000-00-00 00:00:00',0,'0000-00-00 00:00:00',0),(438,1,99,0,'Tamil Nadu','TAM','TA',0,0,1,'0000-00-00 00:00:00',0,'0000-00-00 00:00:00',0,'0000-00-00 00:00:00',0),(439,1,99,0,'Tripura','TRI','TR',0,0,1,'0000-00-00 00:00:00',0,'0000-00-00 00:00:00',0,'0000-00-00 00:00:00',0),(440,1,99,0,'Uttaranchal','UAR','UA',0,0,1,'0000-00-00 00:00:00',0,'0000-00-00 00:00:00',0,'0000-00-00 00:00:00',0),(441,1,99,0,'Uttar Pradesh','UTT','UT',0,0,1,'0000-00-00 00:00:00',0,'0000-00-00 00:00:00',0,'0000-00-00 00:00:00',0),(442,1,99,0,'West Bengal','WES','WE',0,0,1,'0000-00-00 00:00:00',0,'0000-00-00 00:00:00',0,'0000-00-00 00:00:00',0),(443,1,101,0,'Ahmadi va Kohkiluyeh','BOK','BO',0,0,1,'0000-00-00 00:00:00',0,'0000-00-00 00:00:00',0,'0000-00-00 00:00:00',0),(444,1,101,0,'Ardabil','ARD','AR',0,0,1,'0000-00-00 00:00:00',0,'0000-00-00 00:00:00',0,'0000-00-00 00:00:00',0),(445,1,101,0,'Azarbayjan-e Gharbi','AZG','AG',0,0,1,'0000-00-00 00:00:00',0,'0000-00-00 00:00:00',0,'0000-00-00 00:00:00',0),(446,1,101,0,'Azarbayjan-e Sharqi','AZS','AS',0,0,1,'0000-00-00 00:00:00',0,'0000-00-00 00:00:00',0,'0000-00-00 00:00:00',0),(447,1,101,0,'Bushehr','BUS','BU',0,0,1,'0000-00-00 00:00:00',0,'0000-00-00 00:00:00',0,'0000-00-00 00:00:00',0),(448,1,101,0,'Chaharmahal va Bakhtiari','CMB','CM',0,0,1,'0000-00-00 00:00:00',0,'0000-00-00 00:00:00',0,'0000-00-00 00:00:00',0),(449,1,101,0,'Esfahan','ESF','ES',0,0,1,'0000-00-00 00:00:00',0,'0000-00-00 00:00:00',0,'0000-00-00 00:00:00',0),(450,1,101,0,'Fars','FAR','FA',0,0,1,'0000-00-00 00:00:00',0,'0000-00-00 00:00:00',0,'0000-00-00 00:00:00',0),(451,1,101,0,'Gilan','GIL','GI',0,0,1,'0000-00-00 00:00:00',0,'0000-00-00 00:00:00',0,'0000-00-00 00:00:00',0),(452,1,101,0,'Gorgan','GOR','GO',0,0,1,'0000-00-00 00:00:00',0,'0000-00-00 00:00:00',0,'0000-00-00 00:00:00',0),(453,1,101,0,'Hamadan','HAM','HA',0,0,1,'0000-00-00 00:00:00',0,'0000-00-00 00:00:00',0,'0000-00-00 00:00:00',0),(454,1,101,0,'Hormozgan','HOR','HO',0,0,1,'0000-00-00 00:00:00',0,'0000-00-00 00:00:00',0,'0000-00-00 00:00:00',0),(455,1,101,0,'Ilam','ILA','IL',0,0,1,'0000-00-00 00:00:00',0,'0000-00-00 00:00:00',0,'0000-00-00 00:00:00',0),(456,1,101,0,'Kerman','KER','KE',0,0,1,'0000-00-00 00:00:00',0,'0000-00-00 00:00:00',0,'0000-00-00 00:00:00',0),(457,1,101,0,'Kermanshah','BAK','BA',0,0,1,'0000-00-00 00:00:00',0,'0000-00-00 00:00:00',0,'0000-00-00 00:00:00',0),(458,1,101,0,'Khorasan-e Junoubi','KHJ','KJ',0,0,1,'0000-00-00 00:00:00',0,'0000-00-00 00:00:00',0,'0000-00-00 00:00:00',0),(459,1,101,0,'Khorasan-e Razavi','KHR','KR',0,0,1,'0000-00-00 00:00:00',0,'0000-00-00 00:00:00',0,'0000-00-00 00:00:00',0),(460,1,101,0,'Khorasan-e Shomali','KHS','KS',0,0,1,'0000-00-00 00:00:00',0,'0000-00-00 00:00:00',0,'0000-00-00 00:00:00',0),(461,1,101,0,'Khuzestan','KHU','KH',0,0,1,'0000-00-00 00:00:00',0,'0000-00-00 00:00:00',0,'0000-00-00 00:00:00',0),(462,1,101,0,'Kordestan','KOR','KO',0,0,1,'0000-00-00 00:00:00',0,'0000-00-00 00:00:00',0,'0000-00-00 00:00:00',0),(463,1,101,0,'Lorestan','LOR','LO',0,0,1,'0000-00-00 00:00:00',0,'0000-00-00 00:00:00',0,'0000-00-00 00:00:00',0),(464,1,101,0,'Markazi','MAR','MR',0,0,1,'0000-00-00 00:00:00',0,'0000-00-00 00:00:00',0,'0000-00-00 00:00:00',0),(465,1,101,0,'Mazandaran','MAZ','MZ',0,0,1,'0000-00-00 00:00:00',0,'0000-00-00 00:00:00',0,'0000-00-00 00:00:00',0),(466,1,101,0,'Qazvin','QAS','QA',0,0,1,'0000-00-00 00:00:00',0,'0000-00-00 00:00:00',0,'0000-00-00 00:00:00',0),(467,1,101,0,'Qom','QOM','QO',0,0,1,'0000-00-00 00:00:00',0,'0000-00-00 00:00:00',0,'0000-00-00 00:00:00',0),(468,1,101,0,'Semnan','SEM','SE',0,0,1,'0000-00-00 00:00:00',0,'0000-00-00 00:00:00',0,'0000-00-00 00:00:00',0),(469,1,101,0,'Sistan va Baluchestan','SBA','SB',0,0,1,'0000-00-00 00:00:00',0,'0000-00-00 00:00:00',0,'0000-00-00 00:00:00',0),(470,1,101,0,'Tehran','TEH','TE',0,0,1,'0000-00-00 00:00:00',0,'0000-00-00 00:00:00',0,'0000-00-00 00:00:00',0),(471,1,101,0,'Yazd','YAZ','YA',0,0,1,'0000-00-00 00:00:00',0,'0000-00-00 00:00:00',0,'0000-00-00 00:00:00',0),(472,1,101,0,'Zanjan','ZAN','ZA',0,0,1,'0000-00-00 00:00:00',0,'0000-00-00 00:00:00',0,'0000-00-00 00:00:00',0),(535,1,84,0,'ΛΕΥΚΑΔΑΣ','ΛΕΥ','ΛΕ',0,0,1,'0000-00-00 00:00:00',0,'0000-00-00 00:00:00',0,'0000-00-00 00:00:00',0),(532,1,84,0,'ΛΑΡΙΣΑΣ','ΛΑΡ','ΛΡ',0,0,1,'0000-00-00 00:00:00',0,'0000-00-00 00:00:00',0,'0000-00-00 00:00:00',0),(504,1,84,0,'ΑΡΚΑΔΙΑΣ','ΑΡΚ','ΑΚ',0,0,1,'0000-00-00 00:00:00',0,'0000-00-00 00:00:00',0,'0000-00-00 00:00:00',0),(503,1,84,0,'ΑΡΓΟΛΙΔΑΣ','ΑΡΓ','ΑΡ',0,0,1,'0000-00-00 00:00:00',0,'0000-00-00 00:00:00',0,'0000-00-00 00:00:00',0),(533,1,84,0,'ΛΑΣΙΘΙΟΥ','ΛΑΣ','ΛΑ',0,0,1,'0000-00-00 00:00:00',0,'0000-00-00 00:00:00',0,'0000-00-00 00:00:00',0),(534,1,84,0,'ΛΕΣΒΟΥ','ΛΕΣ','ΛΣ',0,0,1,'0000-00-00 00:00:00',0,'0000-00-00 00:00:00',0,'0000-00-00 00:00:00',0),(530,1,84,0,'ΚΥΚΛΑΔΩΝ','ΚΥΚ','ΚΥ',0,0,1,'0000-00-00 00:00:00',0,'0000-00-00 00:00:00',0,'0000-00-00 00:00:00',0),(553,1,84,0,'ΑΙΤΩΛΟΑΚΑΡΝΑΝΙΑΣ','ΑΙΤ','ΑΙ',0,0,1,'0000-00-00 00:00:00',0,'0000-00-00 00:00:00',0,'0000-00-00 00:00:00',0),(529,1,84,0,'ΚΟΡΙΝΘΙΑΣ','ΚΟΡ','ΚΟ',0,0,1,'0000-00-00 00:00:00',0,'0000-00-00 00:00:00',0,'0000-00-00 00:00:00',0),(531,1,84,0,'ΛΑΚΩΝΙΑΣ','ΛΑΚ','ΛK',0,0,1,'0000-00-00 00:00:00',0,'0000-00-00 00:00:00',0,'0000-00-00 00:00:00',0),(517,1,84,0,'ΗΜΑΘΙΑΣ','ΗΜΑ','ΗΜ',0,0,1,'0000-00-00 00:00:00',0,'0000-00-00 00:00:00',0,'0000-00-00 00:00:00',0),(518,1,84,0,'ΗΡΑΚΛΕΙΟΥ','ΗΡΑ','ΗΡ',0,0,1,'0000-00-00 00:00:00',0,'0000-00-00 00:00:00',0,'0000-00-00 00:00:00',0),(519,1,84,0,'ΘΕΣΠΡΩΤΙΑΣ','ΘΕΠ','ΘΠ',0,0,1,'0000-00-00 00:00:00',0,'0000-00-00 00:00:00',0,'0000-00-00 00:00:00',0),(520,1,84,0,'ΘΕΣΣΑΛΟΝΙΚΗΣ','ΘΕΣ','ΘΕ',0,0,1,'0000-00-00 00:00:00',0,'0000-00-00 00:00:00',0,'0000-00-00 00:00:00',0),(521,1,84,0,'ΙΩΑΝΝΙΝΩΝ','ΙΩΑ','ΙΩ',0,0,1,'0000-00-00 00:00:00',0,'0000-00-00 00:00:00',0,'0000-00-00 00:00:00',0),(522,1,84,0,'ΚΑΒΑΛΑΣ','ΚΑΒ','ΚΒ',0,0,1,'0000-00-00 00:00:00',0,'0000-00-00 00:00:00',0,'0000-00-00 00:00:00',0),(523,1,84,0,'ΚΑΡΔΙΤΣΑΣ','ΚΑΡ','ΚΡ',0,0,1,'0000-00-00 00:00:00',0,'0000-00-00 00:00:00',0,'0000-00-00 00:00:00',0),(524,1,84,0,'ΚΑΣΤΟΡΙΑΣ','ΚΑΣ','ΚΣ',0,0,1,'0000-00-00 00:00:00',0,'0000-00-00 00:00:00',0,'0000-00-00 00:00:00',0),(525,1,84,0,'ΚΕΡΚΥΡΑΣ','ΚΕΡ','ΚΕ',0,0,1,'0000-00-00 00:00:00',0,'0000-00-00 00:00:00',0,'0000-00-00 00:00:00',0),(526,1,84,0,'ΚΕΦΑΛΛΗΝΙΑΣ','ΚΕΦ','ΚΦ',0,0,1,'0000-00-00 00:00:00',0,'0000-00-00 00:00:00',0,'0000-00-00 00:00:00',0),(527,1,84,0,'ΚΙΛΚΙΣ','ΚΙΛ','ΚΙ',0,0,1,'0000-00-00 00:00:00',0,'0000-00-00 00:00:00',0,'0000-00-00 00:00:00',0),(528,1,84,0,'ΚΟΖΑΝΗΣ','ΚΟΖ','ΚZ',0,0,1,'0000-00-00 00:00:00',0,'0000-00-00 00:00:00',0,'0000-00-00 00:00:00',0),(507,1,84,0,'ΑΧΑΪΑΣ','ΑΧΑ','ΑΧ',0,0,1,'0000-00-00 00:00:00',0,'0000-00-00 00:00:00',0,'0000-00-00 00:00:00',0),(508,1,84,0,'ΒΟΙΩΤΙΑΣ','ΒΟΙ','ΒΟ',0,0,1,'0000-00-00 00:00:00',0,'0000-00-00 00:00:00',0,'0000-00-00 00:00:00',0),(509,1,84,0,'ΓΡΕΒΕΝΩΝ','ΓΡΕ','ΓΡ',0,0,1,'0000-00-00 00:00:00',0,'0000-00-00 00:00:00',0,'0000-00-00 00:00:00',0),(510,1,84,0,'ΔΡΑΜΑΣ','ΔΡΑ','ΔΡ',0,0,1,'0000-00-00 00:00:00',0,'0000-00-00 00:00:00',0,'0000-00-00 00:00:00',0),(511,1,84,0,'ΔΩΔΕΚΑΝΗΣΟΥ','ΔΩΔ','ΔΩ',0,0,1,'0000-00-00 00:00:00',0,'0000-00-00 00:00:00',0,'0000-00-00 00:00:00',0),(512,1,84,0,'ΕΒΡΟΥ','ΕΒΡ','ΕΒ',0,0,1,'0000-00-00 00:00:00',0,'0000-00-00 00:00:00',0,'0000-00-00 00:00:00',0),(513,1,84,0,'ΕΥΒΟΙΑΣ','ΕΥΒ','ΕΥ',0,0,1,'0000-00-00 00:00:00',0,'0000-00-00 00:00:00',0,'0000-00-00 00:00:00',0),(514,1,84,0,'ΕΥΡΥΤΑΝΙΑΣ','ΕΥΡ','ΕΡ',0,0,1,'0000-00-00 00:00:00',0,'0000-00-00 00:00:00',0,'0000-00-00 00:00:00',0),(515,1,84,0,'ΖΑΚΥΝΘΟΥ','ΖΑΚ','ΖΑ',0,0,1,'0000-00-00 00:00:00',0,'0000-00-00 00:00:00',0,'0000-00-00 00:00:00',0),(516,1,84,0,'ΗΛΕΙΑΣ','ΗΛΕ','ΗΛ',0,0,1,'0000-00-00 00:00:00',0,'0000-00-00 00:00:00',0,'0000-00-00 00:00:00',0),(505,1,84,0,'ΑΡΤΑΣ','ΑΡΤ','ΑΑ',0,0,1,'0000-00-00 00:00:00',0,'0000-00-00 00:00:00',0,'0000-00-00 00:00:00',0),(506,1,84,0,'ΑΤΤΙΚΗΣ','ΑΤΤ','ΑΤ',0,0,1,'0000-00-00 00:00:00',0,'0000-00-00 00:00:00',0,'0000-00-00 00:00:00',0),(536,1,84,0,'ΜΑΓΝΗΣΙΑΣ','ΜΑΓ','ΜΑ',0,0,1,'0000-00-00 00:00:00',0,'0000-00-00 00:00:00',0,'0000-00-00 00:00:00',0),(537,1,84,0,'ΜΕΣΣΗΝΙΑΣ','ΜΕΣ','ΜΕ',0,0,1,'0000-00-00 00:00:00',0,'0000-00-00 00:00:00',0,'0000-00-00 00:00:00',0),(538,1,84,0,'ΞΑΝΘΗΣ','ΞΑΝ','ΞΑ',0,0,1,'0000-00-00 00:00:00',0,'0000-00-00 00:00:00',0,'0000-00-00 00:00:00',0),(539,1,84,0,'ΠΕΛΛΗΣ','ΠΕΛ','ΠΕ',0,0,1,'0000-00-00 00:00:00',0,'0000-00-00 00:00:00',0,'0000-00-00 00:00:00',0),(540,1,84,0,'ΠΙΕΡΙΑΣ','ΠΙΕ','ΠΙ',0,0,1,'0000-00-00 00:00:00',0,'0000-00-00 00:00:00',0,'0000-00-00 00:00:00',0),(541,1,84,0,'ΠΡΕΒΕΖΑΣ','ΠΡΕ','ΠΡ',0,0,1,'0000-00-00 00:00:00',0,'0000-00-00 00:00:00',0,'0000-00-00 00:00:00',0),(542,1,84,0,'ΡΕΘΥΜΝΗΣ','ΡΕΘ','ΡΕ',0,0,1,'0000-00-00 00:00:00',0,'0000-00-00 00:00:00',0,'0000-00-00 00:00:00',0),(543,1,84,0,'ΡΟΔΟΠΗΣ','ΡΟΔ','ΡΟ',0,0,1,'0000-00-00 00:00:00',0,'0000-00-00 00:00:00',0,'0000-00-00 00:00:00',0),(544,1,84,0,'ΣΑΜΟΥ','ΣΑΜ','ΣΑ',0,0,1,'0000-00-00 00:00:00',0,'0000-00-00 00:00:00',0,'0000-00-00 00:00:00',0),(545,1,84,0,'ΣΕΡΡΩΝ','ΣΕΡ','ΣΕ',0,0,1,'0000-00-00 00:00:00',0,'0000-00-00 00:00:00',0,'0000-00-00 00:00:00',0),(546,1,84,0,'ΤΡΙΚΑΛΩΝ','ΤΡΙ','ΤΡ',0,0,1,'0000-00-00 00:00:00',0,'0000-00-00 00:00:00',0,'0000-00-00 00:00:00',0),(547,1,84,0,'ΦΘΙΩΤΙΔΑΣ','ΦΘΙ','ΦΘ',0,0,1,'0000-00-00 00:00:00',0,'0000-00-00 00:00:00',0,'0000-00-00 00:00:00',0),(548,1,84,0,'ΦΛΩΡΙΝΑΣ','ΦΛΩ','ΦΛ',0,0,1,'0000-00-00 00:00:00',0,'0000-00-00 00:00:00',0,'0000-00-00 00:00:00',0),(549,1,84,0,'ΦΩΚΙΔΑΣ','ΦΩΚ','ΦΩ',0,0,1,'0000-00-00 00:00:00',0,'0000-00-00 00:00:00',0,'0000-00-00 00:00:00',0),(550,1,84,0,'ΧΑΛΚΙΔΙΚΗΣ','ΧΑΛ','ΧΑ',0,0,1,'0000-00-00 00:00:00',0,'0000-00-00 00:00:00',0,'0000-00-00 00:00:00',0),(551,1,84,0,'ΧΑΝΙΩΝ','ΧΑΝ','ΧΝ',0,0,1,'0000-00-00 00:00:00',0,'0000-00-00 00:00:00',0,'0000-00-00 00:00:00',0),(552,1,84,0,'ΧΙΟΥ','ΧΙΟ','ΧΙ',0,0,1,'0000-00-00 00:00:00',0,'0000-00-00 00:00:00',0,'0000-00-00 00:00:00',0),(569,1,81,0,'Schleswig-Holstein','SHO','SH',0,1,1,'0000-00-00 00:00:00',0,'0000-00-00 00:00:00',0,'0000-00-00 00:00:00',0),(554,1,81,0,'Freie und Hansestadt Hamburg','HAM','HH',0,1,1,'0000-00-00 00:00:00',0,'0000-00-00 00:00:00',0,'0000-00-00 00:00:00',0),(555,1,81,0,'Niedersachsen','NIS','NI',0,1,1,'0000-00-00 00:00:00',0,'0000-00-00 00:00:00',0,'0000-00-00 00:00:00',0),(556,1,81,0,'Freie Hansestadt Bremen','HBR','HB',0,1,1,'0000-00-00 00:00:00',0,'0000-00-00 00:00:00',0,'0000-00-00 00:00:00',0),(557,1,81,0,'Nordrhein-Westfalen','NRW','NW',0,1,1,'0000-00-00 00:00:00',0,'0000-00-00 00:00:00',0,'0000-00-00 00:00:00',0),(558,1,81,0,'Hessen','HES','HE',0,1,1,'0000-00-00 00:00:00',0,'0000-00-00 00:00:00',0,'0000-00-00 00:00:00',0),(559,1,81,0,'Rheinland-Pfalz','RLP','RP',0,1,1,'0000-00-00 00:00:00',0,'0000-00-00 00:00:00',0,'0000-00-00 00:00:00',0),(560,1,81,0,'Baden-Württemberg','BWÜ','BW',0,1,1,'0000-00-00 00:00:00',0,'0000-00-00 00:00:00',0,'0000-00-00 00:00:00',0),(561,1,81,0,'Freistaat Bayern','BAV','BY',0,1,1,'0000-00-00 00:00:00',0,'0000-00-00 00:00:00',0,'0000-00-00 00:00:00',0),(562,1,81,0,'Saarland','SLA','SL',0,1,1,'0000-00-00 00:00:00',0,'0000-00-00 00:00:00',0,'0000-00-00 00:00:00',0),(563,1,81,0,'Berlin','BER','BE',0,1,1,'0000-00-00 00:00:00',0,'0000-00-00 00:00:00',0,'0000-00-00 00:00:00',0),(564,1,81,0,'Brandenburg','BRB','BB',0,1,1,'0000-00-00 00:00:00',0,'0000-00-00 00:00:00',0,'0000-00-00 00:00:00',0),(565,1,81,0,'Mecklenburg-Vorpommern','MVO','MV',0,1,1,'0000-00-00 00:00:00',0,'0000-00-00 00:00:00',0,'0000-00-00 00:00:00',0),(566,1,81,0,'Freistaat Sachsen','SAC','SN',0,1,1,'0000-00-00 00:00:00',0,'0000-00-00 00:00:00',0,'0000-00-00 00:00:00',0),(567,1,81,0,'Sachsen-Anhalt','SAA','ST',0,1,1,'0000-00-00 00:00:00',0,'0000-00-00 00:00:00',0,'0000-00-00 00:00:00',0),(568,1,81,0,'Freistaat Thüringen','THÜ','TH',0,1,1,'0000-00-00 00:00:00',0,'0000-00-00 00:00:00',0,'0000-00-00 00:00:00',0),(570,1,176,0,'Адыгея Республика','AD','01',1,0,1,'0000-00-00 00:00:00',0,'0000-00-00 00:00:00',0,'0000-00-00 00:00:00',0),(571,1,176,0,'Алтай Республика','AL','04',2,0,1,'0000-00-00 00:00:00',0,'0000-00-00 00:00:00',0,'0000-00-00 00:00:00',0),(572,1,176,0,'Алтайский край','ALT','22',3,0,1,'0000-00-00 00:00:00',0,'0000-00-00 00:00:00',0,'0000-00-00 00:00:00',0),(573,1,176,0,'Амурская область','AMU','28',4,0,1,'0000-00-00 00:00:00',0,'0000-00-00 00:00:00',0,'0000-00-00 00:00:00',0),(574,1,176,0,'Архангельская область','ARK','29',5,0,1,'0000-00-00 00:00:00',0,'0000-00-00 00:00:00',0,'0000-00-00 00:00:00',0),(575,1,176,0,'Астраханская область','AST','30',6,0,1,'0000-00-00 00:00:00',0,'0000-00-00 00:00:00',0,'0000-00-00 00:00:00',0),(576,1,176,0,'Башкортостан Республика','BA','02',7,0,1,'0000-00-00 00:00:00',0,'0000-00-00 00:00:00',0,'0000-00-00 00:00:00',0),(577,1,176,0,'Белгородская область','BEL','31',8,0,1,'0000-00-00 00:00:00',0,'0000-00-00 00:00:00',0,'0000-00-00 00:00:00',0),(578,1,176,0,'Брянская область','BRY','32',9,0,1,'0000-00-00 00:00:00',0,'0000-00-00 00:00:00',0,'0000-00-00 00:00:00',0),(579,1,176,0,'Бурятия Республика','BU','03',10,0,1,'0000-00-00 00:00:00',0,'0000-00-00 00:00:00',0,'0000-00-00 00:00:00',0),(580,1,176,0,'Владимирская область','VLA','33',11,0,1,'0000-00-00 00:00:00',0,'0000-00-00 00:00:00',0,'0000-00-00 00:00:00',0),(581,1,176,0,'Волгоградская область','VGG','34',12,0,1,'0000-00-00 00:00:00',0,'0000-00-00 00:00:00',0,'0000-00-00 00:00:00',0),(582,1,176,0,'Вологодская область','VLG','35',13,0,1,'0000-00-00 00:00:00',0,'0000-00-00 00:00:00',0,'0000-00-00 00:00:00',0),(583,1,176,0,'Воронежская область','VOR','36',14,0,1,'0000-00-00 00:00:00',0,'0000-00-00 00:00:00',0,'0000-00-00 00:00:00',0),(584,1,176,0,'Дагестан Республика','DA','05',15,0,1,'0000-00-00 00:00:00',0,'0000-00-00 00:00:00',0,'0000-00-00 00:00:00',0),(585,1,176,0,'Еврейская автономная область','YEV','79',16,0,1,'0000-00-00 00:00:00',0,'0000-00-00 00:00:00',0,'0000-00-00 00:00:00',0),(586,1,176,0,'Забайкальский край','ZAB','75',17,0,1,'0000-00-00 00:00:00',0,'0000-00-00 00:00:00',0,'0000-00-00 00:00:00',0),(587,1,176,0,'Ивановская область','IVA','37',18,0,1,'0000-00-00 00:00:00',0,'0000-00-00 00:00:00',0,'0000-00-00 00:00:00',0),(588,1,176,0,'Ингушетия Республика','IN','06',19,0,1,'0000-00-00 00:00:00',0,'0000-00-00 00:00:00',0,'0000-00-00 00:00:00',0),(589,1,176,0,'Иркутская область','IRK','38',20,0,1,'0000-00-00 00:00:00',0,'0000-00-00 00:00:00',0,'0000-00-00 00:00:00',0),(590,1,176,0,'Кабардино-Балкарская Республика','KB','07',21,0,1,'0000-00-00 00:00:00',0,'0000-00-00 00:00:00',0,'0000-00-00 00:00:00',0),(591,1,176,0,'Калининградская область','KGD','39',22,0,1,'0000-00-00 00:00:00',0,'0000-00-00 00:00:00',0,'0000-00-00 00:00:00',0),(592,1,176,0,'Калмыкия Республика','KL','08',23,0,1,'0000-00-00 00:00:00',0,'0000-00-00 00:00:00',0,'0000-00-00 00:00:00',0),(593,1,176,0,'Калужская область','KLU','40',24,0,1,'0000-00-00 00:00:00',0,'0000-00-00 00:00:00',0,'0000-00-00 00:00:00',0),(594,1,176,0,'Камчатский край','KAM','41',25,0,1,'0000-00-00 00:00:00',0,'0000-00-00 00:00:00',0,'0000-00-00 00:00:00',0),(595,1,176,0,'Карачаево-Черкесская Республика','KC','09',26,0,1,'0000-00-00 00:00:00',0,'0000-00-00 00:00:00',0,'0000-00-00 00:00:00',0),(596,1,176,0,'Карелия Республика','KR','10',27,0,1,'0000-00-00 00:00:00',0,'0000-00-00 00:00:00',0,'0000-00-00 00:00:00',0),(597,1,176,0,'Кемеровская область','KEM','42',28,0,1,'0000-00-00 00:00:00',0,'0000-00-00 00:00:00',0,'0000-00-00 00:00:00',0),(598,1,176,0,'Кировская область','KIR','43',29,0,1,'0000-00-00 00:00:00',0,'0000-00-00 00:00:00',0,'0000-00-00 00:00:00',0),(599,1,176,0,'Коми Республика','KO','11',30,0,1,'0000-00-00 00:00:00',0,'0000-00-00 00:00:00',0,'0000-00-00 00:00:00',0),(600,1,176,0,'Костромская область','KOS','44',31,0,1,'0000-00-00 00:00:00',0,'0000-00-00 00:00:00',0,'0000-00-00 00:00:00',0),(601,1,176,0,'Краснодарский край','KDA','23',32,0,1,'0000-00-00 00:00:00',0,'0000-00-00 00:00:00',0,'0000-00-00 00:00:00',0),(602,1,176,0,'Красноярский край','KIA','24',33,0,1,'0000-00-00 00:00:00',0,'0000-00-00 00:00:00',0,'0000-00-00 00:00:00',0),(603,1,176,0,'Курганская область','KGN','45',34,0,1,'0000-00-00 00:00:00',0,'0000-00-00 00:00:00',0,'0000-00-00 00:00:00',0),(604,1,176,0,'Курская область','KRS','46',35,0,1,'0000-00-00 00:00:00',0,'0000-00-00 00:00:00',0,'0000-00-00 00:00:00',0),(605,1,176,0,'Ленинградская область','LEN','47',36,0,1,'0000-00-00 00:00:00',0,'0000-00-00 00:00:00',0,'0000-00-00 00:00:00',0),(606,1,176,0,'Липецкая область','LIP','48',37,0,1,'0000-00-00 00:00:00',0,'0000-00-00 00:00:00',0,'0000-00-00 00:00:00',0),(607,1,176,0,'Магаданская область','MAG','49',38,0,1,'0000-00-00 00:00:00',0,'0000-00-00 00:00:00',0,'0000-00-00 00:00:00',0),(608,1,176,0,'Марий Эл Республика','ME','12',39,0,1,'0000-00-00 00:00:00',0,'0000-00-00 00:00:00',0,'0000-00-00 00:00:00',0),(609,1,176,0,'Мордовия Республика','MO','13',40,0,1,'0000-00-00 00:00:00',0,'0000-00-00 00:00:00',0,'0000-00-00 00:00:00',0),(610,1,176,0,'Москва','MOW','77',41,0,1,'0000-00-00 00:00:00',0,'0000-00-00 00:00:00',0,'0000-00-00 00:00:00',0),(611,1,176,0,'Московская область','MOS','50',42,0,1,'0000-00-00 00:00:00',0,'0000-00-00 00:00:00',0,'0000-00-00 00:00:00',0),(612,1,176,0,'Мурманская область','MUR','51',43,0,1,'0000-00-00 00:00:00',0,'0000-00-00 00:00:00',0,'0000-00-00 00:00:00',0),(613,1,176,0,'Ненецкий автономный округ','NEN','83',44,0,1,'0000-00-00 00:00:00',0,'0000-00-00 00:00:00',0,'0000-00-00 00:00:00',0),(614,1,176,0,'Нижегородская область','NIZ','52',45,0,1,'0000-00-00 00:00:00',0,'0000-00-00 00:00:00',0,'0000-00-00 00:00:00',0),(615,1,176,0,'Новгородская область','NGR','53',46,0,1,'0000-00-00 00:00:00',0,'0000-00-00 00:00:00',0,'0000-00-00 00:00:00',0),(616,1,176,0,'Новосибирская область','NVS','54',47,0,1,'0000-00-00 00:00:00',0,'0000-00-00 00:00:00',0,'0000-00-00 00:00:00',0),(617,1,176,0,'Омская область','OMS','55',48,0,1,'0000-00-00 00:00:00',0,'0000-00-00 00:00:00',0,'0000-00-00 00:00:00',0),(618,1,176,0,'Оренбургская область','ORE','56',49,0,1,'0000-00-00 00:00:00',0,'0000-00-00 00:00:00',0,'0000-00-00 00:00:00',0),(619,1,176,0,'Орловская область','ORL','57',50,0,1,'0000-00-00 00:00:00',0,'0000-00-00 00:00:00',0,'0000-00-00 00:00:00',0),(620,1,176,0,'Пензенская область','PNZ','58',51,0,1,'0000-00-00 00:00:00',0,'0000-00-00 00:00:00',0,'0000-00-00 00:00:00',0),(621,1,176,0,'Пермский край','PER','59',52,0,1,'0000-00-00 00:00:00',0,'0000-00-00 00:00:00',0,'0000-00-00 00:00:00',0),(622,1,176,0,'Приморский край','PRI','25',53,0,1,'0000-00-00 00:00:00',0,'0000-00-00 00:00:00',0,'0000-00-00 00:00:00',0),(623,1,176,0,'Псковская область','PSK','60',54,0,1,'0000-00-00 00:00:00',0,'0000-00-00 00:00:00',0,'0000-00-00 00:00:00',0),(624,1,176,0,'Ростовская область','ROS','61',55,0,1,'0000-00-00 00:00:00',0,'0000-00-00 00:00:00',0,'0000-00-00 00:00:00',0),(625,1,176,0,'Рязанская область','RYA','62',56,0,1,'0000-00-00 00:00:00',0,'0000-00-00 00:00:00',0,'0000-00-00 00:00:00',0),(626,1,176,0,'Самарская область','SAM','63',57,0,1,'0000-00-00 00:00:00',0,'0000-00-00 00:00:00',0,'0000-00-00 00:00:00',0),(627,1,176,0,'Санкт-Петербург','SPE','78',58,0,1,'0000-00-00 00:00:00',0,'0000-00-00 00:00:00',0,'0000-00-00 00:00:00',0),(628,1,176,0,'Саратовская область','SAR','64',59,0,1,'0000-00-00 00:00:00',0,'0000-00-00 00:00:00',0,'0000-00-00 00:00:00',0),(629,1,176,0,'Саха (Якутия) Республика','SA','14',60,0,1,'0000-00-00 00:00:00',0,'0000-00-00 00:00:00',0,'0000-00-00 00:00:00',0),(630,1,176,0,'Сахалинская область','SAK','65',61,0,1,'0000-00-00 00:00:00',0,'0000-00-00 00:00:00',0,'0000-00-00 00:00:00',0),(631,1,176,0,'Свердловская область','SVE','66',62,0,1,'0000-00-00 00:00:00',0,'0000-00-00 00:00:00',0,'0000-00-00 00:00:00',0),(632,1,176,0,'Северная Осетия-Алания Республика','SE','15',63,0,1,'0000-00-00 00:00:00',0,'0000-00-00 00:00:00',0,'0000-00-00 00:00:00',0),(633,1,176,0,'Смоленская область','SMO','67',64,0,1,'0000-00-00 00:00:00',0,'0000-00-00 00:00:00',0,'0000-00-00 00:00:00',0),(634,1,176,0,'Ставропольский край','STA','26',65,0,1,'0000-00-00 00:00:00',0,'0000-00-00 00:00:00',0,'0000-00-00 00:00:00',0),(635,1,176,0,'Тамбовская область','TAM','68',66,0,1,'0000-00-00 00:00:00',0,'0000-00-00 00:00:00',0,'0000-00-00 00:00:00',0),(636,1,176,0,'Татарстан Республика','TA','16',67,0,1,'0000-00-00 00:00:00',0,'0000-00-00 00:00:00',0,'0000-00-00 00:00:00',0),(637,1,176,0,'Тверская область','TVE','69',68,0,1,'0000-00-00 00:00:00',0,'0000-00-00 00:00:00',0,'0000-00-00 00:00:00',0),(638,1,176,0,'Томская область','TOM','70',69,0,1,'0000-00-00 00:00:00',0,'0000-00-00 00:00:00',0,'0000-00-00 00:00:00',0),(639,1,176,0,'Тульская область','TUL','71',70,0,1,'0000-00-00 00:00:00',0,'0000-00-00 00:00:00',0,'0000-00-00 00:00:00',0),(640,1,176,0,'Тыва Республика','TY','17',71,0,1,'0000-00-00 00:00:00',0,'0000-00-00 00:00:00',0,'0000-00-00 00:00:00',0),(641,1,176,0,'Тюменская область','TYU','72',72,0,1,'0000-00-00 00:00:00',0,'0000-00-00 00:00:00',0,'0000-00-00 00:00:00',0),(642,1,176,0,'Удмуртская Республика','UD','18',73,0,1,'0000-00-00 00:00:00',0,'0000-00-00 00:00:00',0,'0000-00-00 00:00:00',0),(643,1,176,0,'Ульяновская область','ULY','73',74,0,1,'0000-00-00 00:00:00',0,'0000-00-00 00:00:00',0,'0000-00-00 00:00:00',0),(644,1,176,0,'Хакасия Республика','KK','19',75,0,1,'0000-00-00 00:00:00',0,'0000-00-00 00:00:00',0,'0000-00-00 00:00:00',0),(645,1,176,0,'Челябинская область','CHE','74',76,0,1,'0000-00-00 00:00:00',0,'0000-00-00 00:00:00',0,'0000-00-00 00:00:00',0),(646,1,176,0,'Чеченская Республика','CE','20',77,0,1,'0000-00-00 00:00:00',0,'0000-00-00 00:00:00',0,'0000-00-00 00:00:00',0),(647,1,176,0,'Чувашская Республика','CU','21',78,0,1,'0000-00-00 00:00:00',0,'0000-00-00 00:00:00',0,'0000-00-00 00:00:00',0),(648,1,176,0,'Чукотский автономный округ','CHU','87',79,0,1,'0000-00-00 00:00:00',0,'0000-00-00 00:00:00',0,'0000-00-00 00:00:00',0),(649,1,176,0,'Хабаровский край','KHA','27',80,0,1,'0000-00-00 00:00:00',0,'0000-00-00 00:00:00',0,'0000-00-00 00:00:00',0),(650,1,176,0,'Ханты-Мансийский автономный округ','KHM','86',81,0,1,'0000-00-00 00:00:00',0,'0000-00-00 00:00:00',0,'0000-00-00 00:00:00',0),(651,1,176,0,'Ямало-Ненецкий автономный округ','YAN','89',82,0,1,'0000-00-00 00:00:00',0,'0000-00-00 00:00:00',0,'0000-00-00 00:00:00',0),(652,1,176,0,'Ярославская область','YAR','76',83,0,1,'0000-00-00 00:00:00',0,'0000-00-00 00:00:00',0,'0000-00-00 00:00:00',0),(653,1,209,0,'กระบี่','กบ','กบ',0,0,1,'0000-00-00 00:00:00',0,'0000-00-00 00:00:00',0,'0000-00-00 00:00:00',0),(654,1,209,0,'กรุงเทพมหานคร','กทม','กท',0,0,1,'0000-00-00 00:00:00',0,'0000-00-00 00:00:00',0,'0000-00-00 00:00:00',0),(655,1,209,0,'กาญจนบุรี','กจ','กจ',0,0,1,'0000-00-00 00:00:00',0,'0000-00-00 00:00:00',0,'0000-00-00 00:00:00',0),(656,1,209,0,'กาฬสินธุ์','กส','กส',0,0,1,'0000-00-00 00:00:00',0,'0000-00-00 00:00:00',0,'0000-00-00 00:00:00',0),(657,1,209,0,'กำแพงเพชร','กพ','กพ',0,0,1,'0000-00-00 00:00:00',0,'0000-00-00 00:00:00',0,'0000-00-00 00:00:00',0),(658,1,209,0,'ขอนแก่น','ขก','ขก',0,0,1,'0000-00-00 00:00:00',0,'0000-00-00 00:00:00',0,'0000-00-00 00:00:00',0),(659,1,209,0,'จันทบุรี','จบ','จบ',0,0,1,'0000-00-00 00:00:00',0,'0000-00-00 00:00:00',0,'0000-00-00 00:00:00',0),(660,1,209,0,'ฉะเชิงเทรา','ฉช','ฉช',0,0,1,'0000-00-00 00:00:00',0,'0000-00-00 00:00:00',0,'0000-00-00 00:00:00',0),(661,1,209,0,'ชลบุรี','ชบ','ชบ',0,0,1,'0000-00-00 00:00:00',0,'0000-00-00 00:00:00',0,'0000-00-00 00:00:00',0),(662,1,209,0,'ชัยนาท','ชน','ชน',0,0,1,'0000-00-00 00:00:00',0,'0000-00-00 00:00:00',0,'0000-00-00 00:00:00',0),(663,1,209,0,'ชัยภูมิ','ชย','ชย',0,0,1,'0000-00-00 00:00:00',0,'0000-00-00 00:00:00',0,'0000-00-00 00:00:00',0),(664,1,209,0,'ชุมพร','ชพ','ชพ',0,0,1,'0000-00-00 00:00:00',0,'0000-00-00 00:00:00',0,'0000-00-00 00:00:00',0),(665,1,209,0,'เชียงราย','ชร','ชร',0,0,1,'0000-00-00 00:00:00',0,'0000-00-00 00:00:00',0,'0000-00-00 00:00:00',0),(666,1,209,0,'เชียงใหม่','ชม','ชม',0,0,1,'0000-00-00 00:00:00',0,'0000-00-00 00:00:00',0,'0000-00-00 00:00:00',0),(667,1,209,0,'ตรัง','ตง','ตง',0,0,1,'0000-00-00 00:00:00',0,'0000-00-00 00:00:00',0,'0000-00-00 00:00:00',0),(668,1,209,0,'ตราด','ตร','ตร',0,0,1,'0000-00-00 00:00:00',0,'0000-00-00 00:00:00',0,'0000-00-00 00:00:00',0),(669,1,209,0,'ตาก','ตก','ตก',0,0,1,'0000-00-00 00:00:00',0,'0000-00-00 00:00:00',0,'0000-00-00 00:00:00',0),(670,1,209,0,'นครนายก','นย','นย',0,0,1,'0000-00-00 00:00:00',0,'0000-00-00 00:00:00',0,'0000-00-00 00:00:00',0),(671,1,209,0,'นครปฐม','นฐ','นฐ',0,0,1,'0000-00-00 00:00:00',0,'0000-00-00 00:00:00',0,'0000-00-00 00:00:00',0),(672,1,209,0,'นครพนม','นพ','นพ',0,0,1,'0000-00-00 00:00:00',0,'0000-00-00 00:00:00',0,'0000-00-00 00:00:00',0),(673,1,209,0,'นครราชสีมา','นม','นม',0,0,1,'0000-00-00 00:00:00',0,'0000-00-00 00:00:00',0,'0000-00-00 00:00:00',0),(674,1,209,0,'นครศรีธรรมราช','นศ','นศ',0,0,1,'0000-00-00 00:00:00',0,'0000-00-00 00:00:00',0,'0000-00-00 00:00:00',0),(675,1,209,0,'นครสวรรค์','นว','นว',0,0,1,'0000-00-00 00:00:00',0,'0000-00-00 00:00:00',0,'0000-00-00 00:00:00',0),(676,1,209,0,'นนทบุรี','นบ','นบ',0,0,1,'0000-00-00 00:00:00',0,'0000-00-00 00:00:00',0,'0000-00-00 00:00:00',0),(677,1,209,0,'นราธิวาส','นธ','นธ',0,0,1,'0000-00-00 00:00:00',0,'0000-00-00 00:00:00',0,'0000-00-00 00:00:00',0),(678,1,209,0,'น่าน','นน','นน',0,0,1,'0000-00-00 00:00:00',0,'0000-00-00 00:00:00',0,'0000-00-00 00:00:00',0),(679,1,209,0,'บุรีรัมย์','บร','บร',0,0,1,'0000-00-00 00:00:00',0,'0000-00-00 00:00:00',0,'0000-00-00 00:00:00',0),(680,1,209,0,'บึงกาฬ','บก','บก',0,0,1,'0000-00-00 00:00:00',0,'0000-00-00 00:00:00',0,'0000-00-00 00:00:00',0),(681,1,209,0,'ปทุมธานี','ปท','ปท',0,0,1,'0000-00-00 00:00:00',0,'0000-00-00 00:00:00',0,'0000-00-00 00:00:00',0),(682,1,209,0,'ประจวบคีรีขันธ์','ปข','ปข',0,0,1,'0000-00-00 00:00:00',0,'0000-00-00 00:00:00',0,'0000-00-00 00:00:00',0),(683,1,209,0,'ปราจีนบุรี','ปจ','ปจ',0,0,1,'0000-00-00 00:00:00',0,'0000-00-00 00:00:00',0,'0000-00-00 00:00:00',0),(684,1,209,0,'ปัตตานี','ปน','ปน',0,0,1,'0000-00-00 00:00:00',0,'0000-00-00 00:00:00',0,'0000-00-00 00:00:00',0),(685,1,209,0,'พระนครศรีอยุธยา','อย','อย',0,0,1,'0000-00-00 00:00:00',0,'0000-00-00 00:00:00',0,'0000-00-00 00:00:00',0),(686,1,209,0,'พังงา','พง','พง',0,0,1,'0000-00-00 00:00:00',0,'0000-00-00 00:00:00',0,'0000-00-00 00:00:00',0),(687,1,209,0,'พัทลุง','พท','พท',0,0,1,'0000-00-00 00:00:00',0,'0000-00-00 00:00:00',0,'0000-00-00 00:00:00',0),(688,1,209,0,'พิจิตร','พจ','พจ',0,0,1,'0000-00-00 00:00:00',0,'0000-00-00 00:00:00',0,'0000-00-00 00:00:00',0),(689,1,209,0,'พิษณุโลก','พล','พล',0,0,1,'0000-00-00 00:00:00',0,'0000-00-00 00:00:00',0,'0000-00-00 00:00:00',0),(690,1,209,0,'เพชรบุรี','พบ','พบ',0,0,1,'0000-00-00 00:00:00',0,'0000-00-00 00:00:00',0,'0000-00-00 00:00:00',0),(691,1,209,0,'เพชรบูรณ์','พช','พช',0,0,1,'0000-00-00 00:00:00',0,'0000-00-00 00:00:00',0,'0000-00-00 00:00:00',0),(692,1,209,0,'แพร่','พร','พร',0,0,1,'0000-00-00 00:00:00',0,'0000-00-00 00:00:00',0,'0000-00-00 00:00:00',0),(693,1,209,0,'พะเยา','พย','พย',0,0,1,'0000-00-00 00:00:00',0,'0000-00-00 00:00:00',0,'0000-00-00 00:00:00',0),(694,1,209,0,'ภูเก็ต','ภก','ภก',0,0,1,'0000-00-00 00:00:00',0,'0000-00-00 00:00:00',0,'0000-00-00 00:00:00',0),(695,1,209,0,'มหาสารคาม','มค','มค',0,0,1,'0000-00-00 00:00:00',0,'0000-00-00 00:00:00',0,'0000-00-00 00:00:00',0),(696,1,209,0,'แม่ฮ่องสอน','มส','มส',0,0,1,'0000-00-00 00:00:00',0,'0000-00-00 00:00:00',0,'0000-00-00 00:00:00',0),(697,1,209,0,'มุกดาหาร','มห','มห',0,0,1,'0000-00-00 00:00:00',0,'0000-00-00 00:00:00',0,'0000-00-00 00:00:00',0),(698,1,209,0,'ยะลา','ยล','ยล',0,0,1,'0000-00-00 00:00:00',0,'0000-00-00 00:00:00',0,'0000-00-00 00:00:00',0),(699,1,209,0,'ยโสธร','ยส','ยส',0,0,1,'0000-00-00 00:00:00',0,'0000-00-00 00:00:00',0,'0000-00-00 00:00:00',0),(700,1,209,0,'ร้อยเอ็ด','รอ','รอ',0,0,1,'0000-00-00 00:00:00',0,'0000-00-00 00:00:00',0,'0000-00-00 00:00:00',0),(701,1,209,0,'ระนอง','รน','รน',0,0,1,'0000-00-00 00:00:00',0,'0000-00-00 00:00:00',0,'0000-00-00 00:00:00',0),(702,1,209,0,'ระยอง','รย','รย',0,0,1,'0000-00-00 00:00:00',0,'0000-00-00 00:00:00',0,'0000-00-00 00:00:00',0),(703,1,209,0,'ราชบุรี','รบ','รบ',0,0,1,'0000-00-00 00:00:00',0,'0000-00-00 00:00:00',0,'0000-00-00 00:00:00',0),(704,1,209,0,'ลพบุรี','ลบ','ลบ',0,0,1,'0000-00-00 00:00:00',0,'0000-00-00 00:00:00',0,'0000-00-00 00:00:00',0),(705,1,209,0,'ลำปาง','ลป','ลป',0,0,1,'0000-00-00 00:00:00',0,'0000-00-00 00:00:00',0,'0000-00-00 00:00:00',0),(706,1,209,0,'ลำพูน','ลพ','ลพ',0,0,1,'0000-00-00 00:00:00',0,'0000-00-00 00:00:00',0,'0000-00-00 00:00:00',0),(707,1,209,0,'เลย','ลย','ลย',0,0,1,'0000-00-00 00:00:00',0,'0000-00-00 00:00:00',0,'0000-00-00 00:00:00',0),(708,1,209,0,'ศรีสะเกษ','ศก','ศก',0,0,1,'0000-00-00 00:00:00',0,'0000-00-00 00:00:00',0,'0000-00-00 00:00:00',0),(709,1,209,0,'สกลนคร','สน','สน',0,0,1,'0000-00-00 00:00:00',0,'0000-00-00 00:00:00',0,'0000-00-00 00:00:00',0),(710,1,209,0,'สงขลา','สข','สข',0,0,1,'0000-00-00 00:00:00',0,'0000-00-00 00:00:00',0,'0000-00-00 00:00:00',0),(711,1,209,0,'สตูล','สต','สต',0,0,1,'0000-00-00 00:00:00',0,'0000-00-00 00:00:00',0,'0000-00-00 00:00:00',0),(712,1,209,0,'สมุทรปราการ','สป','สป',0,0,1,'0000-00-00 00:00:00',0,'0000-00-00 00:00:00',0,'0000-00-00 00:00:00',0),(713,1,209,0,'สมุทรสงคราม','สส','สส',0,0,1,'0000-00-00 00:00:00',0,'0000-00-00 00:00:00',0,'0000-00-00 00:00:00',0),(714,1,209,0,'สมุทรสาคร','สค','สค',0,0,1,'0000-00-00 00:00:00',0,'0000-00-00 00:00:00',0,'0000-00-00 00:00:00',0),(715,1,209,0,'สระบุรี','สบ','สบ',0,0,1,'0000-00-00 00:00:00',0,'0000-00-00 00:00:00',0,'0000-00-00 00:00:00',0),(716,1,209,0,'สระแก้ว','สก','สก',0,0,1,'0000-00-00 00:00:00',0,'0000-00-00 00:00:00',0,'0000-00-00 00:00:00',0),(717,1,209,0,'สิงห์บุรี','สห','สห',0,0,1,'0000-00-00 00:00:00',0,'0000-00-00 00:00:00',0,'0000-00-00 00:00:00',0),(718,1,209,0,'สุโขทัย','สท','สท',0,0,1,'0000-00-00 00:00:00',0,'0000-00-00 00:00:00',0,'0000-00-00 00:00:00',0),(719,1,209,0,'สุพรรณบุรี','สพ','สพ',0,0,1,'0000-00-00 00:00:00',0,'0000-00-00 00:00:00',0,'0000-00-00 00:00:00',0),(720,1,209,0,'สุราษฎร์ธานี','สฎ','สฎ',0,0,1,'0000-00-00 00:00:00',0,'0000-00-00 00:00:00',0,'0000-00-00 00:00:00',0),(721,1,209,0,'สุรินทร์','สร','สร',0,0,1,'0000-00-00 00:00:00',0,'0000-00-00 00:00:00',0,'0000-00-00 00:00:00',0),(722,1,209,0,'หนองคาย','นค','นค',0,0,1,'0000-00-00 00:00:00',0,'0000-00-00 00:00:00',0,'0000-00-00 00:00:00',0),(723,1,209,0,'หนองบัวลำภู','นภ','นภ',0,0,1,'0000-00-00 00:00:00',0,'0000-00-00 00:00:00',0,'0000-00-00 00:00:00',0),(724,1,209,0,'อ่างทอง','อท','อท',0,0,1,'0000-00-00 00:00:00',0,'0000-00-00 00:00:00',0,'0000-00-00 00:00:00',0),(725,1,209,0,'อุดรธานี','อด','อด',0,0,1,'0000-00-00 00:00:00',0,'0000-00-00 00:00:00',0,'0000-00-00 00:00:00',0),(726,1,209,0,'อุตรดิตถ์','อต','อต',0,0,1,'0000-00-00 00:00:00',0,'0000-00-00 00:00:00',0,'0000-00-00 00:00:00',0),(727,1,209,0,'อุทัยธานี','อน','อน',0,0,1,'0000-00-00 00:00:00',0,'0000-00-00 00:00:00',0,'0000-00-00 00:00:00',0),(728,1,209,0,'อุบลราชธานี','อบ','อบ',0,0,1,'0000-00-00 00:00:00',0,'0000-00-00 00:00:00',0,'0000-00-00 00:00:00',0),(729,1,209,0,'อำนาจเจริญ','อจ','อจ',0,0,1,'0000-00-00 00:00:00',0,'0000-00-00 00:00:00',0,'0000-00-00 00:00:00',0);

--
-- Table structure for table `m9qyl_virtuemart_userfield_values`
--

CREATE TABLE `m9qyl_virtuemart_userfield_values` (
  `virtuemart_userfield_value_id` int(11) unsigned NOT NULL auto_increment,
  `virtuemart_userfield_id` smallint(1) unsigned NOT NULL default '0',
  `fieldtitle` char(255) NOT NULL default '',
  `fieldvalue` char(255) NOT NULL default '',
  `sys` tinyint(4) NOT NULL default '0',
  `ordering` int(2) NOT NULL default '0',
  `created_on` datetime NOT NULL default '0000-00-00 00:00:00',
  `created_by` int(11) NOT NULL default '0',
  `modified_on` datetime NOT NULL default '0000-00-00 00:00:00',
  `modified_by` int(11) NOT NULL default '0',
  `locked_on` datetime NOT NULL default '0000-00-00 00:00:00',
  `locked_by` int(11) NOT NULL default '0',
  PRIMARY KEY  (`virtuemart_userfield_value_id`)
) ENGINE=MyISAM AUTO_INCREMENT=20 DEFAULT CHARSET=utf8 COMMENT='Holds the different values for dropdown and radio lists';

--
-- Dumping data for table `m9qyl_virtuemart_userfield_values`
--

INSERT INTO `m9qyl_virtuemart_userfield_values` VALUES (1,10,'Mr','Mr',0,0,'0000-00-00 00:00:00',0,'0000-00-00 00:00:00',0,'0000-00-00 00:00:00',0),(2,10,'Mrs','Mrs',0,1,'0000-00-00 00:00:00',0,'0000-00-00 00:00:00',0,'0000-00-00 00:00:00',0),(3,26,'None','0',0,16,'0000-00-00 00:00:00',0,'0000-00-00 00:00:00',0,'0000-00-00 00:00:00',0),(4,26,'Non-resident (Canada)','R',0,0,'0000-00-00 00:00:00',0,'0000-00-00 00:00:00',0,'0000-00-00 00:00:00',0),(5,26,'Federal government (United States)','A',0,1,'0000-00-00 00:00:00',0,'0000-00-00 00:00:00',0,'0000-00-00 00:00:00',0),(6,26,'State government (United States)','B',0,2,'0000-00-00 00:00:00',0,'0000-00-00 00:00:00',0,'0000-00-00 00:00:00',0),(7,26,'Tribe / Status Indian / Indian Band (both)','C',0,3,'0000-00-00 00:00:00',0,'0000-00-00 00:00:00',0,'0000-00-00 00:00:00',0),(8,26,'Foreign diplomat (both)','D',0,4,'0000-00-00 00:00:00',0,'0000-00-00 00:00:00',0,'0000-00-00 00:00:00',0),(9,26,'Charitable or benevolent org (both)','E',0,5,'0000-00-00 00:00:00',0,'0000-00-00 00:00:00',0,'0000-00-00 00:00:00',0),(10,26,'Religious or educational org (both)','F',0,6,'0000-00-00 00:00:00',0,'0000-00-00 00:00:00',0,'0000-00-00 00:00:00',0),(11,26,'Resale (both)','G',0,7,'0000-00-00 00:00:00',0,'0000-00-00 00:00:00',0,'0000-00-00 00:00:00',0),(12,26,'Commercial agricultural production (both)','H',0,8,'0000-00-00 00:00:00',0,'0000-00-00 00:00:00',0,'0000-00-00 00:00:00',0),(13,26,'Industrial production / manufacturer (both)','I',0,9,'0000-00-00 00:00:00',0,'0000-00-00 00:00:00',0,'0000-00-00 00:00:00',0),(14,26,'Direct pay permit (United States)','J',0,10,'0000-00-00 00:00:00',0,'0000-00-00 00:00:00',0,'0000-00-00 00:00:00',0),(15,26,'Direct mail (United States)','K',0,11,'0000-00-00 00:00:00',0,'0000-00-00 00:00:00',0,'0000-00-00 00:00:00',0),(16,26,'Other (both)','L',0,12,'0000-00-00 00:00:00',0,'0000-00-00 00:00:00',0,'0000-00-00 00:00:00',0),(17,26,'Local government (United States)','N',0,13,'0000-00-00 00:00:00',0,'0000-00-00 00:00:00',0,'0000-00-00 00:00:00',0),(18,26,'Commercial aquaculture (Canada)','P',0,14,'0000-00-00 00:00:00',0,'0000-00-00 00:00:00',0,'0000-00-00 00:00:00',0),(19,26,'Commercial Fishery (Canada)','Q',0,15,'0000-00-00 00:00:00',0,'0000-00-00 00:00:00',0,'0000-00-00 00:00:00',0);

--
-- Table structure for table `m9qyl_virtuemart_userfields`
--

CREATE TABLE `m9qyl_virtuemart_userfields` (
  `virtuemart_userfield_id` smallint(1) unsigned NOT NULL auto_increment,
  `virtuemart_vendor_id` smallint(1) unsigned NOT NULL default '1',
  `userfield_jplugin_id` int(11) NOT NULL default '0',
  `name` char(50) NOT NULL default '',
  `title` char(255) NOT NULL default '',
  `description` mediumtext,
  `type` char(50) NOT NULL default '',
  `maxlength` int(11) default NULL,
  `size` int(11) default NULL,
  `required` tinyint(4) NOT NULL default '0',
  `cols` int(11) default NULL,
  `rows` int(11) default NULL,
  `value` char(50) default NULL,
  `default` char(255) default NULL,
  `registration` tinyint(1) NOT NULL default '0',
  `shipment` tinyint(1) NOT NULL default '0',
  `account` tinyint(1) NOT NULL default '1',
  `readonly` tinyint(1) NOT NULL default '0',
  `calculated` tinyint(1) NOT NULL default '0',
  `sys` tinyint(4) NOT NULL default '0',
  `params` varchar(18000) default NULL,
  `ordering` int(2) NOT NULL default '0',
  `shared` tinyint(1) NOT NULL default '0',
  `published` tinyint(1) NOT NULL default '1',
  `created_on` datetime NOT NULL default '0000-00-00 00:00:00',
  `created_by` int(11) NOT NULL default '0',
  `modified_on` datetime NOT NULL default '0000-00-00 00:00:00',
  `modified_by` int(11) NOT NULL default '0',
  `locked_on` datetime NOT NULL default '0000-00-00 00:00:00',
  `locked_by` int(11) NOT NULL default '0',
  PRIMARY KEY  (`virtuemart_userfield_id`),
  KEY `i_virtuemart_vendor_id` (`virtuemart_vendor_id`)
) ENGINE=MyISAM AUTO_INCREMENT=27 DEFAULT CHARSET=utf8 COMMENT='Holds the fields for the user information';

--
-- Dumping data for table `m9qyl_virtuemart_userfields`
--

INSERT INTO `m9qyl_virtuemart_userfields` VALUES (1,0,0,'email','COM_VIRTUEMART_REGISTER_EMAIL','','emailaddress',100,30,1,NULL,NULL,NULL,NULL,1,0,1,0,0,1,NULL,4,0,1,'0000-00-00 00:00:00',0,'0000-00-00 00:00:00',0,'0000-00-00 00:00:00',0),(2,0,0,'password','COM_VIRTUEMART_SHOPPER_FORM_PASSWORD_1','','password',25,30,1,NULL,NULL,NULL,NULL,1,0,1,0,0,1,NULL,10,0,1,'0000-00-00 00:00:00',0,'0000-00-00 00:00:00',0,'0000-00-00 00:00:00',0),(3,0,0,'password2','COM_VIRTUEMART_SHOPPER_FORM_PASSWORD_2','','password',25,30,1,NULL,NULL,NULL,NULL,1,0,1,0,0,1,NULL,12,0,1,'0000-00-00 00:00:00',0,'0000-00-00 00:00:00',0,'0000-00-00 00:00:00',0),(4,0,0,'agreed','COM_VIRTUEMART_I_AGREE_TO_TOS','','checkbox',NULL,NULL,1,NULL,NULL,NULL,NULL,1,0,1,0,0,1,NULL,13,0,1,'0000-00-00 00:00:00',0,'0000-00-00 00:00:00',0,'0000-00-00 00:00:00',0),(5,0,0,'name','COM_VIRTUEMART_USER_DISPLAYED_NAME','','text',25,30,1,0,0,'',NULL,1,0,1,0,0,1,'',8,0,1,'0000-00-00 00:00:00',0,'0000-00-00 00:00:00',0,'0000-00-00 00:00:00',0),(6,0,0,'username','COM_VIRTUEMART_USERNAME','','text',25,30,1,0,0,'',NULL,1,0,1,0,0,1,'',6,0,1,'0000-00-00 00:00:00',0,'0000-00-00 00:00:00',0,'0000-00-00 00:00:00',0),(7,0,0,'address_type_name','COM_VIRTUEMART_USER_FORM_ADDRESS_LABEL','','text',32,30,1,NULL,NULL,NULL,NULL,0,1,0,0,0,1,NULL,16,0,1,'0000-00-00 00:00:00',0,'0000-00-00 00:00:00',0,'0000-00-00 00:00:00',0),(8,0,0,'delimiter_billto','COM_VIRTUEMART_USER_FORM_BILLTO_LBL','','delimiter',25,30,0,NULL,NULL,NULL,NULL,1,0,1,0,0,0,NULL,18,0,1,'0000-00-00 00:00:00',0,'0000-00-00 00:00:00',0,'0000-00-00 00:00:00',0),(9,0,0,'company','COM_VIRTUEMART_SHOPPER_FORM_COMPANY_NAME','','text',64,30,0,NULL,NULL,NULL,NULL,1,1,1,0,0,1,NULL,20,0,1,'0000-00-00 00:00:00',0,'0000-00-00 00:00:00',0,'0000-00-00 00:00:00',0),(10,0,0,'title','COM_VIRTUEMART_SHOPPER_FORM_TITLE','','select',0,0,0,NULL,NULL,NULL,NULL,1,0,1,0,0,1,NULL,22,0,1,'0000-00-00 00:00:00',0,'0000-00-00 00:00:00',0,'0000-00-00 00:00:00',0),(11,0,0,'first_name','COM_VIRTUEMART_SHOPPER_FORM_FIRST_NAME','','text',32,30,1,NULL,NULL,NULL,NULL,1,1,1,0,0,1,NULL,24,0,1,'0000-00-00 00:00:00',0,'0000-00-00 00:00:00',0,'0000-00-00 00:00:00',0),(12,0,0,'middle_name','COM_VIRTUEMART_SHOPPER_FORM_MIDDLE_NAME','','text',32,30,0,NULL,NULL,NULL,NULL,1,1,1,0,0,1,NULL,26,0,1,'0000-00-00 00:00:00',0,'0000-00-00 00:00:00',0,'0000-00-00 00:00:00',0),(13,0,0,'last_name','COM_VIRTUEMART_SHOPPER_FORM_LAST_NAME','','text',32,30,1,NULL,NULL,NULL,NULL,1,1,1,0,0,1,NULL,28,0,1,'0000-00-00 00:00:00',0,'0000-00-00 00:00:00',0,'0000-00-00 00:00:00',0),(14,0,0,'address_1','COM_VIRTUEMART_SHOPPER_FORM_ADDRESS_1','','text',64,30,1,NULL,NULL,NULL,NULL,1,1,1,0,0,1,NULL,30,0,1,'0000-00-00 00:00:00',0,'0000-00-00 00:00:00',0,'0000-00-00 00:00:00',0),(15,0,0,'address_2','COM_VIRTUEMART_SHOPPER_FORM_ADDRESS_2','','text',64,30,0,NULL,NULL,NULL,NULL,1,1,1,0,0,1,NULL,32,0,1,'0000-00-00 00:00:00',0,'0000-00-00 00:00:00',0,'0000-00-00 00:00:00',0),(16,0,0,'zip','COM_VIRTUEMART_SHOPPER_FORM_ZIP','','text',32,30,1,NULL,NULL,NULL,NULL,1,1,1,0,0,1,NULL,34,0,1,'0000-00-00 00:00:00',0,'0000-00-00 00:00:00',0,'0000-00-00 00:00:00',0),(17,0,0,'city','COM_VIRTUEMART_SHOPPER_FORM_CITY','','text',32,30,1,NULL,NULL,NULL,NULL,1,1,1,0,0,1,NULL,36,0,1,'0000-00-00 00:00:00',0,'0000-00-00 00:00:00',0,'0000-00-00 00:00:00',0),(18,0,0,'virtuemart_country_id','COM_VIRTUEMART_SHOPPER_FORM_COUNTRY','','select',0,0,1,NULL,NULL,NULL,NULL,1,1,1,0,0,1,NULL,38,0,1,'0000-00-00 00:00:00',0,'0000-00-00 00:00:00',0,'0000-00-00 00:00:00',0),(19,0,0,'virtuemart_state_id','COM_VIRTUEMART_SHOPPER_FORM_STATE','','select',0,0,1,NULL,NULL,NULL,NULL,1,1,1,0,0,1,NULL,40,0,1,'0000-00-00 00:00:00',0,'0000-00-00 00:00:00',0,'0000-00-00 00:00:00',0),(20,0,0,'phone_1','COM_VIRTUEMART_SHOPPER_FORM_PHONE','','text',32,30,0,NULL,NULL,NULL,NULL,1,1,1,0,0,1,NULL,42,0,1,'0000-00-00 00:00:00',0,'0000-00-00 00:00:00',0,'0000-00-00 00:00:00',0),(21,0,0,'phone_2','COM_VIRTUEMART_SHOPPER_FORM_PHONE2','','text',32,30,0,NULL,NULL,NULL,NULL,1,1,1,0,0,1,NULL,44,0,1,'0000-00-00 00:00:00',0,'0000-00-00 00:00:00',0,'0000-00-00 00:00:00',0),(22,0,0,'fax','COM_VIRTUEMART_SHOPPER_FORM_FAX','','text',32,30,0,NULL,NULL,NULL,NULL,1,1,1,0,0,1,NULL,46,0,1,'0000-00-00 00:00:00',0,'0000-00-00 00:00:00',0,'0000-00-00 00:00:00',0),(23,0,0,'delimiter_sendregistration','COM_VIRTUEMART_BUTTON_SEND_REG','','delimiter',25,30,0,NULL,NULL,NULL,NULL,0,0,0,0,0,0,NULL,2,0,1,'0000-00-00 00:00:00',0,'0000-00-00 00:00:00',0,'0000-00-00 00:00:00',0),(24,0,0,'delimiter_userinfo','COM_VIRTUEMART_ORDER_PRINT_CUST_INFO_LBL','','delimiter',NULL,NULL,0,NULL,NULL,NULL,NULL,1,0,1,0,0,0,NULL,14,0,1,'0000-00-00 00:00:00',0,'0000-00-00 00:00:00',0,'0000-00-00 00:00:00',0),(25,1,0,'tax_exemption_number','COM_VIRTUEMART_SHOPPER_FORM_TAXEXEMPTION_NBR','Vendors can set here a tax exemption number for a shopper. This field is only changeable by administrators.','text',10,0,0,0,0,NULL,NULL,0,0,1,1,0,0,NULL,48,0,0,'0000-00-00 00:00:00',0,'0000-00-00 00:00:00',0,'0000-00-00 00:00:00',0),(26,1,0,'tax_usage_type','COM_VIRTUEMART_SHOPPER_FORM_TAX_USAGE','Federal, national, educational, public, or similar often get a special tax. This field is only writable by administrators.','select',0,0,0,0,0,NULL,NULL,0,0,1,1,0,0,NULL,50,0,0,'0000-00-00 00:00:00',0,'0000-00-00 00:00:00',0,'0000-00-00 00:00:00',0);

--
-- Table structure for table `m9qyl_virtuemart_userinfos`
--

CREATE TABLE `m9qyl_virtuemart_userinfos` (
  `virtuemart_userinfo_id` int(1) unsigned NOT NULL auto_increment,
  `virtuemart_user_id` int(1) unsigned NOT NULL default '0',
  `address_type` char(2) NOT NULL default '',
  `address_type_name` char(32) NOT NULL default '',
  `name` char(64) default NULL,
  `company` char(64) default NULL,
  `title` char(32) default NULL,
  `last_name` char(32) default NULL,
  `first_name` char(32) default NULL,
  `middle_name` char(32) default NULL,
  `phone_1` char(24) default NULL,
  `phone_2` char(24) default NULL,
  `fax` char(24) default NULL,
  `address_1` char(64) NOT NULL default '',
  `address_2` char(64) default NULL,
  `city` char(32) NOT NULL default '',
  `virtuemart_state_id` smallint(1) unsigned NOT NULL default '0',
  `virtuemart_country_id` smallint(1) unsigned NOT NULL default '0',
  `zip` char(32) NOT NULL default '',
  `agreed` tinyint(1) NOT NULL default '0',
  `created_on` datetime NOT NULL default '0000-00-00 00:00:00',
  `created_by` int(11) NOT NULL default '0',
  `modified_on` datetime NOT NULL default '0000-00-00 00:00:00',
  `modified_by` int(11) NOT NULL default '0',
  `locked_on` datetime NOT NULL default '0000-00-00 00:00:00',
  `locked_by` int(11) NOT NULL default '0',
  PRIMARY KEY  (`virtuemart_userinfo_id`),
  KEY `idx_userinfo_virtuemart_user_id` (`virtuemart_userinfo_id`,`virtuemart_user_id`)
) ENGINE=MyISAM DEFAULT CHARSET=utf8 COMMENT='Customer Information, BT = BillTo and ST = ShipTo';

--
-- Dumping data for table `m9qyl_virtuemart_userinfos`
--


--
-- Table structure for table `m9qyl_virtuemart_vendor_medias`
--

CREATE TABLE `m9qyl_virtuemart_vendor_medias` (
  `id` smallint(1) unsigned NOT NULL auto_increment,
  `virtuemart_vendor_id` smallint(1) unsigned NOT NULL default '0',
  `virtuemart_media_id` int(1) unsigned NOT NULL default '0',
  `ordering` int(2) NOT NULL default '0',
  PRIMARY KEY  (`id`),
  UNIQUE KEY `i_virtuemart_vendor_id` (`virtuemart_vendor_id`,`virtuemart_media_id`)
) ENGINE=MyISAM DEFAULT CHARSET=utf8;

--
-- Dumping data for table `m9qyl_virtuemart_vendor_medias`
--


--
-- Table structure for table `m9qyl_virtuemart_vendors`
--

CREATE TABLE `m9qyl_virtuemart_vendors` (
  `virtuemart_vendor_id` smallint(1) unsigned NOT NULL auto_increment,
  `vendor_name` char(64) default NULL,
  `vendor_currency` int(11) default NULL,
  `vendor_accepted_currencies` varchar(1536) NOT NULL default '',
  `vendor_params` varchar(17000) default NULL,
  `created_on` datetime NOT NULL default '0000-00-00 00:00:00',
  `created_by` int(11) NOT NULL default '0',
  `modified_on` datetime NOT NULL default '0000-00-00 00:00:00',
  `modified_by` int(11) NOT NULL default '0',
  `locked_on` datetime NOT NULL default '0000-00-00 00:00:00',
  `locked_by` int(11) NOT NULL default '0',
  PRIMARY KEY  (`virtuemart_vendor_id`),
  KEY `idx_vendor_name` (`vendor_name`)
) ENGINE=MyISAM DEFAULT CHARSET=utf8 COMMENT='Vendors manage their products in your store';

--
-- Dumping data for table `m9qyl_virtuemart_vendors`
--


--
-- Table structure for table `m9qyl_virtuemart_vendors_en_gb`
--

CREATE TABLE `m9qyl_virtuemart_vendors_en_gb` (
  `virtuemart_vendor_id` int(1) unsigned NOT NULL,
  `vendor_store_desc` text NOT NULL,
  `vendor_terms_of_service` text NOT NULL,
  `vendor_legal_info` text NOT NULL,
  `vendor_store_name` char(180) NOT NULL default '',
  `vendor_phone` char(26) NOT NULL default '',
  `vendor_url` char(255) NOT NULL default '',
  `slug` char(192) NOT NULL default '',
  PRIMARY KEY  (`virtuemart_vendor_id`),
  UNIQUE KEY `slug` (`slug`)
) ENGINE=MyISAM DEFAULT CHARSET=utf8;

--
-- Dumping data for table `m9qyl_virtuemart_vendors_en_gb`
--


--
-- Table structure for table `m9qyl_virtuemart_vmuser_shoppergroups`
--

CREATE TABLE `m9qyl_virtuemart_vmuser_shoppergroups` (
  `id` int(11) unsigned NOT NULL auto_increment,
  `virtuemart_user_id` int(1) unsigned NOT NULL default '0',
  `virtuemart_shoppergroup_id` smallint(1) unsigned NOT NULL default '0',
  PRIMARY KEY  (`id`),
  UNIQUE KEY `i_virtuemart_user_id` (`virtuemart_user_id`,`virtuemart_shoppergroup_id`)
) ENGINE=MyISAM DEFAULT CHARSET=utf8 COMMENT='xref table for users to shopper group';

--
-- Dumping data for table `m9qyl_virtuemart_vmuser_shoppergroups`
--


--
-- Table structure for table `m9qyl_virtuemart_vmusers`
--

CREATE TABLE `m9qyl_virtuemart_vmusers` (
  `virtuemart_user_id` int(11) unsigned NOT NULL auto_increment,
  `virtuemart_vendor_id` smallint(1) unsigned NOT NULL default '0',
  `user_is_vendor` tinyint(1) NOT NULL default '0',
  `customer_number` char(32) default NULL,
  `perms` char(40) NOT NULL default 'shopper',
  `virtuemart_paymentmethod_id` mediumint(1) unsigned default NULL,
  `virtuemart_shipmentmethod_id` mediumint(1) unsigned default NULL,
  `agreed` tinyint(1) NOT NULL default '0',
  `created_on` datetime NOT NULL default '0000-00-00 00:00:00',
  `created_by` int(11) NOT NULL default '0',
  `modified_on` datetime NOT NULL default '0000-00-00 00:00:00',
  `modified_by` int(11) NOT NULL default '0',
  `locked_on` datetime NOT NULL default '0000-00-00 00:00:00',
  `locked_by` int(11) NOT NULL default '0',
  PRIMARY KEY  (`virtuemart_user_id`),
  UNIQUE KEY `i_virtuemart_user_id` (`virtuemart_user_id`,`virtuemart_vendor_id`),
  KEY `i_virtuemart_vendor_id` (`virtuemart_vendor_id`)
) ENGINE=MyISAM AUTO_INCREMENT=889 DEFAULT CHARSET=utf8 COMMENT='Holds the unique user data';

--
-- Dumping data for table `m9qyl_virtuemart_vmusers`
--

INSERT INTO `m9qyl_virtuemart_vmusers` VALUES (888,1,1,NULL,'admin',NULL,NULL,0,'0000-00-00 00:00:00',0,'0000-00-00 00:00:00',0,'0000-00-00 00:00:00',0);

--
-- Table structure for table `m9qyl_virtuemart_waitingusers`
--

CREATE TABLE `m9qyl_virtuemart_waitingusers` (
  `virtuemart_waitinguser_id` int(11) unsigned NOT NULL auto_increment,
  `virtuemart_product_id` int(1) unsigned NOT NULL default '0',
  `virtuemart_user_id` int(1) unsigned NOT NULL default '0',
  `notify_email` char(150) NOT NULL default '',
  `notified` tinyint(1) NOT NULL default '0',
  `notify_date` timestamp NOT NULL default CURRENT_TIMESTAMP on update CURRENT_TIMESTAMP,
  `ordering` int(2) NOT NULL default '0',
  `created_on` datetime NOT NULL default '0000-00-00 00:00:00',
  `created_by` int(11) NOT NULL default '0',
  `modified_on` datetime NOT NULL default '0000-00-00 00:00:00',
  `modified_by` int(11) NOT NULL default '0',
  `locked_on` datetime NOT NULL default '0000-00-00 00:00:00',
  `locked_by` int(11) NOT NULL default '0',
  PRIMARY KEY  (`virtuemart_waitinguser_id`),
  KEY `virtuemart_product_id` (`virtuemart_product_id`),
  KEY `notify_email` (`notify_email`)
) ENGINE=MyISAM DEFAULT CHARSET=utf8 COMMENT='Stores notifications, users waiting f. products out of stock';

--
-- Dumping data for table `m9qyl_virtuemart_waitingusers`
--


--
-- Table structure for table `m9qyl_virtuemart_worldzones`
--

CREATE TABLE `m9qyl_virtuemart_worldzones` (
  `virtuemart_worldzone_id` smallint(1) unsigned NOT NULL auto_increment,
  `virtuemart_vendor_id` smallint(1) default NULL,
  `zone_name` char(255) default NULL,
  `zone_cost` decimal(10,2) default NULL,
  `zone_limit` decimal(10,2) default NULL,
  `zone_description` varchar(18000) default NULL,
  `zone_tax_rate` int(1) unsigned NOT NULL default '0',
  `ordering` int(2) NOT NULL default '0',
  `shared` tinyint(1) NOT NULL default '0',
  `published` tinyint(1) NOT NULL default '1',
  `created_on` datetime NOT NULL default '0000-00-00 00:00:00',
  `created_by` int(11) NOT NULL default '0',
  `modified_on` datetime NOT NULL default '0000-00-00 00:00:00',
  `modified_by` int(11) NOT NULL default '0',
  `locked_on` datetime NOT NULL default '0000-00-00 00:00:00',
  `locked_by` int(11) NOT NULL default '0',
  PRIMARY KEY  (`virtuemart_worldzone_id`),
  KEY `i_virtuemart_vendor_id` (`virtuemart_vendor_id`)
) ENGINE=MyISAM DEFAULT CHARSET=utf8 COMMENT='The Zones managed by the Zone Shipment Module';

--
-- Dumping data for table `m9qyl_virtuemart_worldzones`
--


--
-- Table structure for table `m9qyl_weblinks`
--

CREATE TABLE `m9qyl_weblinks` (
  `id` int(10) unsigned NOT NULL auto_increment,
  `catid` int(11) NOT NULL default '0',
  `sid` int(11) NOT NULL default '0',
  `title` varchar(250) NOT NULL default '',
  `alias` varchar(255) character set utf8 collate utf8_bin NOT NULL default '',
  `url` varchar(250) NOT NULL default '',
  `description` text NOT NULL,
  `date` datetime NOT NULL default '0000-00-00 00:00:00',
  `hits` int(11) NOT NULL default '0',
  `state` tinyint(1) NOT NULL default '0',
  `checked_out` int(11) NOT NULL default '0',
  `checked_out_time` datetime NOT NULL default '0000-00-00 00:00:00',
  `ordering` int(11) NOT NULL default '0',
  `archived` tinyint(1) NOT NULL default '0',
  `approved` tinyint(1) NOT NULL default '1',
  `access` int(11) NOT NULL default '1',
  `params` text NOT NULL,
  `language` char(7) NOT NULL default '',
  `created` datetime NOT NULL default '0000-00-00 00:00:00',
  `created_by` int(10) unsigned NOT NULL default '0',
  `created_by_alias` varchar(255) NOT NULL default '',
  `modified` datetime NOT NULL default '0000-00-00 00:00:00',
  `modified_by` int(10) unsigned NOT NULL default '0',
  `metakey` text NOT NULL,
  `metadesc` text NOT NULL,
  `metadata` text NOT NULL,
  `featured` tinyint(3) unsigned NOT NULL default '0' COMMENT 'Set if link is featured.',
  `xreference` varchar(50) NOT NULL COMMENT 'A reference to enable linkages to external data sets.',
  `publish_up` datetime NOT NULL default '0000-00-00 00:00:00',
  `publish_down` datetime NOT NULL default '0000-00-00 00:00:00',
  PRIMARY KEY  (`id`),
  KEY `idx_access` (`access`),
  KEY `idx_checkout` (`checked_out`),
  KEY `idx_state` (`state`),
  KEY `idx_catid` (`catid`),
  KEY `idx_createdby` (`created_by`),
  KEY `idx_featured_catid` (`featured`,`catid`),
  KEY `idx_language` (`language`),
  KEY `idx_xreference` (`xreference`)
) ENGINE=MyISAM AUTO_INCREMENT=10 DEFAULT CHARSET=utf8;

--
-- Dumping data for table `m9qyl_weblinks`
--

INSERT INTO `m9qyl_weblinks` VALUES (1,32,0,'Joomla!','joomla','http://www.joomla.org','<p>Home of Joomla!</p>','0000-00-00 00:00:00',3,1,0,'0000-00-00 00:00:00',1,0,1,1,'{\"target\":\"0\",\"count_clicks\":\"\"}','en-GB','2011-01-01 00:00:01',888,'','2011-01-01 00:00:01',42,'','','{\"robots\":\"\",\"author\":\"\",\"rights\":\"\"}',0,'','0000-00-00 00:00:00','0000-00-00 00:00:00'),(2,33,0,'php.net','php','http://www.php.net','<p>The language that Joomla! is developed in</p>','0000-00-00 00:00:00',6,1,0,'0000-00-00 00:00:00',1,0,1,1,'{\"target\":\"\",\"count_clicks\":\"\"}','en-GB','2011-01-01 00:00:01',888,'','2011-01-01 00:00:01',42,'','','{\"robots\":\"\",\"author\":\"\",\"rights\":\"\"}',0,'','0000-00-00 00:00:00','0000-00-00 00:00:00'),(3,33,0,'MySQL','mysql','http://www.mysql.com','<p>The most commonly used database for Joomla!.</p>','0000-00-00 00:00:00',1,1,0,'0000-00-00 00:00:00',2,0,1,1,'{\"target\":\"\",\"width\":\"\",\"height\":\"\",\"count_clicks\":\"\"}','en-GB','2011-01-01 00:00:01',888,'','2012-01-17 16:19:43',42,'','','{\"robots\":\"\",\"rights\":\"\"}',0,'','0000-00-00 00:00:00','0000-00-00 00:00:00'),(4,32,0,'OpenSourceMatters','opensourcematters','http://www.opensourcematters.org','<p>Home of OSM</p>','0000-00-00 00:00:00',11,1,0,'0000-00-00 00:00:00',3,0,1,1,'{\"target\":\"0\",\"count_clicks\":\"\"}','en-GB','2011-01-01 00:00:01',888,'','2011-01-01 00:00:01',42,'','','{\"robots\":\"\",\"author\":\"\",\"rights\":\"\"}',0,'','0000-00-00 00:00:00','0000-00-00 00:00:00'),(5,32,0,'Joomla! - Forums','joomla-forums','http://forum.joomla.org','<p>Joomla! Forums</p>','0000-00-00 00:00:00',4,1,0,'0000-00-00 00:00:00',2,0,1,1,'{\"target\":\"0\",\"count_clicks\":\"\"}','en-GB','2011-01-01 00:00:01',888,'','2011-01-01 00:00:01',42,'','','{\"robots\":\"\",\"author\":\"\",\"rights\":\"\"}',0,'','0000-00-00 00:00:00','0000-00-00 00:00:00'),(6,33,0,'Ohloh Tracking of Joomla!','ohloh-tracking-of-joomla','http://www.ohloh.net/projects/20','<p>Objective reports from Ohloh about Joomla\'s development activity. Joomla! has some star developers with serious kudos.</p>','0000-00-00 00:00:00',1,1,0,'0000-00-00 00:00:00',3,0,1,1,'{\"target\":\"0\",\"count_clicks\":\"\"}','en-GB','2011-01-01 00:00:01',888,'','2011-01-01 00:00:01',42,'','','{\"robots\":\"\",\"author\":\"\",\"rights\":\"\"}',0,'','0000-00-00 00:00:00','0000-00-00 00:00:00'),(7,31,0,'Baw Baw National Park','baw-baw-national-park','http://www.parkweb.vic.gov.au/1park_display.cfm?park=44','<p>Park of the Austalian Alps National Parks system, Baw Baw  features sub alpine vegetation, beautiful views, and opportunities for hiking, skiing and other outdoor activities.</p>','0000-00-00 00:00:00',0,1,0,'0000-00-00 00:00:00',1,0,1,1,'{\"target\":\"0\",\"count_clicks\":\"\"}','en-GB','2011-01-01 00:00:01',888,'','2011-01-01 00:00:01',42,'','','{\"robots\":\"\",\"author\":\"\",\"rights\":\"\"}',0,'','0000-00-00 00:00:00','0000-00-00 00:00:00'),(8,31,0,'Kakadu','kakadu','http://www.environment.gov.au/parks/kakadu/index.html','<p>Kakadu is known for both its cultural heritage and its natural features. It is one of a small number of places listed as World Heritage Places for both reasons. Extensive rock art is found there.</p>','0000-00-00 00:00:00',0,1,0,'0000-00-00 00:00:00',2,0,1,1,'{\"target\":\"0\",\"count_clicks\":\"\"}','en-GB','2011-01-01 00:00:01',888,'','2011-01-01 00:00:01',42,'','','{\"robots\":\"\",\"author\":\"\",\"rights\":\"\"}',0,'','0000-00-00 00:00:00','0000-00-00 00:00:00'),(9,31,0,'Pulu Keeling','pulu-keeling','http://www.environment.gov.au/parks/cocos/index.html','<p>Located on an atoll 2000 kilometers north of Perth, Pulu Keeling is Australia\'s smallest national park.</p>','0000-00-00 00:00:00',0,1,0,'0000-00-00 00:00:00',3,0,1,1,'{\"target\":\"0\",\"count_clicks\":\"\"}','en-GB','2011-01-01 00:00:01',888,'','2011-01-01 00:00:01',42,'','','{\"robots\":\"\",\"author\":\"\",\"rights\":\"\"}',0,'','2010-07-10 23:44:03','0000-00-00 00:00:00');


